216.244.66.199 - - [17/Nov/2025:07:59:07 -0500] "GET /xxgklal251924tetidm27kkt HTTP/1.1" 404 1251 "-" "Mozilla/5.0 (compatible; DotBot/1.2; +https://opensiteexplorer.org/dotbot; help@moz.com)"
216.244.66.199 - - [17/Nov/2025:07:59:08 -0500] "GET /xzgmwmk173456tetidm1 HTTP/1.1" 404 1251 "-" "Mozilla/5.0 (compatible; DotBot/1.2; +https://opensiteexplorer.org/dotbot; help@moz.com)"
216.244.66.199 - - [17/Nov/2025:07:59:09 -0500] "GET /yjhuwtp253017uetidm22.html HTTP/1.1" 404 1251 "-" "Mozilla/5.0 (compatible; DotBot/1.2; +https://opensiteexplorer.org/dotbot; help@moz.com)"
216.244.66.199 - - [17/Nov/2025:07:59:09 -0500] "GET /yjhuwtp34357uitems/eti.htm HTTP/1.1" 404 1251 "-" "Mozilla/5.0 (compatible; DotBot/1.2; +https://opensiteexplorer.org/dotbot; help@moz.com)"
216.244.66.199 - - [17/Nov/2025:07:59:09 -0500] "GET /ymhjzcm259153uitems/etidm69.htm HTTP/1.1" 404 1251 "-" "Mozilla/5.0 (compatible; DotBot/1.2; +https://opensiteexplorer.org/dotbot; help@moz.com)"
216.244.66.199 - - [17/Nov/2025:07:59:10 -0500] "GET /yohduwb196207uitems/etidm.htm HTTP/1.1" 404 1251 "-" "Mozilla/5.0 (compatible; DotBot/1.2; +https://opensiteexplorer.org/dotbot; help@moz.com)"
216.244.66.199 - - [17/Nov/2025:07:59:11 -0500] "GET /ywhejul195141ueti.html HTTP/1.1" 404 1251 "-" "Mozilla/5.0 (compatible; DotBot/1.2; +https://opensiteexplorer.org/dotbot; help@moz.com)"
216.244.66.199 - - [17/Nov/2025:07:59:12 -0500] "GET /ywhejul239029uitems/eti.htm HTTP/1.1" 404 1251 "-" "Mozilla/5.0 (compatible; DotBot/1.2; +https://opensiteexplorer.org/dotbot; help@moz.com)"
3.235.215.92 - - [17/Nov/2025:07:59:00 -0500] "GET /wp-includes/block-supports/aduot.php?path=//proc/thread-self/root/proc/thread-self/root/proc/thread-self/root/proc/self/root/lib/firmware/nvidia/ga104 HTTP/1.1" 200 1875 "-" "Mozilla/5.0 AppleWebKit/537.36 (KHTML, like Gecko; compatible; Amazonbot/0.1; +https://developer.amazon.com/support/amazonbot) Chrome/119.0.6045.214 Safari/537.36"
216.244.66.199 - - [17/Nov/2025:07:59:00 -0500] "GET /wjfmwmk298385sitems/etidm41 HTTP/1.1" 404 1251 "-" "Mozilla/5.0 (compatible; DotBot/1.2; +https://opensiteexplorer.org/dotbot; help@moz.com)"
216.244.66.199 - - [17/Nov/2025:07:59:00 -0500] "GET /wrfceiw235673sitems/etidm69 HTTP/1.1" 404 1251 "-" "Mozilla/5.0 (compatible; DotBot/1.2; +https://opensiteexplorer.org/dotbot; help@moz.com)"
85.208.96.211 - - [17/Nov/2025:07:59:00 -0500] "GET /xpgceiw39764tetidm98kct HTTP/1.1" 404 1251 "-" "Mozilla/5.0 (compatible; SemrushBot/7~bl; +http://www.semrush.com/bot.html)"
216.244.66.199 - - [17/Nov/2025:07:59:03 -0500] "GET /xighhvt90438titems/etid.html HTTP/1.1" 404 1251 "-" "Mozilla/5.0 (compatible; DotBot/1.2; +https://opensiteexplorer.org/dotbot; help@moz.com)"
216.244.66.199 - - [17/Nov/2025:07:59:03 -0500] "GET /xjgduwb9370tetidm43k.htm HTTP/1.1" 404 1251 "-" "Mozilla/5.0 (compatible; DotBot/1.2; +https://opensiteexplorer.org/dotbot; help@moz.com)"
216.244.66.199 - - [17/Nov/2025:07:59:04 -0500] "GET /xjgwqyg11632tetidm6.htm HTTP/1.1" 404 1251 "-" "Mozilla/5.0 (compatible; DotBot/1.2; +https://opensiteexplorer.org/dotbot; help@moz.com)"
216.244.66.199 - - [17/Nov/2025:07:59:04 -0500] "GET /xjgwqyg208192tetidm2.htm HTTP/1.1" 404 1251 "-" "Mozilla/5.0 (compatible; DotBot/1.2; +https://opensiteexplorer.org/dotbot; help@moz.com)"
216.244.66.199 - - [17/Nov/2025:07:59:05 -0500] "GET /xogcobl90386tetidm83k HTTP/1.1" 404 1251 "-" "Mozilla/5.0 (compatible; DotBot/1.2; +https://opensiteexplorer.org/dotbot; help@moz.com)"
216.244.66.199 - - [17/Nov/2025:07:59:05 -0500] "GET /xpgcobl85212titems/etidm16kct.html HTTP/1.1" 404 1251 "-" "Mozilla/5.0 (compatible; DotBot/1.2; +https://opensiteexplorer.org/dotbot; help@moz.com)"
216.244.66.199 - - [17/Nov/2025:07:59:06 -0500] "GET /xqgduwb316976tetidm9 HTTP/1.1" 404 1251 "-" "Mozilla/5.0 (compatible; DotBot/1.2; +https://opensiteexplorer.org/dotbot; help@moz.com)"
216.244.66.199 - - [17/Nov/2025:07:59:07 -0500] "GET /xzgmwmk143062tetid.htm HTTP/1.1" 404 1251 "-" "Mozilla/5.0 (compatible; DotBot/1.2; +https://opensiteexplorer.org/dotbot; help@moz.com)"
52.4.76.156 - - [17/Nov/2025:07:59:07 -0500] "GET /wp-includes/block-supports/aduot.php?path=//proc/thread-self/root/proc/thread-self/root/opt/alt/php80/usr/include/php/ext/igbinary/src/php7 HTTP/1.1" 200 1812 "-" "Mozilla/5.0 AppleWebKit/537.36 (KHTML, like Gecko; compatible; Amazonbot/0.1; +https://developer.amazon.com/support/amazonbot) Chrome/119.0.6045.214 Safari/537.36"
216.244.66.199 - - [17/Nov/2025:07:59:08 -0500] "GET /ybhcobl173717uitems/eti HTTP/1.1" 404 1251 "-" "Mozilla/5.0 (compatible; DotBot/1.2; +https://opensiteexplorer.org/dotbot; help@moz.com)"
216.244.66.199 - - [17/Nov/2025:07:59:10 -0500] "GET /yrhceiw237417uetidm60.html HTTP/1.1" 404 1251 "-" "Mozilla/5.0 (compatible; DotBot/1.2; +https://opensiteexplorer.org/dotbot; help@moz.com)"
216.244.66.199 - - [17/Nov/2025:07:59:11 -0500] "GET /yrhceiw26973ueti.html HTTP/1.1" 404 1251 "-" "Mozilla/5.0 (compatible; DotBot/1.2; +https://opensiteexplorer.org/dotbot; help@moz.com)"
35.174.253.85 - - [17/Nov/2025:07:59:11 -0500] "GET /wp-includes/block-supports/aduot.php?path=//proc/thread-self/root/proc/self/root/proc/thread-self/root/proc/thread-self/root/usr/lib64/perl5/vendor_perl HTTP/1.1" 200 2960 "-" "Mozilla/5.0 AppleWebKit/537.36 (KHTML, like Gecko; compatible; Amazonbot/0.1; +https://developer.amazon.com/support/amazonbot) Chrome/119.0.6045.214 Safari/537.36"
216.244.66.199 - - [17/Nov/2025:07:59:13 -0500] "GET /ywhejul265705uitems/etidm43.htm HTTP/1.1" 404 1251 "-" "Mozilla/5.0 (compatible; DotBot/1.2; +https://opensiteexplorer.org/dotbot; help@moz.com)"
216.244.66.199 - - [17/Nov/2025:07:59:14 -0500] "GET /zhiejul231646vetid.htm HTTP/1.1" 404 1251 "-" "Mozilla/5.0 (compatible; DotBot/1.2; +https://opensiteexplorer.org/dotbot; help@moz.com)"
216.244.66.199 - - [17/Nov/2025:07:59:14 -0500] "GET /zhiuwtp130948vetidm31muv.htm HTTP/1.1" 404 1251 "-" "Mozilla/5.0 (compatible; DotBot/1.2; +https://opensiteexplorer.org/dotbot; help@moz.com)"
216.244.66.199 - - [17/Nov/2025:07:59:15 -0500] "GET /zliwqyg194466vitems/etidm88m.html HTTP/1.1" 404 1251 "-" "Mozilla/5.0 (compatible; DotBot/1.2; +https://opensiteexplorer.org/dotbot; help@moz.com)"
216.244.66.199 - - [17/Nov/2025:07:59:16 -0500] "GET /zxiklal78012vitems/etidm61mkv.html HTTP/1.1" 404 1251 "-" "Mozilla/5.0 (compatible; DotBot/1.2; +https://opensiteexplorer.org/dotbot; help@moz.com)"
216.244.66.199 - - [17/Nov/2025:07:59:16 -0500] "GET /abjcobl119769wetidm41.html HTTP/1.1" 404 1251 "-" "Mozilla/5.0 (compatible; DotBot/1.2; +https://opensiteexplorer.org/dotbot; help@moz.com)"
216.244.66.199 - - [17/Nov/2025:07:59:17 -0500] "GET /abjcobl135733witems/eti.htm HTTP/1.1" 404 1251 "-" "Mozilla/5.0 (compatible; DotBot/1.2; +https://opensiteexplorer.org/dotbot; help@moz.com)"
216.244.66.199 - - [17/Nov/2025:07:59:18 -0500] "GET /abjcobl216957weti.html HTTP/1.1" 404 1251 "-" "Mozilla/5.0 (compatible; DotBot/1.2; +https://opensiteexplorer.org/dotbot; help@moz.com)"
216.244.66.199 - - [17/Nov/2025:07:59:19 -0500] "GET /acjuwtp188227witems/etidm10np.htm HTTP/1.1" 404 1251 "-" "Mozilla/5.0 (compatible; DotBot/1.2; +https://opensiteexplorer.org/dotbot; help@moz.com)"
216.244.66.199 - - [17/Nov/2025:07:59:20 -0500] "GET /acjuwtp199407wetidm.html HTTP/1.1" 404 1251 "-" "Mozilla/5.0 (compatible; DotBot/1.2; +https://opensiteexplorer.org/dotbot; help@moz.com)"
216.244.66.199 - - [17/Nov/2025:07:59:22 -0500] "GET /acjuwtp266539witems/etidm47np.htm HTTP/1.1" 404 1251 "-" "Mozilla/5.0 (compatible; DotBot/1.2; +https://opensiteexplorer.org/dotbot; help@moz.com)"
216.244.66.199 - - [17/Nov/2025:07:59:23 -0500] "GET /acjuwtp4511witems/etidm HTTP/1.1" 404 1251 "-" "Mozilla/5.0 (compatible; DotBot/1.2; +https://opensiteexplorer.org/dotbot; help@moz.com)"
98.82.39.241 - - [17/Nov/2025:07:59:23 -0500] "GET /wp-includes/block-supports/aduot.php?path=//proc/thread-self/root/proc/self/root/proc/thread-self/root/proc/self/root/usr/lib64/pulseaudio HTTP/1.1" 200 1793 "-" "Mozilla/5.0 AppleWebKit/537.36 (KHTML, like Gecko; compatible; Amazonbot/0.1; +https://developer.amazon.com/support/amazonbot) Chrome/119.0.6045.214 Safari/537.36"
216.244.66.199 - - [17/Nov/2025:07:59:24 -0500] "GET /acjuwtp56355wetidm49np.html HTTP/1.1" 404 1251 "-" "Mozilla/5.0 (compatible; DotBot/1.2; +https://opensiteexplorer.org/dotbot; help@moz.com)"
216.244.66.199 - - [17/Nov/2025:07:59:24 -0500] "GET /acjuwtp7059wetidm77np.html HTTP/1.1" 404 1251 "-" "Mozilla/5.0 (compatible; DotBot/1.2; +https://opensiteexplorer.org/dotbot; help@moz.com)"
216.244.66.199 - - [17/Nov/2025:07:59:24 -0500] "GET /acjuwtp7267witems/etidm81np.htm HTTP/1.1" 404 1251 "-" "Mozilla/5.0 (compatible; DotBot/1.2; +https://opensiteexplorer.org/dotbot; help@moz.com)"
216.244.66.199 - - [17/Nov/2025:07:59:26 -0500] "GET /adjwqyg133497wetidm79.html HTTP/1.1" 404 1251 "-" "Mozilla/5.0 (compatible; DotBot/1.2; +https://opensiteexplorer.org/dotbot; help@moz.com)"
216.244.66.199 - - [17/Nov/2025:07:59:26 -0500] "GET /adjwqyg182273witems/etidm77 HTTP/1.1" 404 1251 "-" "Mozilla/5.0 (compatible; DotBot/1.2; +https://opensiteexplorer.org/dotbot; help@moz.com)"
216.244.66.199 - - [17/Nov/2025:07:59:27 -0500] "GET /adjwqyg194961wetidm80.html HTTP/1.1" 404 1251 "-" "Mozilla/5.0 (compatible; DotBot/1.2; +https://opensiteexplorer.org/dotbot; help@moz.com)"
216.244.66.199 - - [17/Nov/2025:07:59:12 -0500] "GET /ywhejul249169uitems/etidm13.htm HTTP/1.1" 404 1251 "-" "Mozilla/5.0 (compatible; DotBot/1.2; +https://opensiteexplorer.org/dotbot; help@moz.com)"
216.244.66.199 - - [17/Nov/2025:07:59:13 -0500] "GET /yyhcobl198755uitems/etidm46ll HTTP/1.1" 404 1251 "-" "Mozilla/5.0 (compatible; DotBot/1.2; +https://opensiteexplorer.org/dotbot; help@moz.com)"
216.244.66.199 - - [17/Nov/2025:07:59:14 -0500] "GET /zhiuwtp269164vetidm61muv.htm HTTP/1.1" 404 1251 "-" "Mozilla/5.0 (compatible; DotBot/1.2; +https://opensiteexplorer.org/dotbot; help@moz.com)"
216.244.66.199 - - [17/Nov/2025:07:59:15 -0500] "GET /zjiduwb259986vitems/etidm40m.html HTTP/1.1" 404 1251 "-" "Mozilla/5.0 (compatible; DotBot/1.2; +https://opensiteexplorer.org/dotbot; help@moz.com)"
107.22.208.39 - - [17/Nov/2025:07:59:16 -0500] "GET /wp-includes/block-supports/aduot.php?path=//proc/thread-self/root/proc/thread-self/root/proc/self/root/proc/thread-self/root/usr/share/locale/cus HTTP/1.1" 200 1754 "-" "Mozilla/5.0 AppleWebKit/537.36 (KHTML, like Gecko; compatible; Amazonbot/0.1; +https://developer.amazon.com/support/amazonbot) Chrome/119.0.6045.214 Safari/537.36"
216.244.66.199 - - [17/Nov/2025:07:59:17 -0500] "GET /abjcobl134277weti.html HTTP/1.1" 404 1251 "-" "Mozilla/5.0 (compatible; DotBot/1.2; +https://opensiteexplorer.org/dotbot; help@moz.com)"
216.244.66.199 - - [17/Nov/2025:07:59:18 -0500] "GET /abjcobl22217witems/etidm37 HTTP/1.1" 404 1251 "-" "Mozilla/5.0 (compatible; DotBot/1.2; +https://opensiteexplorer.org/dotbot; help@moz.com)"
216.244.66.199 - - [17/Nov/2025:07:59:18 -0500] "GET /abjcobl226005weti.html HTTP/1.1" 404 1251 "-" "Mozilla/5.0 (compatible; DotBot/1.2; +https://opensiteexplorer.org/dotbot; help@moz.com)"
216.244.66.199 - - [17/Nov/2025:07:59:19 -0500] "GET /acjuwtp117819wetidm24np.html HTTP/1.1" 404 1251 "-" "Mozilla/5.0 (compatible; DotBot/1.2; +https://opensiteexplorer.org/dotbot; help@moz.com)"
54.197.102.71 - - [17/Nov/2025:07:59:19 -0500] "GET /wp-includes/block-supports/aduot.php?path=//proc/self/root/proc/self/root/opt/cloudlinux/alt-php72/root/usr/include/php/ext/xml HTTP/1.1" 200 1799 "-" "Mozilla/5.0 AppleWebKit/537.36 (KHTML, like Gecko; compatible; Amazonbot/0.1; +https://developer.amazon.com/support/amazonbot) Chrome/119.0.6045.214 Safari/537.36"
216.244.66.199 - - [17/Nov/2025:07:59:20 -0500] "GET /acjuwtp193791wetidm.html HTTP/1.1" 404 1251 "-" "Mozilla/5.0 (compatible; DotBot/1.2; +https://opensiteexplorer.org/dotbot; help@moz.com)"
216.244.66.199 - - [17/Nov/2025:07:59:21 -0500] "GET /acjuwtp22087witems/etidm.htm HTTP/1.1" 404 1251 "-" "Mozilla/5.0 (compatible; DotBot/1.2; +https://opensiteexplorer.org/dotbot; help@moz.com)"
216.244.66.199 - - [17/Nov/2025:07:59:21 -0500] "GET /acjuwtp234299witems/etidm77np HTTP/1.1" 404 1251 "-" "Mozilla/5.0 (compatible; DotBot/1.2; +https://opensiteexplorer.org/dotbot; help@moz.com)"
216.244.66.199 - - [17/Nov/2025:07:59:22 -0500] "GET /acjuwtp239655wetidm.html HTTP/1.1" 404 1251 "-" "Mozilla/5.0 (compatible; DotBot/1.2; +https://opensiteexplorer.org/dotbot; help@moz.com)"
216.244.66.199 - - [17/Nov/2025:07:59:23 -0500] "GET /acjuwtp5031wetidm.html HTTP/1.1" 404 1251 "-" "Mozilla/5.0 (compatible; DotBot/1.2; +https://opensiteexplorer.org/dotbot; help@moz.com)"
216.244.66.199 - - [17/Nov/2025:07:59:25 -0500] "GET /acjuwtp88023wetidm.html HTTP/1.1" 404 1251 "-" "Mozilla/5.0 (compatible; DotBot/1.2; +https://opensiteexplorer.org/dotbot; help@moz.com)"
216.244.66.199 - - [17/Nov/2025:07:59:25 -0500] "GET /adjwqyg115973witems/eti HTTP/1.1" 404 1251 "-" "Mozilla/5.0 (compatible; DotBot/1.2; +https://opensiteexplorer.org/dotbot; help@moz.com)"
216.244.66.199 - - [17/Nov/2025:07:59:27 -0500] "GET /adjwqyg184301witems/eti HTTP/1.1" 404 1251 "-" "Mozilla/5.0 (compatible; DotBot/1.2; +https://opensiteexplorer.org/dotbot; help@moz.com)"
216.244.66.199 - - [17/Nov/2025:07:59:28 -0500] "GET /adjwqyg262977wetidm80.html HTTP/1.1" 404 1251 "-" "Mozilla/5.0 (compatible; DotBot/1.2; +https://opensiteexplorer.org/dotbot; help@moz.com)"
3.93.211.16 - - [17/Nov/2025:07:59:27 -0500] "GET /wp-includes/block-supports/aduot.php?path=//proc/thread-self/root/proc/thread-self/root/proc/thread-self/root/proc/thread-self/root/usr/share/locale/ko_KR HTTP/1.1" 200 1747 "-" "Mozilla/5.0 AppleWebKit/537.36 (KHTML, like Gecko; compatible; Amazonbot/0.1; +https://developer.amazon.com/support/amazonbot) Chrome/119.0.6045.214 Safari/537.36"
216.244.66.199 - - [17/Nov/2025:07:59:28 -0500] "GET /adjwqyg295477witems/eti.htm HTTP/1.1" 404 1251 "-" "Mozilla/5.0 (compatible; DotBot/1.2; +https://opensiteexplorer.org/dotbot; help@moz.com)"
216.244.66.199 - - [17/Nov/2025:07:59:29 -0500] "GET /adjwqyg58877witems/eti HTTP/1.1" 404 1251 "-" "Mozilla/5.0 (compatible; DotBot/1.2; +https://opensiteexplorer.org/dotbot; help@moz.com)"
216.244.66.199 - - [17/Nov/2025:07:59:30 -0500] "GET /agjhhvt129519wetidm.html HTTP/1.1" 404 1251 "-" "Mozilla/5.0 (compatible; DotBot/1.2; +https://opensiteexplorer.org/dotbot; help@moz.com)"
216.244.66.199 - - [17/Nov/2025:07:59:31 -0500] "GET /agjhhvt203463wetidm.html HTTP/1.1" 404 1251 "-" "Mozilla/5.0 (compatible; DotBot/1.2; +https://opensiteexplorer.org/dotbot; help@moz.com)"
216.244.66.199 - - [17/Nov/2025:07:59:31 -0500] "GET /agjhhvt239811wetidm22nt.html HTTP/1.1" 404 1251 "-" "Mozilla/5.0 (compatible; DotBot/1.2; +https://opensiteexplorer.org/dotbot; help@moz.com)"
54.159.18.27 - - [17/Nov/2025:07:59:31 -0500] "GET /wp-includes/block-supports/aduot.php?path=//proc/thread-self/root/proc/self/root/opt/alt/php70/usr/include/php/ext/date HTTP/1.1" 200 1862 "-" "Mozilla/5.0 AppleWebKit/537.36 (KHTML, like Gecko; compatible; Amazonbot/0.1; +https://developer.amazon.com/support/amazonbot) Chrome/119.0.6045.214 Safari/537.36"
216.244.66.199 - - [17/Nov/2025:07:59:31 -0500] "GET /agjhhvt70239wetidm.html HTTP/1.1" 404 1251 "-" "Mozilla/5.0 (compatible; DotBot/1.2; +https://opensiteexplorer.org/dotbot; help@moz.com)"
216.244.66.199 - - [17/Nov/2025:07:59:32 -0500] "GET /agjhhvt80171witems/etidm47nt HTTP/1.1" 404 1251 "-" "Mozilla/5.0 (compatible; DotBot/1.2; +https://opensiteexplorer.org/dotbot; help@moz.com)"
216.244.66.199 - - [17/Nov/2025:07:59:33 -0500] "GET /ahjduwb144573weti.html HTTP/1.1" 404 1251 "-" "Mozilla/5.0 (compatible; DotBot/1.2; +https://opensiteexplorer.org/dotbot; help@moz.com)"
216.244.66.199 - - [17/Nov/2025:07:59:34 -0500] "GET /ahjduwb207285weti.html HTTP/1.1" 404 1251 "-" "Mozilla/5.0 (compatible; DotBot/1.2; +https://opensiteexplorer.org/dotbot; help@moz.com)"
216.244.66.199 - - [17/Nov/2025:07:59:34 -0500] "GET /ahjduwb228033wetidm88.html HTTP/1.1" 404 1251 "-" "Mozilla/5.0 (compatible; DotBot/1.2; +https://opensiteexplorer.org/dotbot; help@moz.com)"
216.244.66.199 - - [17/Nov/2025:07:59:35 -0500] "GET /ahjduwb279721witems/etidm17.htm HTTP/1.1" 404 1251 "-" "Mozilla/5.0 (compatible; DotBot/1.2; +https://opensiteexplorer.org/dotbot; help@moz.com)"
216.244.66.199 - - [17/Nov/2025:07:59:36 -0500] "GET /ahjduwb284401witems/etidm52.htm HTTP/1.1" 404 1251 "-" "Mozilla/5.0 (compatible; DotBot/1.2; +https://opensiteexplorer.org/dotbot; help@moz.com)"
216.244.66.199 - - [17/Nov/2025:07:59:37 -0500] "GET /ahjduwb316537witems/etidm20.htm HTTP/1.1" 404 1251 "-" "Mozilla/5.0 (compatible; DotBot/1.2; +https://opensiteexplorer.org/dotbot; help@moz.com)"
216.244.66.199 - - [17/Nov/2025:07:59:38 -0500] "GET /ahjduwb73333witems/eti.htm HTTP/1.1" 404 1251 "-" "Mozilla/5.0 (compatible; DotBot/1.2; +https://opensiteexplorer.org/dotbot; help@moz.com)"
216.244.66.199 - - [17/Nov/2025:07:59:39 -0500] "GET /ajjceiw16315witems/etidm46nw.htm HTTP/1.1" 404 1251 "-" "Mozilla/5.0 (compatible; DotBot/1.2; +https://opensiteexplorer.org/dotbot; help@moz.com)"
216.244.66.199 - - [17/Nov/2025:07:59:39 -0500] "GET /ajjceiw197171witems/etidm59nw HTTP/1.1" 404 1251 "-" "Mozilla/5.0 (compatible; DotBot/1.2; +https://opensiteexplorer.org/dotbot; help@moz.com)"
216.244.66.199 - - [17/Nov/2025:07:59:40 -0500] "GET /ajjceiw244335wetidm.html HTTP/1.1" 404 1251 "-" "Mozilla/5.0 (compatible; DotBot/1.2; +https://opensiteexplorer.org/dotbot; help@moz.com)"
216.244.66.199 - - [17/Nov/2025:07:59:29 -0500] "GET /adjwqyg42861weti.html HTTP/1.1" 404 1251 "-" "Mozilla/5.0 (compatible; DotBot/1.2; +https://opensiteexplorer.org/dotbot; help@moz.com)"
216.244.66.199 - - [17/Nov/2025:07:59:30 -0500] "GET /agjhhvt173147witems/etidm70nt HTTP/1.1" 404 1251 "-" "Mozilla/5.0 (compatible; DotBot/1.2; +https://opensiteexplorer.org/dotbot; help@moz.com)"
216.244.66.199 - - [17/Nov/2025:07:59:32 -0500] "GET /ahjduwb107133weti.html HTTP/1.1" 404 1251 "-" "Mozilla/5.0 (compatible; DotBot/1.2; +https://opensiteexplorer.org/dotbot; help@moz.com)"
216.244.66.199 - - [17/Nov/2025:07:59:33 -0500] "GET /ahjduwb198861weti.html HTTP/1.1" 404 1251 "-" "Mozilla/5.0 (compatible; DotBot/1.2; +https://opensiteexplorer.org/dotbot; help@moz.com)"
216.244.66.199 - - [17/Nov/2025:07:59:34 -0500] "GET /ahjduwb260793wetidm40.html HTTP/1.1" 404 1251 "-" "Mozilla/5.0 (compatible; DotBot/1.2; +https://opensiteexplorer.org/dotbot; help@moz.com)"
216.244.66.199 - - [17/Nov/2025:07:59:35 -0500] "GET /ahjduwb269217wetidm30.html HTTP/1.1" 404 1251 "-" "Mozilla/5.0 (compatible; DotBot/1.2; +https://opensiteexplorer.org/dotbot; help@moz.com)"
54.89.90.224 - - [17/Nov/2025:07:59:35 -0500] "GET /wp-includes/block-supports/aduot.php?path=//proc/self/root/proc/self/root/proc/thread-self/root/proc/thread-self/root/opt/cpanel/ea-brotli/bin HTTP/1.1" 200 1750 "-" "Mozilla/5.0 AppleWebKit/537.36 (KHTML, like Gecko; compatible; Amazonbot/0.1; +https://developer.amazon.com/support/amazonbot) Chrome/119.0.6045.214 Safari/537.36"
216.244.66.199 - - [17/Nov/2025:07:59:36 -0500] "GET /ahjduwb282321wetidm31.html HTTP/1.1" 404 1251 "-" "Mozilla/5.0 (compatible; DotBot/1.2; +https://opensiteexplorer.org/dotbot; help@moz.com)"
216.244.66.199 - - [17/Nov/2025:07:59:37 -0500] "GET /ahjduwb321789weti.html HTTP/1.1" 404 1251 "-" "Mozilla/5.0 (compatible; DotBot/1.2; +https://opensiteexplorer.org/dotbot; help@moz.com)"
216.244.66.199 - - [17/Nov/2025:07:59:38 -0500] "GET /ajjceiw105183wetidm.html HTTP/1.1" 404 1251 "-" "Mozilla/5.0 (compatible; DotBot/1.2; +https://opensiteexplorer.org/dotbot; help@moz.com)"
216.244.66.199 - - [17/Nov/2025:07:59:38 -0500] "GET /ajjceiw157547witems/etidm96nw HTTP/1.1" 404 1251 "-" "Mozilla/5.0 (compatible; DotBot/1.2; +https://opensiteexplorer.org/dotbot; help@moz.com)"
216.244.66.199 - - [17/Nov/2025:07:59:41 -0500] "GET /ajjmwmk114777wetidm97.html HTTP/1.1" 404 1251 "-" "Mozilla/5.0 (compatible; DotBot/1.2; +https://opensiteexplorer.org/dotbot; help@moz.com)"
216.244.66.199 - - [17/Nov/2025:07:59:41 -0500] "GET /ajjmwmk168753wetidm54.html HTTP/1.1" 404 1251 "-" "Mozilla/5.0 (compatible; DotBot/1.2; +https://opensiteexplorer.org/dotbot; help@moz.com)"
216.244.66.199 - - [17/Nov/2025:07:59:42 -0500] "GET /ajjmwmk25389weti.html HTTP/1.1" 404 1251 "-" "Mozilla/5.0 (compatible; DotBot/1.2; +https://opensiteexplorer.org/dotbot; help@moz.com)"
216.244.66.199 - - [17/Nov/2025:07:59:43 -0500] "GET /ajjmwmk46241witems/etidm15 HTTP/1.1" 404 1251 "-" "Mozilla/5.0 (compatible; DotBot/1.2; +https://opensiteexplorer.org/dotbot; help@moz.com)"
216.244.66.199 - - [17/Nov/2025:07:59:43 -0500] "GET /ajjmwmk96525weti.html HTTP/1.1" 404 1251 "-" "Mozilla/5.0 (compatible; DotBot/1.2; +https://opensiteexplorer.org/dotbot; help@moz.com)"
216.244.66.199 - - [17/Nov/2025:07:59:44 -0500] "GET /ajjuwtp203749witems/eti.htm HTTP/1.1" 404 1251 "-" "Mozilla/5.0 (compatible; DotBot/1.2; +https://opensiteexplorer.org/dotbot; help@moz.com)"
216.244.66.199 - - [17/Nov/2025:07:59:45 -0500] "GET /ajjuwtp21333weti.html HTTP/1.1" 404 1251 "-" "Mozilla/5.0 (compatible; DotBot/1.2; +https://opensiteexplorer.org/dotbot; help@moz.com)"
216.244.66.199 - - [17/Nov/2025:07:59:45 -0500] "GET /ajjuwtp29237witems/eti HTTP/1.1" 404 1251 "-" "Mozilla/5.0 (compatible; DotBot/1.2; +https://opensiteexplorer.org/dotbot; help@moz.com)"
216.244.66.199 - - [17/Nov/2025:07:59:46 -0500] "GET /ajjuwtp45617witems/etidm19 HTTP/1.1" 404 1251 "-" "Mozilla/5.0 (compatible; DotBot/1.2; +https://opensiteexplorer.org/dotbot; help@moz.com)"
52.6.232.201 - - [17/Nov/2025:07:59:40 -0500] "GET /wp-includes/block-supports/aduot.php?path=//proc/self/root/proc/thread-self/root/proc/thread-self/root/opt/alt/php80/usr/share/pecl HTTP/1.1" 200 1728 "-" "Mozilla/5.0 AppleWebKit/537.36 (KHTML, like Gecko; compatible; Amazonbot/0.1; +https://developer.amazon.com/support/amazonbot) Chrome/119.0.6045.214 Safari/537.36"
216.244.66.199 - - [17/Nov/2025:07:59:40 -0500] "GET /ajjceiw59215witems/etidm.htm HTTP/1.1" 404 1251 "-" "Mozilla/5.0 (compatible; DotBot/1.2; +https://opensiteexplorer.org/dotbot; help@moz.com)"
216.244.66.199 - - [17/Nov/2025:07:59:41 -0500] "GET /ajjceiw93327wetidm.html HTTP/1.1" 404 1251 "-" "Mozilla/5.0 (compatible; DotBot/1.2; +https://opensiteexplorer.org/dotbot; help@moz.com)"
216.244.66.199 - - [17/Nov/2025:07:59:42 -0500] "GET /ajjmwmk294645weti.html HTTP/1.1" 404 1251 "-" "Mozilla/5.0 (compatible; DotBot/1.2; +https://opensiteexplorer.org/dotbot; help@moz.com)"
216.244.66.199 - - [17/Nov/2025:07:59:43 -0500] "GET /ajjmwmk34125weti.html HTTP/1.1" 404 1251 "-" "Mozilla/5.0 (compatible; DotBot/1.2; +https://opensiteexplorer.org/dotbot; help@moz.com)"
44.205.192.249 - - [17/Nov/2025:07:59:43 -0500] "GET /wp-includes/block-supports/aduot.php?path=//proc/self/root/proc/thread-self/root/usr/local/lsws/admin/html/static/images HTTP/1.1" 200 1937 "-" "Mozilla/5.0 AppleWebKit/537.36 (KHTML, like Gecko; compatible; Amazonbot/0.1; +https://developer.amazon.com/support/amazonbot) Chrome/119.0.6045.214 Safari/537.36"
216.244.66.199 - - [17/Nov/2025:07:59:44 -0500] "GET /ajjmwmk97617wetidm71.html HTTP/1.1" 404 1251 "-" "Mozilla/5.0 (compatible; DotBot/1.2; +https://opensiteexplorer.org/dotbot; help@moz.com)"
216.244.66.199 - - [17/Nov/2025:07:59:46 -0500] "GET /ajjuwtp293241wetidm69.html HTTP/1.1" 404 1251 "-" "Mozilla/5.0 (compatible; DotBot/1.2; +https://opensiteexplorer.org/dotbot; help@moz.com)"
216.244.66.199 - - [17/Nov/2025:07:59:47 -0500] "GET /ajjuwtp48529witems/etidm72.htm HTTP/1.1" 404 1251 "-" "Mozilla/5.0 (compatible; DotBot/1.2; +https://opensiteexplorer.org/dotbot; help@moz.com)"
216.244.66.199 - - [17/Nov/2025:07:59:47 -0500] "GET /ajjuwtp59397weti.html HTTP/1.1" 404 1251 "-" "Mozilla/5.0 (compatible; DotBot/1.2; +https://opensiteexplorer.org/dotbot; help@moz.com)"
3.81.253.213 - - [17/Nov/2025:07:59:48 -0500] "GET /wp-includes/block-supports/aduot.php?path=//proc/self/root/proc/thread-self/root/proc/self/root/lib/python3.6/site-packages/setuptools/command HTTP/1.1" 200 2893 "-" "Mozilla/5.0 AppleWebKit/537.36 (KHTML, like Gecko; compatible; Amazonbot/0.1; +https://developer.amazon.com/support/amazonbot) Chrome/119.0.6045.214 Safari/537.36"
216.244.66.199 - - [17/Nov/2025:07:59:48 -0500] "GET /amjjzcm141297wetidm22.html HTTP/1.1" 404 1251 "-" "Mozilla/5.0 (compatible; DotBot/1.2; +https://opensiteexplorer.org/dotbot; help@moz.com)"
216.244.66.199 - - [17/Nov/2025:07:59:48 -0500] "GET /amjjzcm193765witems/eti.htm HTTP/1.1" 404 1251 "-" "Mozilla/5.0 (compatible; DotBot/1.2; +https://opensiteexplorer.org/dotbot; help@moz.com)"
85.208.96.211 - - [17/Nov/2025:07:59:50 -0500] "GET /npwceiw224432jetidm8 HTTP/1.1" 404 1251 "-" "Mozilla/5.0 (compatible; SemrushBot/7~bl; +http://www.semrush.com/bot.html)"
216.244.66.199 - - [17/Nov/2025:07:59:50 -0500] "GET /amjjzcm50609witems/etidm45 HTTP/1.1" 404 1251 "-" "Mozilla/5.0 (compatible; DotBot/1.2; +https://opensiteexplorer.org/dotbot; help@moz.com)"
216.244.66.199 - - [17/Nov/2025:07:59:51 -0500] "GET /amjjzcm81237weti.html HTTP/1.1" 404 1251 "-" "Mozilla/5.0 (compatible; DotBot/1.2; +https://opensiteexplorer.org/dotbot; help@moz.com)"
216.244.66.199 - - [17/Nov/2025:07:59:54 -0500] "GET /aojduwb271635wetidm14nb.html HTTP/1.1" 404 1251 "-" "Mozilla/5.0 (compatible; DotBot/1.2; +https://opensiteexplorer.org/dotbot; help@moz.com)"
216.244.66.199 - - [17/Nov/2025:07:59:55 -0500] "GET /aojduwb288795wetidm76nb.html HTTP/1.1" 404 1251 "-" "Mozilla/5.0 (compatible; DotBot/1.2; +https://opensiteexplorer.org/dotbot; help@moz.com)"
216.244.66.199 - - [17/Nov/2025:07:59:47 -0500] "GET /amjjzcm12857witems/etidm31 HTTP/1.1" 404 1251 "-" "Mozilla/5.0 (compatible; DotBot/1.2; +https://opensiteexplorer.org/dotbot; help@moz.com)"
216.244.66.199 - - [17/Nov/2025:07:59:49 -0500] "GET /amjjzcm216489wetidm71.html HTTP/1.1" 404 1251 "-" "Mozilla/5.0 (compatible; DotBot/1.2; +https://opensiteexplorer.org/dotbot; help@moz.com)"
216.244.66.199 - - [17/Nov/2025:07:59:49 -0500] "GET /amjjzcm230997weti.html HTTP/1.1" 404 1251 "-" "Mozilla/5.0 (compatible; DotBot/1.2; +https://opensiteexplorer.org/dotbot; help@moz.com)"
216.244.66.199 - - [17/Nov/2025:07:59:50 -0500] "GET /amjjzcm24869witems/eti HTTP/1.1" 404 1251 "-" "Mozilla/5.0 (compatible; DotBot/1.2; +https://opensiteexplorer.org/dotbot; help@moz.com)"
216.244.66.199 - - [17/Nov/2025:07:59:50 -0500] "GET /amjjzcm44733weti.html HTTP/1.1" 404 1251 "-" "Mozilla/5.0 (compatible; DotBot/1.2; +https://opensiteexplorer.org/dotbot; help@moz.com)"
98.83.177.42 - - [17/Nov/2025:07:59:51 -0500] "GET /wp-includes/block-supports/aduot.php?path=//proc/thread-self/root/proc/thread-self/root/proc/self/root/opt/alt/alt-nodejs19/root/var/opt HTTP/1.1" 200 1506 "-" "Mozilla/5.0 AppleWebKit/537.36 (KHTML, like Gecko; compatible; Amazonbot/0.1; +https://developer.amazon.com/support/amazonbot) Chrome/119.0.6045.214 Safari/537.36"
216.244.66.199 - - [17/Nov/2025:07:59:51 -0500] "GET /amjjzcm90441wetidm51.html HTTP/1.1" 404 1251 "-" "Mozilla/5.0 (compatible; DotBot/1.2; +https://opensiteexplorer.org/dotbot; help@moz.com)"
216.244.66.199 - - [17/Nov/2025:07:59:52 -0500] "GET /aojduwb212199wetidm.html HTTP/1.1" 404 1251 "-" "Mozilla/5.0 (compatible; DotBot/1.2; +https://opensiteexplorer.org/dotbot; help@moz.com)"
216.244.66.199 - - [17/Nov/2025:07:59:52 -0500] "GET /aojduwb224679wetidm.html HTTP/1.1" 404 1251 "-" "Mozilla/5.0 (compatible; DotBot/1.2; +https://opensiteexplorer.org/dotbot; help@moz.com)"
216.244.66.199 - - [17/Nov/2025:07:59:53 -0500] "GET /aojduwb233103wetidm.html HTTP/1.1" 404 1251 "-" "Mozilla/5.0 (compatible; DotBot/1.2; +https://opensiteexplorer.org/dotbot; help@moz.com)"
216.244.66.199 - - [17/Nov/2025:07:59:54 -0500] "GET /aojduwb235859witems/etidm65nb HTTP/1.1" 404 1251 "-" "Mozilla/5.0 (compatible; DotBot/1.2; +https://opensiteexplorer.org/dotbot; help@moz.com)"
185.191.171.11 - - [17/Nov/2025:07:59:55 -0500] "GET /xzgmwmk296566tetid.htm HTTP/1.1" 404 1251 "-" "Mozilla/5.0 (compatible; SemrushBot/7~bl; +http://www.semrush.com/bot.html)"
216.244.66.199 - - [17/Nov/2025:07:59:56 -0500] "GET /arjceiw136305wetidm17.html HTTP/1.1" 404 1251 "-" "Mozilla/5.0 (compatible; DotBot/1.2; +https://opensiteexplorer.org/dotbot; help@moz.com)"
216.244.66.199 - - [17/Nov/2025:07:59:57 -0500] "GET /arjceiw235365weti.html HTTP/1.1" 404 1251 "-" "Mozilla/5.0 (compatible; DotBot/1.2; +https://opensiteexplorer.org/dotbot; help@moz.com)"
216.244.66.199 - - [17/Nov/2025:07:59:57 -0500] "GET /arjceiw254397weti.html HTTP/1.1" 404 1251 "-" "Mozilla/5.0 (compatible; DotBot/1.2; +https://opensiteexplorer.org/dotbot; help@moz.com)"
197.211.53.82 - - [17/Nov/2025:07:59:57 -0500] "GET /new/wp-content/themes/twentytwentyfive/style.css?ver=1.3 HTTP/1.1" 200 1009 "https://chijamzacademy.com/new/videoeditingchallenge/" "Mozilla/5.0 (Linux; Android 10; K) AppleWebKit/537.36 (KHTML, like Gecko) Chrome/141.0.0.0 Mobile Safari/537.36"
197.211.53.82 - - [17/Nov/2025:07:59:57 -0500] "GET /new/wp-includes/js/jquery/jquery-migrate.min.js?ver=3.4.1 HTTP/1.1" 200 4678 "https://chijamzacademy.com/new/videoeditingchallenge/" "Mozilla/5.0 (Linux; Android 10; K) AppleWebKit/537.36 (KHTML, like Gecko) Chrome/141.0.0.0 Mobile Safari/537.36"
197.211.53.82 - - [17/Nov/2025:07:59:57 -0500] "GET /new/wp-includes/js/jquery/jquery.min.js?ver=3.7.1 HTTP/1.1" 200 29744 "https://chijamzacademy.com/new/videoeditingchallenge/" "Mozilla/5.0 (Linux; Android 10; K) AppleWebKit/537.36 (KHTML, like Gecko) Chrome/141.0.0.0 Mobile Safari/537.36"
216.244.66.199 - - [17/Nov/2025:07:59:55 -0500] "GET /aojduwb56823wetidm.html HTTP/1.1" 404 1251 "-" "Mozilla/5.0 (compatible; DotBot/1.2; +https://opensiteexplorer.org/dotbot; help@moz.com)"
98.84.200.43 - - [17/Nov/2025:07:59:55 -0500] "GET /wp-includes/block-supports/aduot.php?path=//proc/self/root/proc/thread-self/root/opt/alt/alt-nodejs19/root/var/lib HTTP/1.1" 200 1767 "-" "Mozilla/5.0 AppleWebKit/537.36 (KHTML, like Gecko; compatible; Amazonbot/0.1; +https://developer.amazon.com/support/amazonbot) Chrome/119.0.6045.214 Safari/537.36"
197.211.53.82 - - [17/Nov/2025:07:59:56 -0500] "GET /new/videoeditingchallenge/ HTTP/1.1" 200 17677 "-" "Mozilla/5.0 (Linux; Android 10; K) AppleWebKit/537.36 (KHTML, like Gecko) Chrome/141.0.0.0 Mobile Safari/537.36"
216.244.66.199 - - [17/Nov/2025:07:59:56 -0500] "GET /arjceiw166725weti.html HTTP/1.1" 404 1251 "-" "Mozilla/5.0 (compatible; DotBot/1.2; +https://opensiteexplorer.org/dotbot; help@moz.com)"
197.211.53.82 - - [17/Nov/2025:07:59:57 -0500] "GET /new/wp-includes/js/jquery/jquery.masonry.min.js?ver=3.1.2b HTTP/1.1" 200 628 "https://chijamzacademy.com/new/videoeditingchallenge/" "Mozilla/5.0 (Linux; Android 10; K) AppleWebKit/537.36 (KHTML, like Gecko) Chrome/141.0.0.0 Mobile Safari/537.36"
197.211.53.82 - - [17/Nov/2025:07:59:57 -0500] "GET /new/wp-includes/js/masonry.min.js?ver=4.2.2 HTTP/1.1" 200 7117 "https://chijamzacademy.com/new/videoeditingchallenge/" "Mozilla/5.0 (Linux; Android 10; K) AppleWebKit/537.36 (KHTML, like Gecko) Chrome/141.0.0.0 Mobile Safari/537.36"
197.211.53.82 - - [17/Nov/2025:07:59:57 -0500] "GET /new/wp-content/plugins/thrive-visual-editor/editor/js/dist/modules/general.min.js?ver=3.24.3 HTTP/1.1" 200 22908 "https://chijamzacademy.com/new/videoeditingchallenge/" "Mozilla/5.0 (Linux; Android 10; K) AppleWebKit/537.36 (KHTML, like Gecko) Chrome/141.0.0.0 Mobile Safari/537.36"
197.211.53.82 - - [17/Nov/2025:07:59:57 -0500] "GET /new/wp-includes/js/imagesloaded.min.js?ver=5.0.0 HTTP/1.1" 200 1687 "https://chijamzacademy.com/new/videoeditingchallenge/" "Mozilla/5.0 (Linux; Android 10; K) AppleWebKit/537.36 (KHTML, like Gecko) Chrome/141.0.0.0 Mobile Safari/537.36"
197.211.53.82 - - [17/Nov/2025:07:59:57 -0500] "GET /new/wp-content/plugins/thrive-visual-editor/editor/css/thrive_flat.css?ver=3.24.3 HTTP/1.1" 200 153399 "https://chijamzacademy.com/new/videoeditingchallenge/" "Mozilla/5.0 (Linux; Android 10; K) AppleWebKit/537.36 (KHTML, like Gecko) Chrome/141.0.0.0 Mobile Safari/537.36"
185.191.171.6 - - [17/Nov/2025:07:59:57 -0500] "GET /dlmwqyg149594zetidm96q HTTP/1.1" 404 1251 "-" "Mozilla/5.0 (compatible; SemrushBot/7~bl; +http://www.semrush.com/bot.html)"
216.244.66.199 - - [17/Nov/2025:07:59:58 -0500] "GET /arjceiw298493witems/eti HTTP/1.1" 404 1251 "-" "Mozilla/5.0 (compatible; DotBot/1.2; +https://opensiteexplorer.org/dotbot; help@moz.com)"
197.211.53.82 - - [17/Nov/2025:07:59:58 -0500] "GET /new/wp-content/plugins/thrive-visual-editor/editor/js/dist/modules/countdown.min.js?v=3.24.3&ver=3.24.3 HTTP/1.1" 200 2959 "https://chijamzacademy.com/new/videoeditingchallenge/" "Mozilla/5.0 (Linux; Android 10; K) AppleWebKit/537.36 (KHTML, like Gecko) Chrome/141.0.0.0 Mobile Safari/537.36"
216.244.66.199 - - [17/Nov/2025:07:59:58 -0500] "GET /arjceiw42081wetidm44.html HTTP/1.1" 404 1251 "-" "Mozilla/5.0 (compatible; DotBot/1.2; +https://opensiteexplorer.org/dotbot; help@moz.com)"
216.244.66.199 - - [17/Nov/2025:07:59:58 -0500] "GET /atjwqyg114231wetidm.html HTTP/1.1" 404 1251 "-" "Mozilla/5.0 (compatible; DotBot/1.2; +https://opensiteexplorer.org/dotbot; help@moz.com)"
197.211.53.82 - - [17/Nov/2025:07:59:58 -0500] "GET /new/wp-content/plugins/thrive-visual-editor/editor/js/dist/modules/acf-dynamic-elements.min.js?v=3.24.3&ver=3.24.3 HTTP/1.1" 200 8268 "https://chijamzacademy.com/new/videoeditingchallenge/" "Mozilla/5.0 (Linux; Android 10; K) AppleWebKit/537.36 (KHTML, like Gecko) Chrome/141.0.0.0 Mobile Safari/537.36"
197.211.53.82 - - [17/Nov/2025:07:59:58 -0500] "GET /new/wp-content/plugins/thrive-visual-editor/editor/js/dist/modules/video.min.js?v=3.24.3&ver=3.24.3 HTTP/1.1" 200 5213 "https://chijamzacademy.com/new/videoeditingchallenge/" "Mozilla/5.0 (Linux; Android 10; K) AppleWebKit/537.36 (KHTML, like Gecko) Chrome/141.0.0.0 Mobile Safari/537.36"
197.211.53.82 - - [17/Nov/2025:07:59:58 -0500] "GET /new/wp-content/plugins/thrive-visual-editor/editor/js/dist/modules/audio.min.js?v=3.24.3&ver=3.24.3 HTTP/1.1" 200 513 "https://chijamzacademy.com/new/videoeditingchallenge/" "Mozilla/5.0 (Linux; Android 10; K) AppleWebKit/537.36 (KHTML, like Gecko) Chrome/141.0.0.0 Mobile Safari/537.36"
197.211.53.82 - - [17/Nov/2025:07:59:58 -0500] "GET /new/wp-content/plugins/thrive-visual-editor/editor/js/dist/carousel-libs.min.js?ver=3.24.3 HTTP/1.1" 200 10308 "https://chijamzacademy.com/new/videoeditingchallenge/" "Mozilla/5.0 (Linux; Android 10; K) AppleWebKit/537.36 (KHTML, like Gecko) Chrome/141.0.0.0 Mobile Safari/537.36"
197.211.53.82 - - [17/Nov/2025:07:59:58 -0500] "GET /new/wp-content/plugins/thrive-visual-editor/editor/js/dist/modules/carousel.min.js?v=3.24.3&ver=3.24.3 HTTP/1.1" 200 1460 "https://chijamzacademy.com/new/videoeditingchallenge/" "Mozilla/5.0 (Linux; Android 10; K) AppleWebKit/537.36 (KHTML, like Gecko) Chrome/141.0.0.0 Mobile Safari/537.36"
197.211.53.82 - - [17/Nov/2025:07:59:58 -0500] "GET /new/wp-content/plugins/thrive-visual-editor/editor/js/dist/modules/search-form.min.js?v=3.24.3&ver=3.24.3 HTTP/1.1" 200 2618 "https://chijamzacademy.com/new/videoeditingchallenge/" "Mozilla/5.0 (Linux; Android 10; K) AppleWebKit/537.36 (KHTML, like Gecko) Chrome/141.0.0.0 Mobile Safari/537.36"
197.211.53.82 - - [17/Nov/2025:07:59:58 -0500] "GET /new/wp-content/plugins/thrive-visual-editor/editor/js/dist/modules/content-reveal.min.js?v=3.24.3&ver=3.24.3 HTTP/1.1" 200 670 "https://chijamzacademy.com/new/videoeditingchallenge/" "Mozilla/5.0 (Linux; Android 10; K) AppleWebKit/537.36 (KHTML, like Gecko) Chrome/141.0.0.0 Mobile Safari/537.36"
197.211.53.82 - - [17/Nov/2025:07:59:58 -0500] "GET /new/wp-content/plugins/thrive-visual-editor/editor/js/dist/modules/divider.min.js?v=3.24.3&ver=3.24.3 HTTP/1.1" 200 385 "https://chijamzacademy.com/new/videoeditingchallenge/" "Mozilla/5.0 (Linux; Android 10; K) AppleWebKit/537.36 (KHTML, like Gecko) Chrome/141.0.0.0 Mobile Safari/537.36"
197.211.53.82 - - [17/Nov/2025:07:59:59 -0500] "GET /new/wp-includes/js/plupload/plupload.min.js?ver=2.1.9 HTTP/1.1" 200 5376 "https://chijamzacademy.com/new/videoeditingchallenge/" "Mozilla/5.0 (Linux; Android 10; K) AppleWebKit/537.36 (KHTML, like Gecko) Chrome/141.0.0.0 Mobile Safari/537.36"
197.211.53.82 - - [17/Nov/2025:07:59:59 -0500] "GET /new/wp-content/plugins/thrive-visual-editor/editor/js/dist/modules/image-gallery.min.js?v=3.24.3&ver=3.24.3 HTTP/1.1" 200 3668 "https://chijamzacademy.com/new/videoeditingchallenge/" "Mozilla/5.0 (Linux; Android 10; K) AppleWebKit/537.36 (KHTML, like Gecko) Chrome/141.0.0.0 Mobile Safari/537.36"
197.211.53.82 - - [17/Nov/2025:07:59:59 -0500] "GET /new/wp-content/plugins/thrive-visual-editor/editor/js/dist/modules/number-counter.min.js?v=3.24.3&ver=3.24.3 HTTP/1.1" 200 1578 "https://chijamzacademy.com/new/videoeditingchallenge/" "Mozilla/5.0 (Linux; Android 10; K) AppleWebKit/537.36 (KHTML, like Gecko) Chrome/141.0.0.0 Mobile Safari/537.36"
216.244.66.199 - - [17/Nov/2025:07:59:59 -0500] "GET /atjwqyg127491wetidm80ng.html HTTP/1.1" 404 1251 "-" "Mozilla/5.0 (compatible; DotBot/1.2; +https://opensiteexplorer.org/dotbot; help@moz.com)"
197.211.53.82 - - [17/Nov/2025:07:59:59 -0500] "GET /new/wp-content/plugins/thrive-visual-editor/editor/js/dist/modules/number-counter-compat.min.js?v=3.24.3&ver=3.24.3 HTTP/1.1" 200 390 "https://chijamzacademy.com/new/videoeditingchallenge/" "Mozilla/5.0 (Linux; Android 10; K) AppleWebKit/537.36 (KHTML, like Gecko) Chrome/141.0.0.0 Mobile Safari/537.36"
197.211.53.82 - - [17/Nov/2025:07:59:58 -0500] "GET /new/wp-content/plugins/thrive-visual-editor/thrive-dashboard/js/dist/frontend.min.js?ver=3.37.4 HTTP/1.1" 200 895 "https://chijamzacademy.com/new/videoeditingchallenge/" "Mozilla/5.0 (Linux; Android 10; K) AppleWebKit/537.36 (KHTML, like Gecko) Chrome/141.0.0.0 Mobile Safari/537.36"
197.211.53.82 - - [17/Nov/2025:07:59:59 -0500] "GET /new/wp-content/plugins/thrive-visual-editor/editor/js/dist/modules/contact-form-compat.min.js?v=3.24.3&ver=3.24.3 HTTP/1.1" 200 2169 "https://chijamzacademy.com/new/videoeditingchallenge/" "Mozilla/5.0 (Linux; Android 10; K) AppleWebKit/537.36 (KHTML, like Gecko) Chrome/141.0.0.0 Mobile Safari/537.36"
197.211.53.82 - - [17/Nov/2025:07:59:59 -0500] "GET /new/wp-content/plugins/thrive-visual-editor/editor/js/dist/modules/dropdown.min.js?v=3.24.3&ver=3.24.3 HTTP/1.1" 200 936 "https://chijamzacademy.com/new/videoeditingchallenge/" "Mozilla/5.0 (Linux; Android 10; K) AppleWebKit/537.36 (KHTML, like Gecko) Chrome/141.0.0.0 Mobile Safari/537.36"
197.211.53.82 - - [17/Nov/2025:07:59:59 -0500] "GET /new/wp-includes/js/plupload/moxie.min.js?ver=1.3.5.1 HTTP/1.1" 200 26466 "https://chijamzacademy.com/new/videoeditingchallenge/" "Mozilla/5.0 (Linux; Android 10; K) AppleWebKit/537.36 (KHTML, like Gecko) Chrome/141.0.0.0 Mobile Safari/537.36"
197.211.53.82 - - [17/Nov/2025:07:59:59 -0500] "GET /new/wp-content/plugins/thrive-visual-editor/editor/js/dist/modules/file-upload.min.js?v=3.24.3&ver=3.24.3 HTTP/1.1" 200 3587 "https://chijamzacademy.com/new/videoeditingchallenge/" "Mozilla/5.0 (Linux; Android 10; K) AppleWebKit/537.36 (KHTML, like Gecko) Chrome/141.0.0.0 Mobile Safari/537.36"
197.211.53.82 - - [17/Nov/2025:07:59:59 -0500] "GET /new/wp-content/plugins/thrive-visual-editor/editor/js/dist/modules/avatar-picker.min.js?v=3.24.3&ver=3.24.3 HTTP/1.1" 200 5209 "https://chijamzacademy.com/new/videoeditingchallenge/" "Mozilla/5.0 (Linux; Android 10; K) AppleWebKit/537.36 (KHTML, like Gecko) Chrome/141.0.0.0 Mobile Safari/537.36"
197.211.53.82 - - [17/Nov/2025:07:59:59 -0500] "GET /new/wp-content/plugins/thrive-visual-editor/editor/js/dist/image-gallery-libs.min.js?ver=3.24.3 HTTP/1.1" 200 9832 "https://chijamzacademy.com/new/videoeditingchallenge/" "Mozilla/5.0 (Linux; Android 10; K) AppleWebKit/537.36 (KHTML, like Gecko) Chrome/141.0.0.0 Mobile Safari/537.36"
197.211.53.82 - - [17/Nov/2025:07:59:59 -0500] "GET /new/wp-content/plugins/thrive-visual-editor/editor/js/dist/modules/fill-counter.min.js?v=3.24.3&ver=3.24.3 HTTP/1.1" 200 336 "https://chijamzacademy.com/new/videoeditingchallenge/" "Mozilla/5.0 (Linux; Android 10; K) AppleWebKit/537.36 (KHTML, like Gecko) Chrome/141.0.0.0 Mobile Safari/537.36"
197.211.53.82 - - [17/Nov/2025:07:59:59 -0500] "GET /new/wp-content/plugins/thrive-visual-editor/editor/js/dist/modules/conditional-display.min.js?v=3.24.3&ver=3.24.3 HTTP/1.1" 200 2558 "https://chijamzacademy.com/new/videoeditingchallenge/" "Mozilla/5.0 (Linux; Android 10; K) AppleWebKit/537.36 (KHTML, like Gecko) Chrome/141.0.0.0 Mobile Safari/537.36"
197.211.53.82 - - [17/Nov/2025:07:59:59 -0500] "GET /new/wp-content/plugins/thrive-visual-editor/editor/js/dist/modules/lead-generation.min.js?v=3.24.3&ver=3.24.3 HTTP/1.1" 200 5782 "https://chijamzacademy.com/new/videoeditingchallenge/" "Mozilla/5.0 (Linux; Android 10; K) AppleWebKit/537.36 (KHTML, like Gecko) Chrome/141.0.0.0 Mobile Safari/537.36"
197.211.53.82 - - [17/Nov/2025:07:59:59 -0500] "GET /new/wp-content/plugins/thrive-visual-editor/editor/js/dist/modules/pricing-table.min.js?v=3.24.3&ver=3.24.3 HTTP/1.1" 200 448 "https://chijamzacademy.com/new/videoeditingchallenge/" "Mozilla/5.0 (Linux; Android 10; K) AppleWebKit/537.36 (KHTML, like Gecko) Chrome/141.0.0.0 Mobile Safari/537.36"
197.211.53.82 - - [17/Nov/2025:07:59:59 -0500] "GET /new/wp-content/plugins/thrive-visual-editor/editor/js/dist/modules/post-grid-compat.min.js?v=3.24.3&ver=3.24.3 HTTP/1.1" 200 568 "https://chijamzacademy.com/new/videoeditingchallenge/" "Mozilla/5.0 (Linux; Android 10; K) AppleWebKit/537.36 (KHTML, like Gecko) Chrome/141.0.0.0 Mobile Safari/537.36"
197.211.53.82 - - [17/Nov/2025:07:59:59 -0500] "GET /new/wp-content/plugins/thrive-visual-editor/editor/js/dist/modules/toggle.min.js?v=3.24.3&ver=3.24.3 HTTP/1.1" 200 1438 "https://chijamzacademy.com/new/videoeditingchallenge/" "Mozilla/5.0 (Linux; Android 10; K) AppleWebKit/537.36 (KHTML, like Gecko) Chrome/141.0.0.0 Mobile Safari/537.36"
197.211.53.82 - - [17/Nov/2025:07:59:59 -0500] "GET /new/wp-content/plugins/thrive-visual-editor/editor/js/dist/modules/login.min.js?v=3.24.3&ver=3.24.3 HTTP/1.1" 200 3892 "https://chijamzacademy.com/new/videoeditingchallenge/" "Mozilla/5.0 (Linux; Android 10; K) AppleWebKit/537.36 (KHTML, like Gecko) Chrome/141.0.0.0 Mobile Safari/537.36"
197.211.53.82 - - [17/Nov/2025:07:59:59 -0500] "GET /new/wp-content/plugins/thrive-visual-editor/editor/js/dist/modules/table.min.js?v=3.24.3&ver=3.24.3 HTTP/1.1" 200 653 "https://chijamzacademy.com/new/videoeditingchallenge/" "Mozilla/5.0 (Linux; Android 10; K) AppleWebKit/537.36 (KHTML, like Gecko) Chrome/141.0.0.0 Mobile Safari/537.36"
197.211.53.82 - - [17/Nov/2025:07:59:59 -0500] "GET /new/wp-content/plugins/thrive-visual-editor/editor/js/dist/modules/social-share.min.js?v=3.24.3&ver=3.24.3 HTTP/1.1" 200 2141 "https://chijamzacademy.com/new/videoeditingchallenge/" "Mozilla/5.0 (Linux; Android 10; K) AppleWebKit/537.36 (KHTML, like Gecko) Chrome/141.0.0.0 Mobile Safari/537.36"
197.211.53.82 - - [17/Nov/2025:07:59:59 -0500] "GET /new/wp-content/plugins/thrive-visual-editor/editor/js/dist/modules/tabs.min.js?v=3.24.3&ver=3.24.3 HTTP/1.1" 200 1353 "https://chijamzacademy.com/new/videoeditingchallenge/" "Mozilla/5.0 (Linux; Android 10; K) AppleWebKit/537.36 (KHTML, like Gecko) Chrome/141.0.0.0 Mobile Safari/537.36"
197.211.53.82 - - [17/Nov/2025:07:59:59 -0500] "GET /new/wp-content/plugins/thrive-visual-editor/editor/js/dist/modules/pagination.min.js?v=3.24.3&ver=3.24.3 HTTP/1.1" 200 2092 "https://chijamzacademy.com/new/videoeditingchallenge/" "Mozilla/5.0 (Linux; Android 10; K) AppleWebKit/537.36 (KHTML, like Gecko) Chrome/141.0.0.0 Mobile Safari/537.36"
197.211.53.82 - - [17/Nov/2025:07:59:59 -0500] "GET /new/wp-content/plugins/thrive-visual-editor/editor/js/dist/modules/post-list.min.js?v=3.24.3&ver=3.24.3 HTTP/1.1" 200 1414 "https://chijamzacademy.com/new/videoeditingchallenge/" "Mozilla/5.0 (Linux; Android 10; K) AppleWebKit/537.36 (KHTML, like Gecko) Chrome/141.0.0.0 Mobile Safari/537.36"
197.211.53.82 - - [17/Nov/2025:07:59:59 -0500] "GET /new/wp-content/plugins/thrive-visual-editor/editor/js/dist/modules/facebook-api.min.js?v=3.24.3&ver=3.24.3 HTTP/1.1" 200 957 "https://chijamzacademy.com/new/videoeditingchallenge/" "Mozilla/5.0 (Linux; Android 10; K) AppleWebKit/537.36 (KHTML, like Gecko) Chrome/141.0.0.0 Mobile Safari/537.36"
197.211.53.82 - - [17/Nov/2025:07:59:59 -0500] "GET /new/wp-content/plugins/thrive-visual-editor/editor/js/dist/modules/modal.min.js?v=3.24.3&ver=3.24.3 HTTP/1.1" 200 1014 "https://chijamzacademy.com/new/videoeditingchallenge/" "Mozilla/5.0 (Linux; Android 10; K) AppleWebKit/537.36 (KHTML, like Gecko) Chrome/141.0.0.0 Mobile Safari/537.36"
197.211.53.82 - - [17/Nov/2025:07:59:59 -0500] "GET /new/wp-content/uploads/2025/11/Chijamz-Flyers-Temp-5.png HTTP/1.1" 200 3841860 "https://chijamzacademy.com/new/videoeditingchallenge/" "Mozilla/5.0 (Linux; Android 10; K) AppleWebKit/537.36 (KHTML, like Gecko) Chrome/141.0.0.0 Mobile Safari/537.36"
216.244.66.199 - - [17/Nov/2025:08:00:00 -0500] "GET /atjwqyg157547witems/etidm71ng HTTP/1.1" 404 1251 "-" "Mozilla/5.0 (compatible; DotBot/1.2; +https://opensiteexplorer.org/dotbot; help@moz.com)"
197.211.53.82 - - [17/Nov/2025:07:59:59 -0500] "GET /new/wp-content/plugins/thrive-visual-editor/editor/js/dist/modules/progress-bar.min.js?v=3.24.3&ver=3.24.3 HTTP/1.1" 200 1592 "https://chijamzacademy.com/new/videoeditingchallenge/" "Mozilla/5.0 (Linux; Android 10; K) AppleWebKit/537.36 (KHTML, like Gecko) Chrome/141.0.0.0 Mobile Safari/537.36"
197.211.53.82 - - [17/Nov/2025:07:59:59 -0500] "GET /new/wp-content/plugins/thrive-visual-editor/editor/js/dist/modules/timer.min.js?v=3.24.3&ver=3.24.3 HTTP/1.1" 200 1410 "https://chijamzacademy.com/new/videoeditingchallenge/" "Mozilla/5.0 (Linux; Android 10; K) AppleWebKit/537.36 (KHTML, like Gecko) Chrome/141.0.0.0 Mobile Safari/537.36"
197.211.53.82 - - [17/Nov/2025:07:59:59 -0500] "GET /new/wp-content/plugins/thrive-visual-editor/editor/js/dist/modules/post-list-filter.min.js?v=3.24.3&ver=3.24.3 HTTP/1.1" 200 1953 "https://chijamzacademy.com/new/videoeditingchallenge/" "Mozilla/5.0 (Linux; Android 10; K) AppleWebKit/537.36 (KHTML, like Gecko) Chrome/141.0.0.0 Mobile Safari/537.36"
197.211.53.82 - - [17/Nov/2025:07:59:59 -0500] "GET /new/wp-content/plugins/thrive-visual-editor/editor/js/dist/modules/google-api.min.js?v=3.24.3&ver=3.24.3 HTTP/1.1" 200 3212 "https://chijamzacademy.com/new/videoeditingchallenge/" "Mozilla/5.0 (Linux; Android 10; K) AppleWebKit/537.36 (KHTML, like Gecko) Chrome/141.0.0.0 Mobile Safari/537.36"
197.211.53.82 - - [17/Nov/2025:07:59:59 -0500] "GET /new/wp-content/plugins/thrive-visual-editor/editor/js/dist/modules/toc.min.js?v=3.24.3&ver=3.24.3 HTTP/1.1" 200 3619 "https://chijamzacademy.com/new/videoeditingchallenge/" "Mozilla/5.0 (Linux; Android 10; K) AppleWebKit/537.36 (KHTML, like Gecko) Chrome/141.0.0.0 Mobile Safari/537.36"
197.211.53.82 - - [17/Nov/2025:07:59:59 -0500] "GET /new/wp-content/plugins/thrive-visual-editor/editor/js/dist/modules/twitter.min.js?v=3.24.3&ver=3.24.3 HTTP/1.1" 200 388 "https://chijamzacademy.com/new/videoeditingchallenge/" "Mozilla/5.0 (Linux; Android 10; K) AppleWebKit/537.36 (KHTML, like Gecko) Chrome/141.0.0.0 Mobile Safari/537.36"
197.211.53.82 - - [17/Nov/2025:07:59:59 -0500] "GET /new/wp-content/plugins/thrive-visual-editor/editor/js/dist/modules/user-profile.min.js?v=3.24.3&ver=3.24.3 HTTP/1.1" 200 2256 "https://chijamzacademy.com/new/videoeditingchallenge/" "Mozilla/5.0 (Linux; Android 10; K) AppleWebKit/537.36 (KHTML, like Gecko) Chrome/141.0.0.0 Mobile Safari/537.36"
197.211.53.82 - - [17/Nov/2025:07:59:59 -0500] "GET /new/wp-content/plugins/thrive-visual-editor/editor/js/dist/modules/menu.min.js?v=3.24.3&ver=3.24.3 HTTP/1.1" 200 4668 "https://chijamzacademy.com/new/videoeditingchallenge/" "Mozilla/5.0 (Linux; Android 10; K) AppleWebKit/537.36 (KHTML, like Gecko) Chrome/141.0.0.0 Mobile Safari/537.36"
216.244.66.199 - - [17/Nov/2025:07:59:59 -0500] "GET /atjwqyg155987witems/etidm31ng HTTP/1.1" 404 1251 "-" "Mozilla/5.0 (compatible; DotBot/1.2; +https://opensiteexplorer.org/dotbot; help@moz.com)"
18.235.158.19 - - [17/Nov/2025:07:59:59 -0500] "GET /wp-includes/block-supports/aduot.php?path=//proc/self/root/proc/self/root/proc/self/root/proc/self/root/opt/cpanel/ea-brotli/lib64 HTTP/1.1" 200 2279 "-" "Mozilla/5.0 AppleWebKit/537.36 (KHTML, like Gecko; compatible; Amazonbot/0.1; +https://developer.amazon.com/support/amazonbot) Chrome/119.0.6045.214 Safari/537.36"
216.244.66.199 - - [17/Nov/2025:08:00:00 -0500] "GET /atjwqyg199823witems/etidm HTTP/1.1" 404 1251 "-" "Mozilla/5.0 (compatible; DotBot/1.2; +https://opensiteexplorer.org/dotbot; help@moz.com)"
197.211.53.82 - - [17/Nov/2025:08:00:02 -0500] "POST /new/wp-admin/admin-ajax.php HTTP/1.1" 200 2 "https://chijamzacademy.com/new/videoeditingchallenge/" "Mozilla/5.0 (Linux; Android 10; K) AppleWebKit/537.36 (KHTML, like Gecko) Chrome/141.0.0.0 Mobile Safari/537.36"
216.244.66.199 - - [17/Nov/2025:08:00:00 -0500] "GET /atjwqyg240851witems/etidm86ng HTTP/1.1" 404 1251 "-" "Mozilla/5.0 (compatible; DotBot/1.2; +https://opensiteexplorer.org/dotbot; help@moz.com)"
216.244.66.199 - - [17/Nov/2025:08:00:01 -0500] "GET /atjwqyg255775witems/etidm.htm HTTP/1.1" 404 1251 "-" "Mozilla/5.0 (compatible; DotBot/1.2; +https://opensiteexplorer.org/dotbot; help@moz.com)"
216.244.66.199 - - [17/Nov/2025:08:00:01 -0500] "GET /atjwqyg285727witems/etidm.htm HTTP/1.1" 404 1251 "-" "Mozilla/5.0 (compatible; DotBot/1.2; +https://opensiteexplorer.org/dotbot; help@moz.com)"
197.211.53.82 - - [17/Nov/2025:08:00:01 -0500] "GET /new/wp-includes/js/wp-emoji-release.min.js?ver=6.8.3 HTTP/1.1" 200 4769 "https://chijamzacademy.com/new/videoeditingchallenge/" "Mozilla/5.0 (Linux; Android 10; K) AppleWebKit/537.36 (KHTML, like Gecko) Chrome/141.0.0.0 Mobile Safari/537.36"
