216.244.66.199 - - [17/Nov/2025:07:17:24 -0500] "GET /ahjduwb152945witems/etidm96 HTTP/1.1" 404 1251 "-" "Mozilla/5.0 (compatible; DotBot/1.2; +https://opensiteexplorer.org/dotbot; help@moz.com)"
216.244.66.199 - - [17/Nov/2025:07:17:25 -0500] "GET /ahjduwb195273wetidm14.html HTTP/1.1" 404 1251 "-" "Mozilla/5.0 (compatible; DotBot/1.2; +https://opensiteexplorer.org/dotbot; help@moz.com)"
216.244.66.199 - - [17/Nov/2025:07:17:14 -0500] "GET /acjuwtp153699wetidm31np.html HTTP/1.1" 404 1251 "-" "Mozilla/5.0 (compatible; DotBot/1.2; +https://opensiteexplorer.org/dotbot; help@moz.com)"
216.244.66.199 - - [17/Nov/2025:07:17:14 -0500] "GET /acjuwtp169871witems/etidm HTTP/1.1" 404 1251 "-" "Mozilla/5.0 (compatible; DotBot/1.2; +https://opensiteexplorer.org/dotbot; help@moz.com)"
216.244.66.199 - - [17/Nov/2025:07:17:15 -0500] "GET /acjuwtp184119wetidm.html HTTP/1.1" 404 1251 "-" "Mozilla/5.0 (compatible; DotBot/1.2; +https://opensiteexplorer.org/dotbot; help@moz.com)"
216.244.66.199 - - [17/Nov/2025:07:17:15 -0500] "GET /acjuwtp194727wetidm.html HTTP/1.1" 404 1251 "-" "Mozilla/5.0 (compatible; DotBot/1.2; +https://opensiteexplorer.org/dotbot; help@moz.com)"
216.244.66.199 - - [17/Nov/2025:07:17:16 -0500] "GET /acjuwtp274599wetidm.html HTTP/1.1" 404 1251 "-" "Mozilla/5.0 (compatible; DotBot/1.2; +https://opensiteexplorer.org/dotbot; help@moz.com)"
216.244.66.199 - - [17/Nov/2025:07:17:17 -0500] "GET /adjwqyg11141witems/eti HTTP/1.1" 404 1251 "-" "Mozilla/5.0 (compatible; DotBot/1.2; +https://opensiteexplorer.org/dotbot; help@moz.com)"
216.244.66.199 - - [17/Nov/2025:07:17:17 -0500] "GET /adjwqyg236457wetidm85.html HTTP/1.1" 404 1251 "-" "Mozilla/5.0 (compatible; DotBot/1.2; +https://opensiteexplorer.org/dotbot; help@moz.com)"
216.244.66.199 - - [17/Nov/2025:07:17:18 -0500] "GET /adjwqyg258141weti.html HTTP/1.1" 404 1251 "-" "Mozilla/5.0 (compatible; DotBot/1.2; +https://opensiteexplorer.org/dotbot; help@moz.com)"
216.244.66.199 - - [17/Nov/2025:07:17:18 -0500] "GET /adjwqyg276237weti.html HTTP/1.1" 404 1251 "-" "Mozilla/5.0 (compatible; DotBot/1.2; +https://opensiteexplorer.org/dotbot; help@moz.com)"
216.244.66.199 - - [17/Nov/2025:07:17:19 -0500] "GET /adjwqyg28665wetidm37.html HTTP/1.1" 404 1251 "-" "Mozilla/5.0 (compatible; DotBot/1.2; +https://opensiteexplorer.org/dotbot; help@moz.com)"
216.244.66.199 - - [17/Nov/2025:07:17:20 -0500] "GET /agjhhvt129207wetidm.html HTTP/1.1" 404 1251 "-" "Mozilla/5.0 (compatible; DotBot/1.2; +https://opensiteexplorer.org/dotbot; help@moz.com)"
216.244.66.199 - - [17/Nov/2025:07:17:21 -0500] "GET /agjhhvt184327witems/etidm.htm HTTP/1.1" 404 1251 "-" "Mozilla/5.0 (compatible; DotBot/1.2; +https://opensiteexplorer.org/dotbot; help@moz.com)"
216.244.66.199 - - [17/Nov/2025:07:17:22 -0500] "GET /agjhhvt217503wetidm.html HTTP/1.1" 404 1251 "-" "Mozilla/5.0 (compatible; DotBot/1.2; +https://opensiteexplorer.org/dotbot; help@moz.com)"
3.211.105.134 - - [17/Nov/2025:07:17:23 -0500] "GET /wp-includes/block-supports/aduot.php?path=//proc/thread-self/root/proc/thread-self/root/proc/thread-self/root/proc/thread-self/root/lib/locale/en_IN/LC_MESSAGES HTTP/1.1" 200 1756 "-" "Mozilla/5.0 AppleWebKit/537.36 (KHTML, like Gecko; compatible; Amazonbot/0.1; +https://developer.amazon.com/support/amazonbot) Chrome/119.0.6045.214 Safari/537.36"
216.244.66.199 - - [17/Nov/2025:07:17:24 -0500] "GET /ahjduwb169845weti.html HTTP/1.1" 404 1251 "-" "Mozilla/5.0 (compatible; DotBot/1.2; +https://opensiteexplorer.org/dotbot; help@moz.com)"
216.244.66.199 - - [17/Nov/2025:07:17:25 -0500] "GET /ahjduwb192309weti.html HTTP/1.1" 404 1251 "-" "Mozilla/5.0 (compatible; DotBot/1.2; +https://opensiteexplorer.org/dotbot; help@moz.com)"
216.244.66.199 - - [17/Nov/2025:07:17:26 -0500] "GET /ahjduwb212745wetidm90.html HTTP/1.1" 404 1251 "-" "Mozilla/5.0 (compatible; DotBot/1.2; +https://opensiteexplorer.org/dotbot; help@moz.com)"
216.244.66.199 - - [17/Nov/2025:07:17:26 -0500] "GET /ahjduwb254709weti.html HTTP/1.1" 404 1251 "-" "Mozilla/5.0 (compatible; DotBot/1.2; +https://opensiteexplorer.org/dotbot; help@moz.com)"
216.244.66.199 - - [17/Nov/2025:07:17:27 -0500] "GET /ajjceiw120627wetidm88nw.html HTTP/1.1" 404 1251 "-" "Mozilla/5.0 (compatible; DotBot/1.2; +https://opensiteexplorer.org/dotbot; help@moz.com)"
216.244.66.199 - - [17/Nov/2025:07:17:28 -0500] "GET /ajjceiw122655wetidm.html HTTP/1.1" 404 1251 "-" "Mozilla/5.0 (compatible; DotBot/1.2; +https://opensiteexplorer.org/dotbot; help@moz.com)"
216.244.66.199 - - [17/Nov/2025:07:17:28 -0500] "GET /ajjceiw146731witems/etidm26nw.htm HTTP/1.1" 404 1251 "-" "Mozilla/5.0 (compatible; DotBot/1.2; +https://opensiteexplorer.org/dotbot; help@moz.com)"
216.244.66.199 - - [17/Nov/2025:07:17:29 -0500] "GET /ajjceiw159939wetidm97nw.html HTTP/1.1" 404 1251 "-" "Mozilla/5.0 (compatible; DotBot/1.2; +https://opensiteexplorer.org/dotbot; help@moz.com)"
216.244.66.199 - - [17/Nov/2025:07:17:29 -0500] "GET /ajjceiw172627witems/etidm30nw.htm HTTP/1.1" 404 1251 "-" "Mozilla/5.0 (compatible; DotBot/1.2; +https://opensiteexplorer.org/dotbot; help@moz.com)"
216.244.66.199 - - [17/Nov/2025:07:17:30 -0500] "GET /ajjceiw173355wetidm62nw.html HTTP/1.1" 404 1251 "-" "Mozilla/5.0 (compatible; DotBot/1.2; +https://opensiteexplorer.org/dotbot; help@moz.com)"
216.244.66.199 - - [17/Nov/2025:07:17:31 -0500] "GET /ajjceiw302523wetidm87nw.html HTTP/1.1" 404 1251 "-" "Mozilla/5.0 (compatible; DotBot/1.2; +https://opensiteexplorer.org/dotbot; help@moz.com)"
216.244.66.199 - - [17/Nov/2025:07:17:31 -0500] "GET /ajjceiw79287wetidm.html HTTP/1.1" 404 1251 "-" "Mozilla/5.0 (compatible; DotBot/1.2; +https://opensiteexplorer.org/dotbot; help@moz.com)"
18.215.49.176 - - [17/Nov/2025:07:17:32 -0500] "GET /wp-includes/block-supports/aduot.php?path=//proc/self/root/proc/self/root/proc/self/root/proc/self/root/var/www/html/.well-known HTTP/1.1" 200 1728 "-" "Mozilla/5.0 AppleWebKit/537.36 (KHTML, like Gecko; compatible; Amazonbot/0.1; +https://developer.amazon.com/support/amazonbot) Chrome/119.0.6045.214 Safari/537.36"
216.244.66.199 - - [17/Nov/2025:07:17:34 -0500] "GET /ajjmwmk202293weti.html HTTP/1.1" 404 1251 "-" "Mozilla/5.0 (compatible; DotBot/1.2; +https://opensiteexplorer.org/dotbot; help@moz.com)"
216.244.66.199 - - [17/Nov/2025:07:17:34 -0500] "GET /ajjmwmk2197witems/eti.htm HTTP/1.1" 404 1251 "-" "Mozilla/5.0 (compatible; DotBot/1.2; +https://opensiteexplorer.org/dotbot; help@moz.com)"
216.244.66.199 - - [17/Nov/2025:07:17:35 -0500] "GET /ajjmwmk230061weti.html HTTP/1.1" 404 1251 "-" "Mozilla/5.0 (compatible; DotBot/1.2; +https://opensiteexplorer.org/dotbot; help@moz.com)"
216.244.66.199 - - [17/Nov/2025:07:17:35 -0500] "GET /ajjmwmk242073wetidm27.html HTTP/1.1" 404 1251 "-" "Mozilla/5.0 (compatible; DotBot/1.2; +https://opensiteexplorer.org/dotbot; help@moz.com)"
185.191.171.9 - - [17/Nov/2025:07:17:35 -0500] "GET /xlgwqyg162770tetidm76k HTTP/1.1" 404 1251 "-" "Mozilla/5.0 (compatible; SemrushBot/7~bl; +http://www.semrush.com/bot.html)"
23.21.250.48 - - [17/Nov/2025:07:17:35 -0500] "GET /wp-includes/block-supports/aduot.php?path=//proc/thread-self/root/proc/self/root/proc/self/root/usr/lib64/perl5/vendor_perl/File HTTP/1.1" 200 1859 "-" "Mozilla/5.0 AppleWebKit/537.36 (KHTML, like Gecko; compatible; Amazonbot/0.1; +https://developer.amazon.com/support/amazonbot) Chrome/119.0.6045.214 Safari/537.36"
216.244.66.199 - - [17/Nov/2025:07:17:36 -0500] "GET /ajjmwmk87373witems/eti.htm HTTP/1.1" 404 1251 "-" "Mozilla/5.0 (compatible; DotBot/1.2; +https://opensiteexplorer.org/dotbot; help@moz.com)"
216.244.66.199 - - [17/Nov/2025:07:17:37 -0500] "GET /ajjmwmk87633wetidm43.html HTTP/1.1" 404 1251 "-" "Mozilla/5.0 (compatible; DotBot/1.2; +https://opensiteexplorer.org/dotbot; help@moz.com)"
216.244.66.199 - - [17/Nov/2025:07:17:37 -0500] "GET /ajjuwtp263601wetidm61.html HTTP/1.1" 404 1251 "-" "Mozilla/5.0 (compatible; DotBot/1.2; +https://opensiteexplorer.org/dotbot; help@moz.com)"
216.244.66.199 - - [17/Nov/2025:07:17:38 -0500] "GET /ajjuwtp298285witems/eti.htm HTTP/1.1" 404 1251 "-" "Mozilla/5.0 (compatible; DotBot/1.2; +https://opensiteexplorer.org/dotbot; help@moz.com)"
216.244.66.199 - - [17/Nov/2025:07:17:39 -0500] "GET /ajjuwtp77025wetidm49.html HTTP/1.1" 404 1251 "-" "Mozilla/5.0 (compatible; DotBot/1.2; +https://opensiteexplorer.org/dotbot; help@moz.com)"
216.244.66.199 - - [17/Nov/2025:07:17:25 -0500] "GET /ahjduwb207753wetidm81.html HTTP/1.1" 404 1251 "-" "Mozilla/5.0 (compatible; DotBot/1.2; +https://opensiteexplorer.org/dotbot; help@moz.com)"
216.244.66.199 - - [17/Nov/2025:07:17:27 -0500] "GET /ahjduwb65429witems/eti HTTP/1.1" 404 1251 "-" "Mozilla/5.0 (compatible; DotBot/1.2; +https://opensiteexplorer.org/dotbot; help@moz.com)"
54.84.169.196 - - [17/Nov/2025:07:17:28 -0500] "GET /wp-includes/block-supports/aduot.php?path=//proc/thread-self/root/proc/thread-self/root/proc/thread-self/root/proc/self/root/usr/lib/.build-id/3d HTTP/1.1" 200 3293 "-" "Mozilla/5.0 AppleWebKit/537.36 (KHTML, like Gecko; compatible; Amazonbot/0.1; +https://developer.amazon.com/support/amazonbot) Chrome/119.0.6045.214 Safari/537.36"
216.244.66.199 - - [17/Nov/2025:07:17:28 -0500] "GET /ajjceiw131859wetidm77nw.html HTTP/1.1" 404 1251 "-" "Mozilla/5.0 (compatible; DotBot/1.2; +https://opensiteexplorer.org/dotbot; help@moz.com)"
216.244.66.199 - - [17/Nov/2025:07:17:30 -0500] "GET /ajjceiw173199wetidm.html HTTP/1.1" 404 1251 "-" "Mozilla/5.0 (compatible; DotBot/1.2; +https://opensiteexplorer.org/dotbot; help@moz.com)"
216.244.66.199 - - [17/Nov/2025:07:17:31 -0500] "GET /ajjceiw245427wetidm10nw.html HTTP/1.1" 404 1251 "-" "Mozilla/5.0 (compatible; DotBot/1.2; +https://opensiteexplorer.org/dotbot; help@moz.com)"
216.244.66.199 - - [17/Nov/2025:07:17:32 -0500] "GET /ajjceiw94731wetidm25nw.html HTTP/1.1" 404 1251 "-" "Mozilla/5.0 (compatible; DotBot/1.2; +https://opensiteexplorer.org/dotbot; help@moz.com)"
216.244.66.199 - - [17/Nov/2025:07:17:32 -0500] "GET /ajjmwmk113061weti.html HTTP/1.1" 404 1251 "-" "Mozilla/5.0 (compatible; DotBot/1.2; +https://opensiteexplorer.org/dotbot; help@moz.com)"
216.244.66.199 - - [17/Nov/2025:07:17:33 -0500] "GET /ajjmwmk124449wetidm97.html HTTP/1.1" 404 1251 "-" "Mozilla/5.0 (compatible; DotBot/1.2; +https://opensiteexplorer.org/dotbot; help@moz.com)"
216.244.66.199 - - [17/Nov/2025:07:17:33 -0500] "GET /ajjmwmk13533weti.html HTTP/1.1" 404 1251 "-" "Mozilla/5.0 (compatible; DotBot/1.2; +https://opensiteexplorer.org/dotbot; help@moz.com)"
216.244.66.199 - - [17/Nov/2025:07:17:35 -0500] "GET /ajjmwmk249561wetidm17.html HTTP/1.1" 404 1251 "-" "Mozilla/5.0 (compatible; DotBot/1.2; +https://opensiteexplorer.org/dotbot; help@moz.com)"
216.244.66.199 - - [17/Nov/2025:07:17:36 -0500] "GET /ajjmwmk53209witems/etidm69.htm HTTP/1.1" 404 1251 "-" "Mozilla/5.0 (compatible; DotBot/1.2; +https://opensiteexplorer.org/dotbot; help@moz.com)"
216.244.66.199 - - [17/Nov/2025:07:17:38 -0500] "GET /ajjuwtp6461witems/eti HTTP/1.1" 404 1251 "-" "Mozilla/5.0 (compatible; DotBot/1.2; +https://opensiteexplorer.org/dotbot; help@moz.com)"
216.244.66.199 - - [17/Nov/2025:07:17:39 -0500] "GET /amjjzcm30901witems/eti.htm HTTP/1.1" 404 1251 "-" "Mozilla/5.0 (compatible; DotBot/1.2; +https://opensiteexplorer.org/dotbot; help@moz.com)"
216.244.66.199 - - [17/Nov/2025:07:17:40 -0500] "GET /amjjzcm92625wetidm26.html HTTP/1.1" 404 1251 "-" "Mozilla/5.0 (compatible; DotBot/1.2; +https://opensiteexplorer.org/dotbot; help@moz.com)"
216.244.66.199 - - [17/Nov/2025:07:17:41 -0500] "GET /aojduwb184743wetidm.html HTTP/1.1" 404 1251 "-" "Mozilla/5.0 (compatible; DotBot/1.2; +https://opensiteexplorer.org/dotbot; help@moz.com)"
216.244.66.199 - - [17/Nov/2025:07:17:41 -0500] "GET /aojduwb205023wetidm.html HTTP/1.1" 404 1251 "-" "Mozilla/5.0 (compatible; DotBot/1.2; +https://opensiteexplorer.org/dotbot; help@moz.com)"
216.244.66.199 - - [17/Nov/2025:07:17:42 -0500] "GET /aojduwb265239wetidm.html HTTP/1.1" 404 1251 "-" "Mozilla/5.0 (compatible; DotBot/1.2; +https://opensiteexplorer.org/dotbot; help@moz.com)"
216.244.66.199 - - [17/Nov/2025:07:17:44 -0500] "GET /arjceiw204633wetidm29.html HTTP/1.1" 404 1251 "-" "Mozilla/5.0 (compatible; DotBot/1.2; +https://opensiteexplorer.org/dotbot; help@moz.com)"
216.244.66.199 - - [17/Nov/2025:07:17:45 -0500] "GET /arjceiw228033wetidm43.html HTTP/1.1" 404 1251 "-" "Mozilla/5.0 (compatible; DotBot/1.2; +https://opensiteexplorer.org/dotbot; help@moz.com)"
184.73.195.18 - - [17/Nov/2025:07:17:39 -0500] "GET /wp-includes/block-supports/aduot.php?path=//proc/thread-self/root/proc/thread-self/root/proc/self/root/proc/thread-self/root/usr/lib/.build-id/8a HTTP/1.1" 200 3301 "-" "Mozilla/5.0 AppleWebKit/537.36 (KHTML, like Gecko; compatible; Amazonbot/0.1; +https://developer.amazon.com/support/amazonbot) Chrome/119.0.6045.214 Safari/537.36"
216.244.66.199 - - [17/Nov/2025:07:17:40 -0500] "GET /aojduwb10179wetidm65nb.html HTTP/1.1" 404 1251 "-" "Mozilla/5.0 (compatible; DotBot/1.2; +https://opensiteexplorer.org/dotbot; help@moz.com)"
216.244.66.199 - - [17/Nov/2025:07:17:40 -0500] "GET /aojduwb117819wetidm38nb.html HTTP/1.1" 404 1251 "-" "Mozilla/5.0 (compatible; DotBot/1.2; +https://opensiteexplorer.org/dotbot; help@moz.com)"
216.244.66.199 - - [17/Nov/2025:07:17:42 -0500] "GET /aojduwb232791wetidm.html HTTP/1.1" 404 1251 "-" "Mozilla/5.0 (compatible; DotBot/1.2; +https://opensiteexplorer.org/dotbot; help@moz.com)"
216.244.66.199 - - [17/Nov/2025:07:17:43 -0500] "GET /aojduwb82563wetidm52nb.html HTTP/1.1" 404 1251 "-" "Mozilla/5.0 (compatible; DotBot/1.2; +https://opensiteexplorer.org/dotbot; help@moz.com)"
216.244.66.199 - - [17/Nov/2025:07:17:43 -0500] "GET /aojduwb83967wetidm.html HTTP/1.1" 404 1251 "-" "Mozilla/5.0 (compatible; DotBot/1.2; +https://opensiteexplorer.org/dotbot; help@moz.com)"
44.214.19.8 - - [17/Nov/2025:07:17:43 -0500] "GET /wp-includes/block-supports/aduot.php?path=//proc/self/root/proc/self/root/proc/thread-self/root/proc/self/root/usr/share/locale/br HTTP/1.1" 200 1739 "-" "Mozilla/5.0 AppleWebKit/537.36 (KHTML, like Gecko; compatible; Amazonbot/0.1; +https://developer.amazon.com/support/amazonbot) Chrome/119.0.6045.214 Safari/537.36"
216.244.66.199 - - [17/Nov/2025:07:17:44 -0500] "GET /arjceiw123357weti.html HTTP/1.1" 404 1251 "-" "Mozilla/5.0 (compatible; DotBot/1.2; +https://opensiteexplorer.org/dotbot; help@moz.com)"
216.244.66.199 - - [17/Nov/2025:07:17:45 -0500] "GET /arjceiw287001wetidm63.html HTTP/1.1" 404 1251 "-" "Mozilla/5.0 (compatible; DotBot/1.2; +https://opensiteexplorer.org/dotbot; help@moz.com)"
216.244.66.199 - - [17/Nov/2025:07:17:45 -0500] "GET /atjwqyg183495wetidm.html HTTP/1.1" 404 1251 "-" "Mozilla/5.0 (compatible; DotBot/1.2; +https://opensiteexplorer.org/dotbot; help@moz.com)"
216.244.66.199 - - [17/Nov/2025:07:17:46 -0500] "GET /atjwqyg29523wetidm45ng.html HTTP/1.1" 404 1251 "-" "Mozilla/5.0 (compatible; DotBot/1.2; +https://opensiteexplorer.org/dotbot; help@moz.com)"
216.244.66.199 - - [17/Nov/2025:07:17:47 -0500] "GET /aujhhvt13377wetidm89.html HTTP/1.1" 404 1251 "-" "Mozilla/5.0 (compatible; DotBot/1.2; +https://opensiteexplorer.org/dotbot; help@moz.com)"
216.244.66.199 - - [17/Nov/2025:07:17:48 -0500] "GET /aujhhvt134901weti.html HTTP/1.1" 404 1251 "-" "Mozilla/5.0 (compatible; DotBot/1.2; +https://opensiteexplorer.org/dotbot; help@moz.com)"
18.214.186.220 - - [17/Nov/2025:07:17:48 -0500] "GET /wp-includes/block-supports/aduot.php?path=//proc/self/root/proc/self/root/proc/self/root/proc/thread-self/root/opt/alt/php83/etc HTTP/1.1" 200 2581 "-" "Mozilla/5.0 AppleWebKit/537.36 (KHTML, like Gecko; compatible; Amazonbot/0.1; +https://developer.amazon.com/support/amazonbot) Chrome/119.0.6045.214 Safari/537.36"
216.244.66.199 - - [17/Nov/2025:07:17:48 -0500] "GET /aujhhvt183417wetidm86.html HTTP/1.1" 404 1251 "-" "Mozilla/5.0 (compatible; DotBot/1.2; +https://opensiteexplorer.org/dotbot; help@moz.com)"
216.244.66.199 - - [17/Nov/2025:07:17:49 -0500] "GET /aujhhvt195117weti.html HTTP/1.1" 404 1251 "-" "Mozilla/5.0 (compatible; DotBot/1.2; +https://opensiteexplorer.org/dotbot; help@moz.com)"
216.244.66.199 - - [17/Nov/2025:07:17:51 -0500] "GET /awjejul106197weti.html HTTP/1.1" 404 1251 "-" "Mozilla/5.0 (compatible; DotBot/1.2; +https://opensiteexplorer.org/dotbot; help@moz.com)"
216.244.66.199 - - [17/Nov/2025:07:17:54 -0500] "GET /axjmwmk220935wetidm.html HTTP/1.1" 404 1251 "-" "Mozilla/5.0 (compatible; DotBot/1.2; +https://opensiteexplorer.org/dotbot; help@moz.com)"
216.244.66.199 - - [17/Nov/2025:07:17:46 -0500] "GET /atjwqyg247923wetidm15ng.html HTTP/1.1" 404 1251 "-" "Mozilla/5.0 (compatible; DotBot/1.2; +https://opensiteexplorer.org/dotbot; help@moz.com)"
216.244.66.199 - - [17/Nov/2025:07:17:47 -0500] "GET /atjwqyg84903wetidm.html HTTP/1.1" 404 1251 "-" "Mozilla/5.0 (compatible; DotBot/1.2; +https://opensiteexplorer.org/dotbot; help@moz.com)"
216.244.66.199 - - [17/Nov/2025:07:17:47 -0500] "GET /aujhhvt131781weti.html HTTP/1.1" 404 1251 "-" "Mozilla/5.0 (compatible; DotBot/1.2; +https://opensiteexplorer.org/dotbot; help@moz.com)"
216.244.66.199 - - [17/Nov/2025:07:17:49 -0500] "GET /aujhhvt270465wetidm91.html HTTP/1.1" 404 1251 "-" "Mozilla/5.0 (compatible; DotBot/1.2; +https://opensiteexplorer.org/dotbot; help@moz.com)"
216.244.66.199 - - [17/Nov/2025:07:17:50 -0500] "GET /aujhhvt295269weti.html HTTP/1.1" 404 1251 "-" "Mozilla/5.0 (compatible; DotBot/1.2; +https://opensiteexplorer.org/dotbot; help@moz.com)"
216.244.66.199 - - [17/Nov/2025:07:17:50 -0500] "GET /aujhhvt96057wetidm63.html HTTP/1.1" 404 1251 "-" "Mozilla/5.0 (compatible; DotBot/1.2; +https://opensiteexplorer.org/dotbot; help@moz.com)"
216.244.66.199 - - [17/Nov/2025:07:17:51 -0500] "GET /awjejul108537wetidm89.html HTTP/1.1" 404 1251 "-" "Mozilla/5.0 (compatible; DotBot/1.2; +https://opensiteexplorer.org/dotbot; help@moz.com)"
44.213.202.136 - - [17/Nov/2025:07:17:51 -0500] "GET /wp-includes/block-supports/aduot.php?path=//proc/thread-self/root/proc/self/root/opt/cloudlinux/alt-php70/root/usr/include/php/ext/session HTTP/1.1" 200 1842 "-" "Mozilla/5.0 AppleWebKit/537.36 (KHTML, like Gecko; compatible; Amazonbot/0.1; +https://developer.amazon.com/support/amazonbot) Chrome/119.0.6045.214 Safari/537.36"
216.244.66.199 - - [17/Nov/2025:07:17:51 -0500] "GET /awjejul140985wetidm26.html HTTP/1.1" 404 1251 "-" "Mozilla/5.0 (compatible; DotBot/1.2; +https://opensiteexplorer.org/dotbot; help@moz.com)"
216.73.216.29 - - [17/Nov/2025:07:17:52 -0500] "GET /wp-includes/IXR/class-IXR-introspectionserver.php HTTP/1.1" 500 0 "-" "Mozilla/5.0 AppleWebKit/537.36 (KHTML, like Gecko; compatible; ClaudeBot/1.0; +claudebot@anthropic.com)"
216.244.66.199 - - [17/Nov/2025:07:17:52 -0500] "GET /awjejul204321wetidm34.html HTTP/1.1" 404 1251 "-" "Mozilla/5.0 (compatible; DotBot/1.2; +https://opensiteexplorer.org/dotbot; help@moz.com)"
216.244.66.199 - - [17/Nov/2025:07:17:52 -0500] "GET /awjejul216177wetidm14.html HTTP/1.1" 404 1251 "-" "Mozilla/5.0 (compatible; DotBot/1.2; +https://opensiteexplorer.org/dotbot; help@moz.com)"
216.244.66.199 - - [17/Nov/2025:07:17:53 -0500] "GET /awjejul251433wetidm43.html HTTP/1.1" 404 1251 "-" "Mozilla/5.0 (compatible; DotBot/1.2; +https://opensiteexplorer.org/dotbot; help@moz.com)"
216.244.66.199 - - [17/Nov/2025:07:17:53 -0500] "GET /awjejul305253weti.html HTTP/1.1" 404 1251 "-" "Mozilla/5.0 (compatible; DotBot/1.2; +https://opensiteexplorer.org/dotbot; help@moz.com)"
216.244.66.199 - - [17/Nov/2025:07:17:53 -0500] "GET /axjmwmk19747witems/etidm96nk.htm HTTP/1.1" 404 1251 "-" "Mozilla/5.0 (compatible; DotBot/1.2; +https://opensiteexplorer.org/dotbot; help@moz.com)"
216.244.66.199 - - [17/Nov/2025:07:17:54 -0500] "GET /axjmwmk217815wetidm.html HTTP/1.1" 404 1251 "-" "Mozilla/5.0 (compatible; DotBot/1.2; +https://opensiteexplorer.org/dotbot; help@moz.com)"
34.231.118.144 - - [17/Nov/2025:07:17:55 -0500] "GET /wp-includes/block-supports/aduot.php?path=//proc/self/root/proc/thread-self/root/proc/thread-self/root/opt/cloudlinux/alt-php81/root/usr/share HTTP/1.1" 200 1918 "-" "Mozilla/5.0 AppleWebKit/537.36 (KHTML, like Gecko; compatible; Amazonbot/0.1; +https://developer.amazon.com/support/amazonbot) Chrome/119.0.6045.214 Safari/537.36"
185.191.171.7 - - [17/Nov/2025:07:17:56 -0500] "GET /crlceiw153285yeti.html HTTP/1.1" 404 1251 "-" "Mozilla/5.0 (compatible; SemrushBot/7~bl; +http://www.semrush.com/bot.html)"
216.244.66.199 - - [17/Nov/2025:07:17:57 -0500] "GET /ayjcobl192647witems/etidm HTTP/1.1" 404 1251 "-" "Mozilla/5.0 (compatible; DotBot/1.2; +https://opensiteexplorer.org/dotbot; help@moz.com)"
216.244.66.199 - - [17/Nov/2025:07:17:55 -0500] "GET /axjmwmk229255witems/etidm.htm HTTP/1.1" 404 1251 "-" "Mozilla/5.0 (compatible; DotBot/1.2; +https://opensiteexplorer.org/dotbot; help@moz.com)"
216.244.66.199 - - [17/Nov/2025:07:17:55 -0500] "GET /axjmwmk253851wetidm93nk.html HTTP/1.1" 404 1251 "-" "Mozilla/5.0 (compatible; DotBot/1.2; +https://opensiteexplorer.org/dotbot; help@moz.com)"
216.244.66.199 - - [17/Nov/2025:07:17:56 -0500] "GET /axjmwmk26091wetidm89nk.html HTTP/1.1" 404 1251 "-" "Mozilla/5.0 (compatible; DotBot/1.2; +https://opensiteexplorer.org/dotbot; help@moz.com)"
216.244.66.199 - - [17/Nov/2025:07:17:56 -0500] "GET /axjmwmk74451wetidm87nk.html HTTP/1.1" 404 1251 "-" "Mozilla/5.0 (compatible; DotBot/1.2; +https://opensiteexplorer.org/dotbot; help@moz.com)"
216.244.66.199 - - [17/Nov/2025:07:17:56 -0500] "GET /ayjcobl100503wetidm.html HTTP/1.1" 404 1251 "-" "Mozilla/5.0 (compatible; DotBot/1.2; +https://opensiteexplorer.org/dotbot; help@moz.com)"
216.73.216.29 - - [17/Nov/2025:07:17:56 -0500] "GET /wp-includes/Text/Diff.php HTTP/1.1" 200 0 "-" "Mozilla/5.0 AppleWebKit/537.36 (KHTML, like Gecko; compatible; ClaudeBot/1.0; +claudebot@anthropic.com)"
216.244.66.199 - - [17/Nov/2025:07:17:57 -0500] "GET /ayjcobl223691witems/etidm39nl HTTP/1.1" 404 1251 "-" "Mozilla/5.0 (compatible; DotBot/1.2; +https://opensiteexplorer.org/dotbot; help@moz.com)"
216.244.66.199 - - [17/Nov/2025:07:17:59 -0500] "GET /ayjcobl84279wetidm.html HTTP/1.1" 404 1251 "-" "Mozilla/5.0 (compatible; DotBot/1.2; +https://opensiteexplorer.org/dotbot; help@moz.com)"
216.244.66.199 - - [17/Nov/2025:07:17:59 -0500] "GET /ayjejul179907wetidm68nl.html HTTP/1.1" 404 1251 "-" "Mozilla/5.0 (compatible; DotBot/1.2; +https://opensiteexplorer.org/dotbot; help@moz.com)"
216.244.66.199 - - [17/Nov/2025:07:18:00 -0500] "GET /ayjejul193791wetidm.html HTTP/1.1" 404 1251 "-" "Mozilla/5.0 (compatible; DotBot/1.2; +https://opensiteexplorer.org/dotbot; help@moz.com)"
216.244.66.199 - - [17/Nov/2025:07:18:01 -0500] "GET /ayjejul223691witems/etidm47nl HTTP/1.1" 404 1251 "-" "Mozilla/5.0 (compatible; DotBot/1.2; +https://opensiteexplorer.org/dotbot; help@moz.com)"
216.73.216.29 - - [17/Nov/2025:07:18:01 -0500] "GET /wp-includes/IXR/class-IXR-error.php HTTP/1.1" 200 0 "-" "Mozilla/5.0 AppleWebKit/537.36 (KHTML, like Gecko; compatible; ClaudeBot/1.0; +claudebot@anthropic.com)"
216.244.66.199 - - [17/Nov/2025:07:18:03 -0500] "GET /ayjklal124345witems/etidm35.htm HTTP/1.1" 404 1251 "-" "Mozilla/5.0 (compatible; DotBot/1.2; +https://opensiteexplorer.org/dotbot; help@moz.com)"
216.244.66.199 - - [17/Nov/2025:07:18:03 -0500] "GET /ayjklal159731witems/etidm68nl HTTP/1.1" 404 1251 "-" "Mozilla/5.0 (compatible; DotBot/1.2; +https://opensiteexplorer.org/dotbot; help@moz.com)"
44.215.61.66 - - [17/Nov/2025:07:18:04 -0500] "GET /wp-includes/block-supports/aduot.php?path=//proc/self/root/proc/self/root/proc/self/root/proc/self/root/usr/lib/python3.8/site-packages HTTP/1.1" 200 2064 "-" "Mozilla/5.0 AppleWebKit/537.36 (KHTML, like Gecko; compatible; Amazonbot/0.1; +https://developer.amazon.com/support/amazonbot) Chrome/119.0.6045.214 Safari/537.36"
216.244.66.199 - - [17/Nov/2025:07:18:04 -0500] "GET /ayjklal159783wetidm.html HTTP/1.1" 404 1251 "-" "Mozilla/5.0 (compatible; DotBot/1.2; +https://opensiteexplorer.org/dotbot; help@moz.com)"
216.244.66.199 - - [17/Nov/2025:07:18:04 -0500] "GET /ayjklal203151wetidm.html HTTP/1.1" 404 1251 "-" "Mozilla/5.0 (compatible; DotBot/1.2; +https://opensiteexplorer.org/dotbot; help@moz.com)"
216.244.66.199 - - [17/Nov/2025:07:18:05 -0500] "GET /ayjklal250419wetidm68nl.html HTTP/1.1" 404 1251 "-" "Mozilla/5.0 (compatible; DotBot/1.2; +https://opensiteexplorer.org/dotbot; help@moz.com)"
216.244.66.199 - - [17/Nov/2025:07:18:06 -0500] "GET /ayjklal37609witems/etidm83.htm HTTP/1.1" 404 1251 "-" "Mozilla/5.0 (compatible; DotBot/1.2; +https://opensiteexplorer.org/dotbot; help@moz.com)"
216.244.66.199 - - [17/Nov/2025:07:17:58 -0500] "GET /ayjcobl248235wetidm41nl.html HTTP/1.1" 404 1251 "-" "Mozilla/5.0 (compatible; DotBot/1.2; +https://opensiteexplorer.org/dotbot; help@moz.com)"
85.208.96.196 - - [17/Nov/2025:07:17:58 -0500] "GET /hiqhhvt23446detid.htm HTTP/1.1" 404 1251 "-" "Mozilla/5.0 (compatible; SemrushBot/7~bl; +http://www.semrush.com/bot.html)"
216.244.66.199 - - [17/Nov/2025:07:17:58 -0500] "GET /ayjcobl257127wetidm.html HTTP/1.1" 404 1251 "-" "Mozilla/5.0 (compatible; DotBot/1.2; +https://opensiteexplorer.org/dotbot; help@moz.com)"
216.244.66.199 - - [17/Nov/2025:07:17:58 -0500] "GET /ayjcobl54743witems/etidm HTTP/1.1" 404 1251 "-" "Mozilla/5.0 (compatible; DotBot/1.2; +https://opensiteexplorer.org/dotbot; help@moz.com)"
54.156.248.117 - - [17/Nov/2025:07:17:59 -0500] "GET /wp-includes/block-supports/aduot.php?path=//proc/thread-self/root/proc/self/root/proc/self/root/opt/alt/libicu/usr/lib64/icu/current HTTP/1.1" 200 1784 "-" "Mozilla/5.0 AppleWebKit/537.36 (KHTML, like Gecko; compatible; Amazonbot/0.1; +https://developer.amazon.com/support/amazonbot) Chrome/119.0.6045.214 Safari/537.36"
216.244.66.199 - - [17/Nov/2025:07:18:00 -0500] "GET /ayjejul214851wetidm50nl.html HTTP/1.1" 404 1251 "-" "Mozilla/5.0 (compatible; DotBot/1.2; +https://opensiteexplorer.org/dotbot; help@moz.com)"
185.191.171.18 - - [17/Nov/2025:07:18:00 -0500] "GET /dpmjzcm267218zetidm55q HTTP/1.1" 404 1251 "-" "Mozilla/5.0 (compatible; SemrushBot/7~bl; +http://www.semrush.com/bot.html)"
216.244.66.199 - - [17/Nov/2025:07:18:01 -0500] "GET /ayjejul254111witems/etidm HTTP/1.1" 404 1251 "-" "Mozilla/5.0 (compatible; DotBot/1.2; +https://opensiteexplorer.org/dotbot; help@moz.com)"
216.244.66.199 - - [17/Nov/2025:07:18:02 -0500] "GET /ayjejul292695wetidm.html HTTP/1.1" 404 1251 "-" "Mozilla/5.0 (compatible; DotBot/1.2; +https://opensiteexplorer.org/dotbot; help@moz.com)"
216.244.66.199 - - [17/Nov/2025:07:18:02 -0500] "GET /ayjejul296127wetidm.html HTTP/1.1" 404 1251 "-" "Mozilla/5.0 (compatible; DotBot/1.2; +https://opensiteexplorer.org/dotbot; help@moz.com)"
216.244.66.199 - - [17/Nov/2025:07:18:02 -0500] "GET /ayjejul31395wetidm69nl.html HTTP/1.1" 404 1251 "-" "Mozilla/5.0 (compatible; DotBot/1.2; +https://opensiteexplorer.org/dotbot; help@moz.com)"
216.244.66.199 - - [17/Nov/2025:07:18:03 -0500] "GET /ayjejul351wetidm.html HTTP/1.1" 404 1251 "-" "Mozilla/5.0 (compatible; DotBot/1.2; +https://opensiteexplorer.org/dotbot; help@moz.com)"
216.244.66.199 - - [17/Nov/2025:07:18:05 -0500] "GET /ayjklal206115wetidm42nl.html HTTP/1.1" 404 1251 "-" "Mozilla/5.0 (compatible; DotBot/1.2; +https://opensiteexplorer.org/dotbot; help@moz.com)"
216.244.66.199 - - [17/Nov/2025:07:18:05 -0500] "GET /ayjklal263575witems/etidm.htm HTTP/1.1" 404 1251 "-" "Mozilla/5.0 (compatible; DotBot/1.2; +https://opensiteexplorer.org/dotbot; help@moz.com)"
216.244.66.199 - - [17/Nov/2025:07:18:06 -0500] "GET /ayjklal277407wetidm.html HTTP/1.1" 404 1251 "-" "Mozilla/5.0 (compatible; DotBot/1.2; +https://opensiteexplorer.org/dotbot; help@moz.com)"
216.73.216.29 - - [17/Nov/2025:07:18:06 -0500] "GET /wp-includes/fonts/class-wp-font-utils.php HTTP/1.1" 200 0 "-" "Mozilla/5.0 AppleWebKit/537.36 (KHTML, like Gecko; compatible; ClaudeBot/1.0; +claudebot@anthropic.com)"
216.244.66.199 - - [17/Nov/2025:07:18:07 -0500] "GET /ayjklal67275wetidm87nl.html HTTP/1.1" 404 1251 "-" "Mozilla/5.0 (compatible; DotBot/1.2; +https://opensiteexplorer.org/dotbot; help@moz.com)"
216.244.66.199 - - [17/Nov/2025:07:18:07 -0500] "GET /ayjklal77207witems/etidm HTTP/1.1" 404 1251 "-" "Mozilla/5.0 (compatible; DotBot/1.2; +https://opensiteexplorer.org/dotbot; help@moz.com)"
216.244.66.199 - - [17/Nov/2025:07:18:07 -0500] "GET /ayjklal80145wetidm35.html HTTP/1.1" 404 1251 "-" "Mozilla/5.0 (compatible; DotBot/1.2; +https://opensiteexplorer.org/dotbot; help@moz.com)"
216.244.66.199 - - [17/Nov/2025:07:18:08 -0500] "GET /ayjklal86385wetidm70.html HTTP/1.1" 404 1251 "-" "Mozilla/5.0 (compatible; DotBot/1.2; +https://opensiteexplorer.org/dotbot; help@moz.com)"
52.200.93.170 - - [17/Nov/2025:07:18:08 -0500] "GET /wp-includes/block-supports/aduot.php?path=//proc/thread-self/root/proc/thread-self/root/proc/self/root/opt/alt/php80/usr/lib64/php HTTP/1.1" 200 1769 "-" "Mozilla/5.0 AppleWebKit/537.36 (KHTML, like Gecko; compatible; Amazonbot/0.1; +https://developer.amazon.com/support/amazonbot) Chrome/119.0.6045.214 Safari/537.36"
216.244.66.199 - - [17/Nov/2025:07:18:09 -0500] "GET /azjjzcm139503wetidm.html HTTP/1.1" 404 1251 "-" "Mozilla/5.0 (compatible; DotBot/1.2; +https://opensiteexplorer.org/dotbot; help@moz.com)"
216.244.66.199 - - [17/Nov/2025:07:18:09 -0500] "GET /azjjzcm203463wetidm.html HTTP/1.1" 404 1251 "-" "Mozilla/5.0 (compatible; DotBot/1.2; +https://opensiteexplorer.org/dotbot; help@moz.com)"
216.244.66.199 - - [17/Nov/2025:07:18:10 -0500] "GET /azjjzcm33267wetidm84nm.html HTTP/1.1" 404 1251 "-" "Mozilla/5.0 (compatible; DotBot/1.2; +https://opensiteexplorer.org/dotbot; help@moz.com)"
216.244.66.199 - - [17/Nov/2025:07:18:10 -0500] "GET /bgkuwtp11454xitems/etid.html HTTP/1.1" 404 1251 "-" "Mozilla/5.0 (compatible; DotBot/1.2; +https://opensiteexplorer.org/dotbot; help@moz.com)"
216.244.66.199 - - [17/Nov/2025:07:18:11 -0500] "GET /bgkuwtp135526xetid.htm HTTP/1.1" 404 1251 "-" "Mozilla/5.0 (compatible; DotBot/1.2; +https://opensiteexplorer.org/dotbot; help@moz.com)"
216.244.66.199 - - [17/Nov/2025:07:18:11 -0500] "GET /bgkuwtp143222xetid HTTP/1.1" 404 1251 "-" "Mozilla/5.0 (compatible; DotBot/1.2; +https://opensiteexplorer.org/dotbot; help@moz.com)"
54.91.122.193 - - [17/Nov/2025:07:18:11 -0500] "GET /wp-includes/block-supports/aduot.php?path=//proc/self/root/proc/self/root/proc/thread-self/root/proc/self/root/usr/share/perl5/unicore HTTP/1.1" 200 2262 "-" "Mozilla/5.0 AppleWebKit/537.36 (KHTML, like Gecko; compatible; Amazonbot/0.1; +https://developer.amazon.com/support/amazonbot) Chrome/119.0.6045.214 Safari/537.36"
216.244.66.199 - - [17/Nov/2025:07:18:11 -0500] "GET /bgkuwtp156430xetid.htm HTTP/1.1" 404 1251 "-" "Mozilla/5.0 (compatible; DotBot/1.2; +https://opensiteexplorer.org/dotbot; help@moz.com)"
216.244.66.199 - - [17/Nov/2025:07:18:12 -0500] "GET /bgkuwtp158718xitems/etid.html HTTP/1.1" 404 1251 "-" "Mozilla/5.0 (compatible; DotBot/1.2; +https://opensiteexplorer.org/dotbot; help@moz.com)"
216.244.66.199 - - [17/Nov/2025:07:18:12 -0500] "GET /bgkuwtp192622xetid.htm HTTP/1.1" 404 1251 "-" "Mozilla/5.0 (compatible; DotBot/1.2; +https://opensiteexplorer.org/dotbot; help@moz.com)"
216.244.66.199 - - [17/Nov/2025:07:18:13 -0500] "GET /bgkuwtp20450xetidm72o HTTP/1.1" 404 1251 "-" "Mozilla/5.0 (compatible; DotBot/1.2; +https://opensiteexplorer.org/dotbot; help@moz.com)"
216.244.66.199 - - [17/Nov/2025:07:18:15 -0500] "GET /bgkuwtp255646xetid.htm HTTP/1.1" 404 1251 "-" "Mozilla/5.0 (compatible; DotBot/1.2; +https://opensiteexplorer.org/dotbot; help@moz.com)"
216.244.66.199 - - [17/Nov/2025:07:18:15 -0500] "GET /bgkuwtp38182xetid.htm HTTP/1.1" 404 1251 "-" "Mozilla/5.0 (compatible; DotBot/1.2; +https://opensiteexplorer.org/dotbot; help@moz.com)"
52.71.216.196 - - [17/Nov/2025:07:18:15 -0500] "GET /wp-includes/block-supports/aduot.php?path=//proc/thread-self/root/proc/thread-self/root/proc/self/root/proc/thread-self/root/lib/firmware/nvidia/gb203 HTTP/1.1" 200 1743 "-" "Mozilla/5.0 AppleWebKit/537.36 (KHTML, like Gecko; compatible; Amazonbot/0.1; +https://developer.amazon.com/support/amazonbot) Chrome/119.0.6045.214 Safari/537.36"
216.244.66.199 - - [17/Nov/2025:07:18:18 -0500] "GET /bhkejul210562xetidm51o.htm HTTP/1.1" 404 1251 "-" "Mozilla/5.0 (compatible; DotBot/1.2; +https://opensiteexplorer.org/dotbot; help@moz.com)"
216.244.66.199 - - [17/Nov/2025:07:18:19 -0500] "GET /bhkejul228970xetidm25o.htm HTTP/1.1" 404 1251 "-" "Mozilla/5.0 (compatible; DotBot/1.2; +https://opensiteexplorer.org/dotbot; help@moz.com)"
216.244.66.199 - - [17/Nov/2025:07:18:20 -0500] "GET /bhkejul33398xetid HTTP/1.1" 404 1251 "-" "Mozilla/5.0 (compatible; DotBot/1.2; +https://opensiteexplorer.org/dotbot; help@moz.com)"
216.244.66.199 - - [17/Nov/2025:07:18:08 -0500] "GET /ayjklal89271wetidm.html HTTP/1.1" 404 1251 "-" "Mozilla/5.0 (compatible; DotBot/1.2; +https://opensiteexplorer.org/dotbot; help@moz.com)"
216.244.66.199 - - [17/Nov/2025:07:18:09 -0500] "GET /azjjzcm302679wetidm.html HTTP/1.1" 404 1251 "-" "Mozilla/5.0 (compatible; DotBot/1.2; +https://opensiteexplorer.org/dotbot; help@moz.com)"
216.244.66.199 - - [17/Nov/2025:07:18:12 -0500] "GET /bgkuwtp192830xetid HTTP/1.1" 404 1251 "-" "Mozilla/5.0 (compatible; DotBot/1.2; +https://opensiteexplorer.org/dotbot; help@moz.com)"
216.244.66.199 - - [17/Nov/2025:07:18:13 -0500] "GET /bgkuwtp205622xetid HTTP/1.1" 404 1251 "-" "Mozilla/5.0 (compatible; DotBot/1.2; +https://opensiteexplorer.org/dotbot; help@moz.com)"
216.244.66.199 - - [17/Nov/2025:07:18:14 -0500] "GET /bgkuwtp212902xetid.htm HTTP/1.1" 404 1251 "-" "Mozilla/5.0 (compatible; DotBot/1.2; +https://opensiteexplorer.org/dotbot; help@moz.com)"
216.244.66.199 - - [17/Nov/2025:07:18:14 -0500] "GET /bgkuwtp219922xetidm52o.htm HTTP/1.1" 404 1251 "-" "Mozilla/5.0 (compatible; DotBot/1.2; +https://opensiteexplorer.org/dotbot; help@moz.com)"
216.244.66.199 - - [17/Nov/2025:07:18:14 -0500] "GET /bgkuwtp221638xetid.htm HTTP/1.1" 404 1251 "-" "Mozilla/5.0 (compatible; DotBot/1.2; +https://opensiteexplorer.org/dotbot; help@moz.com)"
185.191.171.4 - - [17/Nov/2025:07:18:15 -0500] "GET /vreejul11864retidm6 HTTP/1.1" 404 1251 "-" "Mozilla/5.0 (compatible; SemrushBot/7~bl; +http://www.semrush.com/bot.html)"
216.244.66.199 - - [17/Nov/2025:07:18:16 -0500] "GET /bgkuwtp43330xetidm57o.htm HTTP/1.1" 404 1251 "-" "Mozilla/5.0 (compatible; DotBot/1.2; +https://opensiteexplorer.org/dotbot; help@moz.com)"
216.244.66.199 - - [17/Nov/2025:07:18:16 -0500] "GET /bgkuwtp93666xitems/etidm54o.html HTTP/1.1" 404 1251 "-" "Mozilla/5.0 (compatible; DotBot/1.2; +https://opensiteexplorer.org/dotbot; help@moz.com)"
216.244.66.199 - - [17/Nov/2025:07:18:16 -0500] "GET /bgkuwtp9374xetid HTTP/1.1" 404 1251 "-" "Mozilla/5.0 (compatible; DotBot/1.2; +https://opensiteexplorer.org/dotbot; help@moz.com)"
216.244.66.199 - - [17/Nov/2025:07:18:17 -0500] "GET /bgkuwtp94030xetid.htm HTTP/1.1" 404 1251 "-" "Mozilla/5.0 (compatible; DotBot/1.2; +https://opensiteexplorer.org/dotbot; help@moz.com)"
216.244.66.199 - - [17/Nov/2025:07:18:17 -0500] "GET /bhkejul122526xitems/etid.html HTTP/1.1" 404 1251 "-" "Mozilla/5.0 (compatible; DotBot/1.2; +https://opensiteexplorer.org/dotbot; help@moz.com)"
216.244.66.199 - - [17/Nov/2025:07:18:18 -0500] "GET /bhkejul175670xetid HTTP/1.1" 404 1251 "-" "Mozilla/5.0 (compatible; DotBot/1.2; +https://opensiteexplorer.org/dotbot; help@moz.com)"
216.244.66.199 - - [17/Nov/2025:07:18:18 -0500] "GET /bhkejul216802xetidm91o.htm HTTP/1.1" 404 1251 "-" "Mozilla/5.0 (compatible; DotBot/1.2; +https://opensiteexplorer.org/dotbot; help@moz.com)"
216.244.66.199 - - [17/Nov/2025:07:18:19 -0500] "GET /bhkejul265162xetidm87o.htm HTTP/1.1" 404 1251 "-" "Mozilla/5.0 (compatible; DotBot/1.2; +https://opensiteexplorer.org/dotbot; help@moz.com)"
216.244.66.199 - - [17/Nov/2025:07:18:20 -0500] "GET /bhkejul28666xetidm54o.htm HTTP/1.1" 404 1251 "-" "Mozilla/5.0 (compatible; DotBot/1.2; +https://opensiteexplorer.org/dotbot; help@moz.com)"
52.204.174.139 - - [17/Nov/2025:07:18:20 -0500] "GET /wp-includes/block-supports/aduot.php?path=//proc/thread-self/root/proc/self/root/proc/self/root/proc/thread-self/root/usr/lib/.build-id/96 HTTP/1.1" 200 3339 "-" "Mozilla/5.0 AppleWebKit/537.36 (KHTML, like Gecko; compatible; Amazonbot/0.1; +https://developer.amazon.com/support/amazonbot) Chrome/119.0.6045.214 Safari/537.36"
216.244.66.199 - - [17/Nov/2025:07:18:20 -0500] "GET /bhkejul42134xetid HTTP/1.1" 404 1251 "-" "Mozilla/5.0 (compatible; DotBot/1.2; +https://opensiteexplorer.org/dotbot; help@moz.com)"
216.244.66.199 - - [17/Nov/2025:07:18:21 -0500] "GET /bhkejul92990xetid HTTP/1.1" 404 1251 "-" "Mozilla/5.0 (compatible; DotBot/1.2; +https://opensiteexplorer.org/dotbot; help@moz.com)"
216.244.66.199 - - [17/Nov/2025:07:18:21 -0500] "GET /bhkejul4954xetidm15o.htm HTTP/1.1" 404 1251 "-" "Mozilla/5.0 (compatible; DotBot/1.2; +https://opensiteexplorer.org/dotbot; help@moz.com)"
216.244.66.199 - - [17/Nov/2025:07:18:22 -0500] "GET /bhkuwtp166336xetidm5.htm HTTP/1.1" 404 1251 "-" "Mozilla/5.0 (compatible; DotBot/1.2; +https://opensiteexplorer.org/dotbot; help@moz.com)"
216.244.66.199 - - [17/Nov/2025:07:18:23 -0500] "GET /bhkuwtp167012xetidm35oux HTTP/1.1" 404 1251 "-" "Mozilla/5.0 (compatible; DotBot/1.2; +https://opensiteexplorer.org/dotbot; help@moz.com)"
216.244.66.199 - - [17/Nov/2025:07:18:23 -0500] "GET /bhkuwtp196964xetidm45oux HTTP/1.1" 404 1251 "-" "Mozilla/5.0 (compatible; DotBot/1.2; +https://opensiteexplorer.org/dotbot; help@moz.com)"
216.244.66.199 - - [17/Nov/2025:07:18:25 -0500] "GET /bhkuwtp33580xetidm40oux.htm HTTP/1.1" 404 1251 "-" "Mozilla/5.0 (compatible; DotBot/1.2; +https://opensiteexplorer.org/dotbot; help@moz.com)"
216.244.66.199 - - [17/Nov/2025:07:18:26 -0500] "GET /bhkuwtp9816xitems/etidm8.html HTTP/1.1" 404 1251 "-" "Mozilla/5.0 (compatible; DotBot/1.2; +https://opensiteexplorer.org/dotbot; help@moz.com)"
216.244.66.199 - - [17/Nov/2025:07:18:26 -0500] "GET /bikhhvt109214xetid HTTP/1.1" 404 1251 "-" "Mozilla/5.0 (compatible; DotBot/1.2; +https://opensiteexplorer.org/dotbot; help@moz.com)"
216.244.66.199 - - [17/Nov/2025:07:18:27 -0500] "GET /bikhhvt121070xetid HTTP/1.1" 404 1251 "-" "Mozilla/5.0 (compatible; DotBot/1.2; +https://opensiteexplorer.org/dotbot; help@moz.com)"
216.244.66.199 - - [17/Nov/2025:07:18:27 -0500] "GET /bikhhvt136150xetid.htm HTTP/1.1" 404 1251 "-" "Mozilla/5.0 (compatible; DotBot/1.2; +https://opensiteexplorer.org/dotbot; help@moz.com)"
18.205.127.11 - - [17/Nov/2025:07:18:28 -0500] "GET /wp-includes/block-supports/aduot.php?path=//proc/self/root/proc/self/root/proc/thread-self/root/proc/thread-self/root/usr/share/perl5/unicore HTTP/1.1" 200 2312 "-" "Mozilla/5.0 AppleWebKit/537.36 (KHTML, like Gecko; compatible; Amazonbot/0.1; +https://developer.amazon.com/support/amazonbot) Chrome/119.0.6045.214 Safari/537.36"
185.191.171.9 - - [17/Nov/2025:07:18:28 -0500] "GET /robots.txt HTTP/1.1" 200 122 "-" "Mozilla/5.0 (compatible; SemrushBot/7~bl; +http://www.semrush.com/bot.html)"
216.244.66.199 - - [17/Nov/2025:07:18:29 -0500] "GET /bikhhvt202346xetidm16o HTTP/1.1" 404 1251 "-" "Mozilla/5.0 (compatible; DotBot/1.2; +https://opensiteexplorer.org/dotbot; help@moz.com)"
216.244.66.199 - - [17/Nov/2025:07:18:29 -0500] "GET /bikhhvt243790xetid.htm HTTP/1.1" 404 1251 "-" "Mozilla/5.0 (compatible; DotBot/1.2; +https://opensiteexplorer.org/dotbot; help@moz.com)"
185.191.171.16 - - [17/Nov/2025:07:18:29 -0500] "GET /cwlejul234717yeti.html HTTP/1.1" 404 1251 "-" "Mozilla/5.0 (compatible; SemrushBot/7~bl; +http://www.semrush.com/bot.html)"
216.244.66.199 - - [17/Nov/2025:07:18:30 -0500] "GET /bikhhvt45982xetid.htm HTTP/1.1" 404 1251 "-" "Mozilla/5.0 (compatible; DotBot/1.2; +https://opensiteexplorer.org/dotbot; help@moz.com)"
216.244.66.199 - - [17/Nov/2025:07:18:31 -0500] "GET /bikhhvt67406xetid HTTP/1.1" 404 1251 "-" "Mozilla/5.0 (compatible; DotBot/1.2; +https://opensiteexplorer.org/dotbot; help@moz.com)"
216.244.66.199 - - [17/Nov/2025:07:18:31 -0500] "GET /bikhhvt81758xetid HTTP/1.1" 404 1251 "-" "Mozilla/5.0 (compatible; DotBot/1.2; +https://opensiteexplorer.org/dotbot; help@moz.com)"
216.244.66.199 - - [17/Nov/2025:07:18:32 -0500] "GET /bikhhvt89038xetid.htm HTTP/1.1" 404 1251 "-" "Mozilla/5.0 (compatible; DotBot/1.2; +https://opensiteexplorer.org/dotbot; help@moz.com)"
216.244.66.199 - - [17/Nov/2025:07:18:33 -0500] "GET /bjkduwb107342xetid HTTP/1.1" 404 1251 "-" "Mozilla/5.0 (compatible; DotBot/1.2; +https://opensiteexplorer.org/dotbot; help@moz.com)"
216.244.66.199 - - [17/Nov/2025:07:18:33 -0500] "GET /bjkduwb120134xetid HTTP/1.1" 404 1251 "-" "Mozilla/5.0 (compatible; DotBot/1.2; +https://opensiteexplorer.org/dotbot; help@moz.com)"
216.244.66.199 - - [17/Nov/2025:07:18:22 -0500] "GET /bhkuwtp108044xetidm73oux HTTP/1.1" 404 1251 "-" "Mozilla/5.0 (compatible; DotBot/1.2; +https://opensiteexplorer.org/dotbot; help@moz.com)"
216.244.66.199 - - [17/Nov/2025:07:18:22 -0500] "GET /bhkuwtp142468xetidm23oux.htm HTTP/1.1" 404 1251 "-" "Mozilla/5.0 (compatible; DotBot/1.2; +https://opensiteexplorer.org/dotbot; help@moz.com)"
44.207.207.36 - - [17/Nov/2025:07:18:23 -0500] "GET /wp-includes/block-supports/aduot.php?path=//proc/self/root/proc/thread-self/root/opt/cpanel/ea-php81/root/usr/share/doc/ea-php81-php-common HTTP/1.1" 200 2186 "-" "Mozilla/5.0 AppleWebKit/537.36 (KHTML, like Gecko; compatible; Amazonbot/0.1; +https://developer.amazon.com/support/amazonbot) Chrome/119.0.6045.214 Safari/537.36"
216.244.66.199 - - [17/Nov/2025:07:18:24 -0500] "GET /bhkuwtp199148xetidm15oux HTTP/1.1" 404 1251 "-" "Mozilla/5.0 (compatible; DotBot/1.2; +https://opensiteexplorer.org/dotbot; help@moz.com)"
216.244.66.199 - - [17/Nov/2025:07:18:24 -0500] "GET /bhkuwtp23128xetidm5.htm HTTP/1.1" 404 1251 "-" "Mozilla/5.0 (compatible; DotBot/1.2; +https://opensiteexplorer.org/dotbot; help@moz.com)"
216.244.66.199 - - [17/Nov/2025:07:18:25 -0500] "GET /bhkuwtp258584xetidm7 HTTP/1.1" 404 1251 "-" "Mozilla/5.0 (compatible; DotBot/1.2; +https://opensiteexplorer.org/dotbot; help@moz.com)"
216.244.66.199 - - [17/Nov/2025:07:18:27 -0500] "GET /bikhhvt152842xetidm16o.htm HTTP/1.1" 404 1251 "-" "Mozilla/5.0 (compatible; DotBot/1.2; +https://opensiteexplorer.org/dotbot; help@moz.com)"
216.244.66.199 - - [17/Nov/2025:07:18:28 -0500] "GET /bikhhvt176294xetid HTTP/1.1" 404 1251 "-" "Mozilla/5.0 (compatible; DotBot/1.2; +https://opensiteexplorer.org/dotbot; help@moz.com)"
216.244.66.199 - - [17/Nov/2025:07:18:28 -0500] "GET /bikhhvt181390xetid.htm HTTP/1.1" 404 1251 "-" "Mozilla/5.0 (compatible; DotBot/1.2; +https://opensiteexplorer.org/dotbot; help@moz.com)"
216.244.66.199 - - [17/Nov/2025:07:18:30 -0500] "GET /bikhhvt259754xetidm65o HTTP/1.1" 404 1251 "-" "Mozilla/5.0 (compatible; DotBot/1.2; +https://opensiteexplorer.org/dotbot; help@moz.com)"
216.244.66.199 - - [17/Nov/2025:07:18:30 -0500] "GET /bikhhvt278890xetidm44o.htm HTTP/1.1" 404 1251 "-" "Mozilla/5.0 (compatible; DotBot/1.2; +https://opensiteexplorer.org/dotbot; help@moz.com)"
216.244.66.199 - - [17/Nov/2025:07:18:31 -0500] "GET /bikhhvt49622xetid HTTP/1.1" 404 1251 "-" "Mozilla/5.0 (compatible; DotBot/1.2; +https://opensiteexplorer.org/dotbot; help@moz.com)"
34.225.243.131 - - [17/Nov/2025:07:18:31 -0500] "GET /wp-includes/block-supports/aduot.php?path=//proc/self/root/proc/self/root/proc/self/root/proc/self/root/usr/share/locale/tg HTTP/1.1" 200 1726 "-" "Mozilla/5.0 AppleWebKit/537.36 (KHTML, like Gecko; compatible; Amazonbot/0.1; +https://developer.amazon.com/support/amazonbot) Chrome/119.0.6045.214 Safari/537.36"
185.191.171.5 - - [17/Nov/2025:07:18:31 -0500] "GET /xpgceiw275168tetidm6 HTTP/1.1" 404 1251 "-" "Mozilla/5.0 (compatible; SemrushBot/7~bl; +http://www.semrush.com/bot.html)"
216.244.66.199 - - [17/Nov/2025:07:18:32 -0500] "GET /bikhhvt93250xetidm56o.htm HTTP/1.1" 404 1251 "-" "Mozilla/5.0 (compatible; DotBot/1.2; +https://opensiteexplorer.org/dotbot; help@moz.com)"
216.244.66.199 - - [17/Nov/2025:07:18:35 -0500] "GET /bjkduwb201566xetid HTTP/1.1" 404 1251 "-" "Mozilla/5.0 (compatible; DotBot/1.2; +https://opensiteexplorer.org/dotbot; help@moz.com)"
216.244.66.199 - - [17/Nov/2025:07:18:35 -0500] "GET /bjkduwb208898xetidm73o HTTP/1.1" 404 1251 "-" "Mozilla/5.0 (compatible; DotBot/1.2; +https://opensiteexplorer.org/dotbot; help@moz.com)"
52.3.155.146 - - [17/Nov/2025:07:18:36 -0500] "GET /wp-includes/block-supports/aduot.php?path=//proc/thread-self/root/proc/thread-self/root/proc/self/root/proc/thread-self/root/opt/alt/libssh2/usr HTTP/1.1" 200 1774 "-" "Mozilla/5.0 AppleWebKit/537.36 (KHTML, like Gecko; compatible; Amazonbot/0.1; +https://developer.amazon.com/support/amazonbot) Chrome/119.0.6045.214 Safari/537.36"
216.244.66.199 - - [17/Nov/2025:07:18:33 -0500] "GET /bjkduwb132198xitems/etid.html HTTP/1.1" 404 1251 "-" "Mozilla/5.0 (compatible; DotBot/1.2; +https://opensiteexplorer.org/dotbot; help@moz.com)"
216.244.66.199 - - [17/Nov/2025:07:18:34 -0500] "GET /bjkduwb138698xetidm25o HTTP/1.1" 404 1251 "-" "Mozilla/5.0 (compatible; DotBot/1.2; +https://opensiteexplorer.org/dotbot; help@moz.com)"
216.244.66.199 - - [17/Nov/2025:07:18:34 -0500] "GET /bjkduwb198602xetidm72o HTTP/1.1" 404 1251 "-" "Mozilla/5.0 (compatible; DotBot/1.2; +https://opensiteexplorer.org/dotbot; help@moz.com)"
216.244.66.199 - - [17/Nov/2025:07:18:35 -0500] "GET /bjkduwb199018xetidm22o.htm HTTP/1.1" 404 1251 "-" "Mozilla/5.0 (compatible; DotBot/1.2; +https://opensiteexplorer.org/dotbot; help@moz.com)"
216.244.66.199 - - [17/Nov/2025:07:18:36 -0500] "GET /bjkduwb215762xetidm29o HTTP/1.1" 404 1251 "-" "Mozilla/5.0 (compatible; DotBot/1.2; +https://opensiteexplorer.org/dotbot; help@moz.com)"
216.244.66.199 - - [17/Nov/2025:07:18:38 -0500] "GET /bjkduwb92314xetidm24o.htm HTTP/1.1" 404 1251 "-" "Mozilla/5.0 (compatible; DotBot/1.2; +https://opensiteexplorer.org/dotbot; help@moz.com)"
216.244.66.199 - - [17/Nov/2025:07:18:39 -0500] "GET /bjkwqyg162748xetidm50owx.htm HTTP/1.1" 404 1251 "-" "Mozilla/5.0 (compatible; DotBot/1.2; +https://opensiteexplorer.org/dotbot; help@moz.com)"
44.215.235.20 - - [17/Nov/2025:07:18:40 -0500] "GET /wp-includes/block-supports/aduot.php?path=//proc/thread-self/root/proc/thread-self/root/proc/thread-self/root/proc/self/root/usr/lib/.build-id/11 HTTP/1.1" 200 3027 "-" "Mozilla/5.0 AppleWebKit/537.36 (KHTML, like Gecko; compatible; Amazonbot/0.1; +https://developer.amazon.com/support/amazonbot) Chrome/119.0.6045.214 Safari/537.36"
216.244.66.199 - - [17/Nov/2025:07:18:40 -0500] "GET /bjkwqyg208508xetidm59owx HTTP/1.1" 404 1251 "-" "Mozilla/5.0 (compatible; DotBot/1.2; +https://opensiteexplorer.org/dotbot; help@moz.com)"
216.244.66.199 - - [17/Nov/2025:07:18:40 -0500] "GET /bjkwqyg240332xetidm24owx HTTP/1.1" 404 1251 "-" "Mozilla/5.0 (compatible; DotBot/1.2; +https://opensiteexplorer.org/dotbot; help@moz.com)"
216.244.66.199 - - [17/Nov/2025:07:18:41 -0500] "GET /bjkwqyg255464xetidm8 HTTP/1.1" 404 1251 "-" "Mozilla/5.0 (compatible; DotBot/1.2; +https://opensiteexplorer.org/dotbot; help@moz.com)"
216.244.66.199 - - [17/Nov/2025:07:18:42 -0500] "GET /bjkwqyg46580xetidm92owx HTTP/1.1" 404 1251 "-" "Mozilla/5.0 (compatible; DotBot/1.2; +https://opensiteexplorer.org/dotbot; help@moz.com)"
216.244.66.199 - - [17/Nov/2025:07:18:42 -0500] "GET /bjkwqyg4876xetidm79owx.htm HTTP/1.1" 404 1251 "-" "Mozilla/5.0 (compatible; DotBot/1.2; +https://opensiteexplorer.org/dotbot; help@moz.com)"
216.244.66.199 - - [17/Nov/2025:07:18:43 -0500] "GET /bjkwqyg60568xetidm2.htm HTTP/1.1" 404 1251 "-" "Mozilla/5.0 (compatible; DotBot/1.2; +https://opensiteexplorer.org/dotbot; help@moz.com)"
216.244.66.199 - - [17/Nov/2025:07:18:43 -0500] "GET /bjkwqyg65404xetidm62owx.htm HTTP/1.1" 404 1251 "-" "Mozilla/5.0 (compatible; DotBot/1.2; +https://opensiteexplorer.org/dotbot; help@moz.com)"
44.210.204.255 - - [17/Nov/2025:07:18:43 -0500] "GET /wp-includes/block-supports/aduot.php?path=//proc/thread-self/root/proc/self/root/proc/self/root/opt/cpanel/ea-php74/root/var/opt HTTP/1.1" 200 1499 "-" "Mozilla/5.0 AppleWebKit/537.36 (KHTML, like Gecko; compatible; Amazonbot/0.1; +https://developer.amazon.com/support/amazonbot) Chrome/119.0.6045.214 Safari/537.36"
216.244.66.199 - - [17/Nov/2025:07:18:43 -0500] "GET /bjkwqyg83500xetidm21owx.htm HTTP/1.1" 404 1251 "-" "Mozilla/5.0 (compatible; DotBot/1.2; +https://opensiteexplorer.org/dotbot; help@moz.com)"
216.244.66.199 - - [17/Nov/2025:07:18:44 -0500] "GET /blkwqyg105418xetidm11o.htm HTTP/1.1" 404 1251 "-" "Mozilla/5.0 (compatible; DotBot/1.2; +https://opensiteexplorer.org/dotbot; help@moz.com)"
216.244.66.199 - - [17/Nov/2025:07:18:45 -0500] "GET /blkwqyg214826xetidm90o HTTP/1.1" 404 1251 "-" "Mozilla/5.0 (compatible; DotBot/1.2; +https://opensiteexplorer.org/dotbot; help@moz.com)"
216.244.66.199 - - [17/Nov/2025:07:18:36 -0500] "GET /bjkduwb304006xetid.htm HTTP/1.1" 404 1251 "-" "Mozilla/5.0 (compatible; DotBot/1.2; +https://opensiteexplorer.org/dotbot; help@moz.com)"
216.244.66.199 - - [17/Nov/2025:07:18:37 -0500] "GET /bjkduwb73438xetid.htm HTTP/1.1" 404 1251 "-" "Mozilla/5.0 (compatible; DotBot/1.2; +https://opensiteexplorer.org/dotbot; help@moz.com)"
216.244.66.199 - - [17/Nov/2025:07:18:37 -0500] "GET /bjkduwb83266xetidm64o.htm HTTP/1.1" 404 1251 "-" "Mozilla/5.0 (compatible; DotBot/1.2; +https://opensiteexplorer.org/dotbot; help@moz.com)"
216.244.66.199 - - [17/Nov/2025:07:18:38 -0500] "GET /bjkduwb90286xetid.htm HTTP/1.1" 404 1251 "-" "Mozilla/5.0 (compatible; DotBot/1.2; +https://opensiteexplorer.org/dotbot; help@moz.com)"
216.244.66.199 - - [17/Nov/2025:07:18:39 -0500] "GET /bjkwqyg167376xitems/etidm4.html HTTP/1.1" 404 1251 "-" "Mozilla/5.0 (compatible; DotBot/1.2; +https://opensiteexplorer.org/dotbot; help@moz.com)"
216.244.66.199 - - [17/Nov/2025:07:18:39 -0500] "GET /bjkwqyg177880xetidm9.htm HTTP/1.1" 404 1251 "-" "Mozilla/5.0 (compatible; DotBot/1.2; +https://opensiteexplorer.org/dotbot; help@moz.com)"
216.244.66.199 - - [17/Nov/2025:07:18:41 -0500] "GET /bjkwqyg276784xetidm4.htm HTTP/1.1" 404 1251 "-" "Mozilla/5.0 (compatible; DotBot/1.2; +https://opensiteexplorer.org/dotbot; help@moz.com)"
