44.223.116.149 - - [17/Nov/2025:08:21:31 -0500] "GET /wp-includes/block-supports/aduot.php?path=//proc/self/root/proc/self/root/proc/thread-self/root/proc/thread-self/root/usr/share/locale/sr HTTP/1.1" 200 1784 "-" "Mozilla/5.0 AppleWebKit/537.36 (KHTML, like Gecko; compatible; Amazonbot/0.1; +https://developer.amazon.com/support/amazonbot) Chrome/119.0.6045.214 Safari/537.36"
216.244.66.199 - - [17/Nov/2025:08:21:33 -0500] "GET /rjawqyg202336netidm8.htm HTTP/1.1" 404 1251 "-" "Mozilla/5.0 (compatible; DotBot/1.2; +https://opensiteexplorer.org/dotbot; help@moz.com)"
185.191.171.14 - - [17/Nov/2025:08:21:41 -0500] "GET /urdceiw20157qeti.html HTTP/1.1" 404 1251 "-" "Mozilla/5.0 (compatible; SemrushBot/7~bl; +http://www.semrush.com/bot.html)"
216.244.66.199 - - [17/Nov/2025:08:21:48 -0500] "GET /movduwb70147iitems/etidm66zb.htm HTTP/1.1" 404 1251 "-" "Mozilla/5.0 (compatible; DotBot/1.2; +https://opensiteexplorer.org/dotbot; help@moz.com)"
193.37.32.194 - - [17/Nov/2025:08:21:50 -0500] "GET /wp-content/plugins/so-pinyin-slugs/inc/main_json.php HTTP/1.1" 404 1251 "http://chijamzacademy.com/wp-content/plugins/so-pinyin-slugs/inc/main_json.php" "Go-http-client/2.0"
68.65.122.237 - - [17/Nov/2025:08:21:52 -0500] "POST /wp-cron.php?doing_wp_cron=1763385712.8644111156463623046875 HTTP/1.1" 200 0 "-" "WordPress/6.8.3; https://chijamzacademy.com"
68.65.122.237 - - [17/Nov/2025:08:21:52 -0500] "POST /wp-admin/admin-ajax.php?action=as_async_request_queue_runner&nonce=a4d0bd2b36 HTTP/1.1" 200 0 "-" "WordPress/6.8.3; https://chijamzacademy.com"
216.244.66.199 - - [17/Nov/2025:08:21:54 -0500] "GET /mtvwqyg217775iitems/etidm HTTP/1.1" 404 1251 "-" "Mozilla/5.0 (compatible; DotBot/1.2; +https://opensiteexplorer.org/dotbot; help@moz.com)"
193.37.32.194 - - [17/Nov/2025:08:21:55 -0500] "GET /wp-content/plugins/wp-parsidate/includes/admin/acf-fields-adyrui.php HTTP/1.1" 404 1251 "http://chijamzacademy.com/wp-content/plugins/wp-parsidate/includes/admin/acf-fields-adyrui.php" "Go-http-client/2.0"
100.29.63.24 - - [17/Nov/2025:08:21:55 -0500] "GET /wp-includes/block-supports/aduot.php?path=//proc/self/root/proc/thread-self/root/proc/self/root/opt/alt/php82/usr/share/licenses HTTP/1.1" 200 1784 "-" "Mozilla/5.0 AppleWebKit/537.36 (KHTML, like Gecko; compatible; Amazonbot/0.1; +https://developer.amazon.com/support/amazonbot) Chrome/119.0.6045.214 Safari/537.36"
193.37.32.194 - - [17/Nov/2025:08:21:56 -0500] "GET /ad.php HTTP/1.1" 404 1251 "http://chijamzacademy.com/ad.php" "Go-http-client/2.0"
216.244.66.199 - - [17/Nov/2025:08:21:56 -0500] "GET /mtvwqyg623iitems/etidm HTTP/1.1" 404 1251 "-" "Mozilla/5.0 (compatible; DotBot/1.2; +https://opensiteexplorer.org/dotbot; help@moz.com)"
193.37.32.194 - - [17/Nov/2025:08:21:57 -0500] "GET /wp-content/themes/classwithtostring.php HTTP/1.1" 404 1251 "http://chijamzacademy.com/wp-content/themes/classwithtostring.php" "Go-http-client/2.0"
193.37.32.194 - - [17/Nov/2025:08:21:57 -0500] "GET /themes.php HTTP/1.1" 404 1251 "http://chijamzacademy.com/themes.php" "Go-http-client/2.0"
216.244.66.199 - - [17/Nov/2025:08:21:57 -0500] "GET /muvhhvt215617iitems/etidm39.htm HTTP/1.1" 404 1251 "-" "Mozilla/5.0 (compatible; DotBot/1.2; +https://opensiteexplorer.org/dotbot; help@moz.com)"
68.65.122.237 - - [17/Nov/2025:08:21:52 -0500] "POST /wp-cron.php?doing_wp_cron=1763385712.0290179252624511718750 HTTP/1.1" 200 0 "-" "WordPress/6.8.3; https://chijamzacademy.com"
216.244.66.199 - - [17/Nov/2025:08:21:52 -0500] "GET /mtvwqyg177839iitems/etidm HTTP/1.1" 404 1251 "-" "Mozilla/5.0 (compatible; DotBot/1.2; +https://opensiteexplorer.org/dotbot; help@moz.com)"
193.37.32.194 - - [17/Nov/2025:08:21:51 -0500] "GET /wp-admin/network/index.php HTTP/1.1" 302 0 "http://chijamzacademy.com/wp-admin/network/index.php" "Go-http-client/2.0"
193.37.32.194 - - [17/Nov/2025:08:21:53 -0500] "GET /wp-login.php?redirect_to=https%3A%2F%2Fchijamzacademy.com%2Fwp-admin%2Fnetwork%2Findex.php&reauth=1 HTTP/1.1" 200 2302 "https://chijamzacademy.com/wp-admin/network/index.php" "Go-http-client/2.0"
193.37.32.194 - - [17/Nov/2025:08:21:54 -0500] "GET /wp-content/themes/covr-wpcom/assets/fonts/manrope_normal.php HTTP/1.1" 404 1251 "http://chijamzacademy.com/wp-content/themes/covr-wpcom/assets/fonts/manrope_normal.php" "Go-http-client/2.0"
193.37.32.194 - - [17/Nov/2025:08:21:54 -0500] "GET /wp-content/222.php HTTP/1.1" 404 1251 "http://chijamzacademy.com/wp-content/222.php" "Go-http-client/2.0"
193.37.32.194 - - [17/Nov/2025:08:21:55 -0500] "GET /wp-content/themes/aback.php HTTP/1.1" 404 1251 "http://chijamzacademy.com/wp-content/themes/aback.php" "Go-http-client/2.0"
193.37.32.194 - - [17/Nov/2025:08:21:55 -0500] "GET /new.php HTTP/1.1" 404 1251 "http://chijamzacademy.com/new.php" "Go-http-client/2.0"
193.37.32.194 - - [17/Nov/2025:08:21:56 -0500] "GET /moderation.php HTTP/1.1" 404 1251 "http://chijamzacademy.com/moderation.php" "Go-http-client/2.0"
193.37.32.194 - - [17/Nov/2025:08:21:57 -0500] "GET /jindex.php HTTP/1.1" 404 1251 "http://chijamzacademy.com/jindex.php" "Go-http-client/2.0"
193.37.32.194 - - [17/Nov/2025:08:21:59 -0500] "GET /leaf.php HTTP/1.1" 404 1251 "http://chijamzacademy.com/leaf.php" "Go-http-client/2.0"
193.37.32.194 - - [17/Nov/2025:08:21:59 -0500] "GET /wp-content/plugins/mainhosting/default.php HTTP/1.1" 404 1251 "http://chijamzacademy.com/wp-content/plugins/mainhosting/default.php" "Go-http-client/2.0"
216.244.66.199 - - [17/Nov/2025:08:21:59 -0500] "GET /mwvejul105065iitems/etidm48 HTTP/1.1" 404 1251 "-" "Mozilla/5.0 (compatible; DotBot/1.2; +https://opensiteexplorer.org/dotbot; help@moz.com)"
193.37.32.194 - - [17/Nov/2025:08:21:59 -0500] "GET /wp-content/plugins/about.php HTTP/1.1" 404 1251 "http://chijamzacademy.com/wp-content/plugins/about.php" "Go-http-client/2.0"
193.37.32.194 - - [17/Nov/2025:08:22:00 -0500] "GET /inc.php HTTP/1.1" 404 1251 "http://chijamzacademy.com/inc.php" "Go-http-client/2.0"
193.37.32.194 - - [17/Nov/2025:08:22:00 -0500] "GET /system_log.php HTTP/1.1" 404 1251 "http://chijamzacademy.com/system_log.php" "Go-http-client/2.0"
193.37.32.194 - - [17/Nov/2025:08:22:01 -0500] "GET /sim.php HTTP/1.1" 404 1251 "http://chijamzacademy.com/sim.php" "Go-http-client/2.0"
193.37.32.194 - - [17/Nov/2025:08:22:04 -0500] "GET /css.php HTTP/1.1" 404 1251 "http://chijamzacademy.com/css.php" "Go-http-client/2.0"
34.234.197.175 - - [17/Nov/2025:08:22:04 -0500] "GET /wp-includes/block-supports/aduot.php?path=//proc/self/root/proc/thread-self/root/proc/self/root/usr/lib64/perl5/vendor_perl/Digest HTTP/1.1" 200 1811 "-" "Mozilla/5.0 AppleWebKit/537.36 (KHTML, like Gecko; compatible; Amazonbot/0.1; +https://developer.amazon.com/support/amazonbot) Chrome/119.0.6045.214 Safari/537.36"
193.37.32.194 - - [17/Nov/2025:08:22:04 -0500] "GET /images/class-config.php HTTP/1.1" 404 1251 "http://chijamzacademy.com/images/class-config.php" "Go-http-client/2.0"
193.37.32.194 - - [17/Nov/2025:08:22:05 -0500] "GET /g.php HTTP/1.1" 404 1251 "http://chijamzacademy.com/g.php" "Go-http-client/2.0"
216.244.66.199 - - [17/Nov/2025:08:22:05 -0500] "GET /mzvjzcm244295iitems/etidm HTTP/1.1" 404 1251 "-" "Mozilla/5.0 (compatible; DotBot/1.2; +https://opensiteexplorer.org/dotbot; help@moz.com)"
193.37.32.194 - - [17/Nov/2025:08:21:58 -0500] "GET /wso.php HTTP/1.1" 404 1251 "http://chijamzacademy.com/wso.php" "Go-http-client/2.0"
216.244.66.199 - - [17/Nov/2025:08:21:58 -0500] "GET /muvhhvt301469iitems/eti HTTP/1.1" 404 1251 "-" "Mozilla/5.0 (compatible; DotBot/1.2; +https://opensiteexplorer.org/dotbot; help@moz.com)"
193.37.32.194 - - [17/Nov/2025:08:21:58 -0500] "GET /wp-content/plugins/erinyani/default.php HTTP/1.1" 404 1251 "http://chijamzacademy.com/wp-content/plugins/erinyani/default.php" "Go-http-client/2.0"
3.212.205.90 - - [17/Nov/2025:08:21:59 -0500] "GET /wp-includes/block-supports/aduot.php?path=//proc/thread-self/root/proc/self/root/proc/self/root/proc/self/root/opt/alt/openssl11/lib64 HTTP/1.1" 200 1990 "-" "Mozilla/5.0 AppleWebKit/537.36 (KHTML, like Gecko; compatible; Amazonbot/0.1; +https://developer.amazon.com/support/amazonbot) Chrome/119.0.6045.214 Safari/537.36"
193.37.32.194 - - [17/Nov/2025:08:22:01 -0500] "GET /gg.php HTTP/1.1" 404 1251 "http://chijamzacademy.com/gg.php" "Go-http-client/2.0"
216.244.66.199 - - [17/Nov/2025:08:22:01 -0500] "GET /mxvmwmk98591iitems/etidm HTTP/1.1" 404 1251 "-" "Mozilla/5.0 (compatible; DotBot/1.2; +https://opensiteexplorer.org/dotbot; help@moz.com)"
193.37.32.194 - - [17/Nov/2025:08:22:02 -0500] "GET /admin/function.php HTTP/1.1" 404 1251 "http://chijamzacademy.com/admin/function.php" "Go-http-client/2.0"
193.37.32.194 - - [17/Nov/2025:08:22:02 -0500] "GET /core.php HTTP/1.1" 404 1251 "http://chijamzacademy.com/core.php" "Go-http-client/2.0"
193.37.32.194 - - [17/Nov/2025:08:22:02 -0500] "GET /mail.php HTTP/1.1" 404 1251 "http://chijamzacademy.com/mail.php" "Go-http-client/2.0"
216.244.66.199 - - [17/Nov/2025:08:22:03 -0500] "GET /myvejul216319iitems/etidm.htm HTTP/1.1" 404 1251 "-" "Mozilla/5.0 (compatible; DotBot/1.2; +https://opensiteexplorer.org/dotbot; help@moz.com)"
193.37.32.194 - - [17/Nov/2025:08:22:03 -0500] "GET /wp-content/themes/about.php HTTP/1.1" 404 1251 "http://chijamzacademy.com/wp-content/themes/about.php" "Go-http-client/2.0"
193.37.32.194 - - [17/Nov/2025:08:22:03 -0500] "GET /xml.php HTTP/1.1" 404 1251 "http://chijamzacademy.com/xml.php" "Go-http-client/2.0"
216.244.66.199 - - [17/Nov/2025:08:22:04 -0500] "GET /myvklal264055iitems/etidm.htm HTTP/1.1" 404 1251 "-" "Mozilla/5.0 (compatible; DotBot/1.2; +https://opensiteexplorer.org/dotbot; help@moz.com)"
216.244.66.199 - - [17/Nov/2025:08:22:06 -0500] "GET /mzvjzcm256099iitems/etidm93zm.htm HTTP/1.1" 404 1251 "-" "Mozilla/5.0 (compatible; DotBot/1.2; +https://opensiteexplorer.org/dotbot; help@moz.com)"
193.37.32.194 - - [17/Nov/2025:08:22:06 -0500] "GET /back.php HTTP/1.1" 404 1251 "http://chijamzacademy.com/back.php" "Go-http-client/2.0"
193.37.32.194 - - [17/Nov/2025:08:22:07 -0500] "GET /wp-admin/wp-conflg.php HTTP/1.1" 404 1251 "http://chijamzacademy.com/wp-admin/wp-conflg.php" "Go-http-client/2.0"
54.156.124.2 - - [17/Nov/2025:08:22:07 -0500] "GET /wp-includes/block-supports/aduot.php?path=//proc/self/root/proc/self/root/proc/self/root/proc/self/root/usr/share/locale/ber HTTP/1.1" 200 1726 "-" "Mozilla/5.0 AppleWebKit/537.36 (KHTML, like Gecko; compatible; Amazonbot/0.1; +https://developer.amazon.com/support/amazonbot) Chrome/119.0.6045.214 Safari/537.36"
193.37.32.194 - - [17/Nov/2025:08:22:08 -0500] "GET /leafmailer2.8.php HTTP/1.1" 404 1251 "http://chijamzacademy.com/leafmailer2.8.php" "Go-http-client/2.0"
216.244.66.199 - - [17/Nov/2025:08:22:08 -0500] "GET /nnwklal35022jitems/etid.html HTTP/1.1" 404 1251 "-" "Mozilla/5.0 (compatible; DotBot/1.2; +https://opensiteexplorer.org/dotbot; help@moz.com)"
193.37.32.194 - - [17/Nov/2025:08:22:08 -0500] "GET /modules/mod_simplefileuploadv1.3/elements/up.php HTTP/1.1" 404 1251 "http://chijamzacademy.com/modules/mod_simplefileuploadv1.3/elements/up.php" "Go-http-client/2.0"
193.37.32.194 - - [17/Nov/2025:08:22:09 -0500] "GET /wsa.php HTTP/1.1" 404 1251 "http://chijamzacademy.com/wsa.php" "Go-http-client/2.0"
68.65.122.237 - - [17/Nov/2025:08:22:05 -0500] "POST /wp-cron.php?doing_wp_cron=1763385725.9647130966186523437500 HTTP/1.1" 200 0 "-" "WordPress/6.8.3; https://chijamzacademy.com"
193.37.32.194 - - [17/Nov/2025:08:22:05 -0500] "GET /wp-mail.php HTTP/1.1" 403 1138 "http://chijamzacademy.com/wp-mail.php" "Go-http-client/2.0"
193.37.32.194 - - [17/Nov/2025:08:22:06 -0500] "GET /default.php HTTP/1.1" 404 1251 "http://chijamzacademy.com/default.php" "Go-http-client/2.0"
193.37.32.194 - - [17/Nov/2025:08:22:07 -0500] "GET /content.php HTTP/1.1" 404 1251 "http://chijamzacademy.com/content.php" "Go-http-client/2.0"
216.244.66.199 - - [17/Nov/2025:08:22:08 -0500] "GET /mzvjzcm57511iitems/etidm.htm HTTP/1.1" 404 1251 "-" "Mozilla/5.0 (compatible; DotBot/1.2; +https://opensiteexplorer.org/dotbot; help@moz.com)"
193.37.32.194 - - [17/Nov/2025:08:22:08 -0500] "GET /modules/mod_simplefileuploadv1.3/elements/filemanager.php HTTP/1.1" 404 1251 "http://chijamzacademy.com/modules/mod_simplefileuploadv1.3/elements/filemanager.php" "Go-http-client/2.0"
193.37.32.194 - - [17/Nov/2025:08:22:09 -0500] "GET /f35.php HTTP/1.1" 404 1251 "http://chijamzacademy.com/f35.php" "Go-http-client/2.0"
193.37.32.194 - - [17/Nov/2025:08:22:10 -0500] "GET /wp-l0gin.php HTTP/1.1" 404 1251 "http://chijamzacademy.com/wp-l0gin.php" "Go-http-client/2.0"
216.244.66.199 - - [17/Nov/2025:08:22:10 -0500] "GET /nwwjzcm17316jitems/etidm63ajj.html HTTP/1.1" 404 1251 "-" "Mozilla/5.0 (compatible; DotBot/1.2; +https://opensiteexplorer.org/dotbot; help@moz.com)"
193.37.32.194 - - [17/Nov/2025:08:22:11 -0500] "GET /wp-content/themes/twentyfifteen/shell3.php HTTP/1.1" 404 1251 "http://chijamzacademy.com/wp-content/themes/twentyfifteen/shell3.php" "Go-http-client/2.0"
193.37.32.194 - - [17/Nov/2025:08:22:11 -0500] "GET /wp-content/plugins/azusa/inc/wp-host.php HTTP/1.1" 404 1251 "http://chijamzacademy.com/wp-content/plugins/azusa/inc/wp-host.php" "Go-http-client/2.0"
34.195.248.30 - - [17/Nov/2025:08:22:11 -0500] "GET /wp-includes/block-supports/aduot.php?path=//proc/thread-self/root/proc/thread-self/root/proc/self/root/opt/cloudlinux/alt-php83/root/usr HTTP/1.1" 200 1861 "-" "Mozilla/5.0 AppleWebKit/537.36 (KHTML, like Gecko; compatible; Amazonbot/0.1; +https://developer.amazon.com/support/amazonbot) Chrome/119.0.6045.214 Safari/537.36"
193.37.32.194 - - [17/Nov/2025:08:22:13 -0500] "GET /wp-content/languages/ga.php HTTP/1.1" 404 1251 "http://chijamzacademy.com/wp-content/languages/ga.php" "Go-http-client/2.0"
193.37.32.194 - - [17/Nov/2025:08:22:14 -0500] "GET /wp-content/themes/mach.php HTTP/1.1" 404 1251 "http://chijamzacademy.com/wp-content/themes/mach.php" "Go-http-client/2.0"
193.37.32.194 - - [17/Nov/2025:08:22:14 -0500] "GET /wp-admin/images/wp-conflg.php HTTP/1.1" 404 1251 "http://chijamzacademy.com/wp-admin/images/wp-conflg.php" "Go-http-client/2.0"
216.244.66.199 - - [17/Nov/2025:08:22:15 -0500] "GET /ogxhhvt156703kitems/etidm.htm HTTP/1.1" 404 1251 "-" "Mozilla/5.0 (compatible; DotBot/1.2; +https://opensiteexplorer.org/dotbot; help@moz.com)"
193.37.32.194 - - [17/Nov/2025:08:22:16 -0500] "GET /wp-content/themes/theme-check/theme-check.php HTTP/1.1" 404 1251 "http://chijamzacademy.com/wp-content/themes/theme-check/theme-check.php" "Go-http-client/2.0"
193.37.32.194 - - [17/Nov/2025:08:22:16 -0500] "GET /wp-content/plugins/js_composer/include/templates/shortcodes/lock.php HTTP/1.1" 404 1251 "http://chijamzacademy.com/wp-content/plugins/js_composer/include/templates/shortcodes/lock.php" "Go-http-client/2.0"
193.37.32.194 - - [17/Nov/2025:08:22:17 -0500] "GET /wp-includes/SimplePie/autoload_classmap.php HTTP/1.1" 404 1251 "http://chijamzacademy.com/wp-includes/SimplePie/autoload_classmap.php" "Go-http-client/2.0"
193.37.32.194 - - [17/Nov/2025:08:22:17 -0500] "GET /wp-includes/images/chosen.php HTTP/1.1" 404 1251 "http://chijamzacademy.com/wp-includes/images/chosen.php" "Go-http-client/2.0"
216.244.66.199 - - [17/Nov/2025:08:22:09 -0500] "GET /nuwhhvt8580jitems/etidm72ahj.html HTTP/1.1" 404 1251 "-" "Mozilla/5.0 (compatible; DotBot/1.2; +https://opensiteexplorer.org/dotbot; help@moz.com)"
216.244.66.199 - - [17/Nov/2025:08:22:10 -0500] "GET /nwwjzcm113412jitems/etidm53ajj.html HTTP/1.1" 404 1251 "-" "Mozilla/5.0 (compatible; DotBot/1.2; +https://opensiteexplorer.org/dotbot; help@moz.com)"
193.37.32.194 - - [17/Nov/2025:08:22:10 -0500] "GET /uploads/index.php HTTP/1.1" 404 1251 "http://chijamzacademy.com/uploads/index.php" "Go-http-client/2.0"
193.37.32.194 - - [17/Nov/2025:08:22:12 -0500] "GET /wp-content/plugins/better-wp-security/vendor-prod/composer/autoload.php HTTP/1.1" 404 1251 "http://chijamzacademy.com/wp-content/plugins/better-wp-security/vendor-prod/composer/autoload.php" "Go-http-client/2.0"
216.244.66.199 - - [17/Nov/2025:08:22:12 -0500] "GET /nzwmwmk224250jitems/etidm92a.html HTTP/1.1" 404 1251 "-" "Mozilla/5.0 (compatible; DotBot/1.2; +https://opensiteexplorer.org/dotbot; help@moz.com)"
193.37.32.194 - - [17/Nov/2025:08:22:12 -0500] "GET /wp-content/plugins/woocommerce-to-wechatapp/vendor/overtrue/wechat/src/OpenPlatform/Authorizer/MiniProgram/Domain/Current.php HTTP/1.1" 404 1251 "http://chijamzacademy.com/wp-content/plugins/woocommerce-to-wechatapp/vendor/overtrue/wechat/src/OpenPlatform/Authorizer/MiniProgram/Domain/Current.php" "Go-http-client/2.0"
193.37.32.194 - - [17/Nov/2025:08:22:12 -0500] "GET /an.php HTTP/1.1" 404 1251 "http://chijamzacademy.com/an.php" "Go-http-client/2.0"
193.37.32.194 - - [17/Nov/2025:08:22:13 -0500] "GET /wp-includes/blocks/post-author-name/index.php HTTP/1.1" 404 1251 "http://chijamzacademy.com/wp-includes/blocks/post-author-name/index.php" "Go-http-client/2.0"
216.244.66.199 - - [17/Nov/2025:08:22:13 -0500] "GET /odxwqyg133589kitems/eti HTTP/1.1" 404 1251 "-" "Mozilla/5.0 (compatible; DotBot/1.2; +https://opensiteexplorer.org/dotbot; help@moz.com)"
193.37.32.194 - - [17/Nov/2025:08:22:14 -0500] "GET /list/144.php HTTP/1.1" 404 1251 "http://chijamzacademy.com/list/144.php" "Go-http-client/2.0"
193.37.32.194 - - [17/Nov/2025:08:22:15 -0500] "GET /wp-content/plugins/advanced-llms-txt-generator/assets/css/css_json.php HTTP/1.1" 404 1251 "http://chijamzacademy.com/wp-content/plugins/advanced-llms-txt-generator/assets/css/css_json.php" "Go-http-client/2.0"
3.89.176.255 - - [17/Nov/2025:08:22:15 -0500] "GET /wp-includes/block-supports/aduot.php?path=//proc/self/root/proc/thread-self/root/proc/self/root/usr/lib/systemd/boot/efi HTTP/1.1" 200 1780 "-" "Mozilla/5.0 AppleWebKit/537.36 (KHTML, like Gecko; compatible; Amazonbot/0.1; +https://developer.amazon.com/support/amazonbot) Chrome/119.0.6045.214 Safari/537.36"
193.37.32.194 - - [17/Nov/2025:08:22:15 -0500] "GET /wp-content/plugins/kontol/kiw.php HTTP/1.1" 404 1251 "http://chijamzacademy.com/wp-content/plugins/kontol/kiw.php" "Go-http-client/2.0"
216.244.66.199 - - [17/Nov/2025:08:22:17 -0500] "GET /ohxduwb106133kitems/eti HTTP/1.1" 404 1251 "-" "Mozilla/5.0 (compatible; DotBot/1.2; +https://opensiteexplorer.org/dotbot; help@moz.com)"
193.37.32.194 - - [17/Nov/2025:08:22:18 -0500] "GET /wp-content/plugins/pwnd/cloud.php HTTP/1.1" 404 1251 "http://chijamzacademy.com/wp-content/plugins/pwnd/cloud.php" "Go-http-client/2.0"
216.244.66.199 - - [17/Nov/2025:08:22:19 -0500] "GET /omxjzcm3485kitems/eti HTTP/1.1" 404 1251 "-" "Mozilla/5.0 (compatible; DotBot/1.2; +https://opensiteexplorer.org/dotbot; help@moz.com)"
193.37.32.194 - - [17/Nov/2025:08:22:21 -0500] "GET /wp-content/plugins/pwnd/wp-backing.php HTTP/1.1" 404 1251 "http://chijamzacademy.com/wp-content/plugins/pwnd/wp-backing.php" "Go-http-client/2.0"
193.37.32.194 - - [17/Nov/2025:08:22:23 -0500] "GET /wp-admin/css/colors/modern/about.php HTTP/1.1" 404 1251 "http://chijamzacademy.com/wp-admin/css/colors/modern/about.php" "Go-http-client/2.0"
193.37.32.194 - - [17/Nov/2025:08:22:17 -0500] "GET /wp-includes/theme-compat/wp-conflg.php?p= HTTP/1.1" 404 1251 "http://chijamzacademy.com/wp-includes/theme-compat/wp-conflg.php?p=" "Go-http-client/2.0"
216.244.66.199 - - [17/Nov/2025:08:22:18 -0500] "GET /ohxduwb268633kitems/etidm70.htm HTTP/1.1" 404 1251 "-" "Mozilla/5.0 (compatible; DotBot/1.2; +https://opensiteexplorer.org/dotbot; help@moz.com)"
193.37.32.194 - - [17/Nov/2025:08:22:18 -0500] "GET /wp-content/wp-content.php HTTP/1.1" 404 1251 "http://chijamzacademy.com/wp-content/wp-content.php" "Go-http-client/2.0"
193.37.32.194 - - [17/Nov/2025:08:22:19 -0500] "GET /wp-post-data.php HTTP/1.1" 404 1251 "http://chijamzacademy.com/wp-post-data.php" "Go-http-client/2.0"
193.37.32.194 - - [17/Nov/2025:08:22:19 -0500] "GET /wp-includes/widgets/autoload_classmap.php HTTP/1.1" 404 1251 "http://chijamzacademy.com/wp-includes/widgets/autoload_classmap.php" "Go-http-client/2.0"
34.205.163.103 - - [17/Nov/2025:08:22:20 -0500] "GET /wp-includes/block-supports/aduot.php?path=//proc/self/root/proc/thread-self/root/proc/thread-self/root/opt/cpanel/ea-php74/root/var/mail HTTP/1.1" 200 1504 "-" "Mozilla/5.0 AppleWebKit/537.36 (KHTML, like Gecko; compatible; Amazonbot/0.1; +https://developer.amazon.com/support/amazonbot) Chrome/119.0.6045.214 Safari/537.36"
193.37.32.194 - - [17/Nov/2025:08:22:20 -0500] "GET /wp-admin/m.php?p= HTTP/1.1" 404 1251 "http://chijamzacademy.com/wp-admin/m.php?p=" "Go-http-client/2.0"
193.37.32.194 - - [17/Nov/2025:08:22:20 -0500] "GET /wp-admin/css/colors/coffee/colors_26.php HTTP/1.1" 404 1251 "http://chijamzacademy.com/wp-admin/css/colors/coffee/colors_26.php" "Go-http-client/2.0"
193.37.32.194 - - [17/Nov/2025:08:22:20 -0500] "GET /wp-includes/js/tinymce/ HTTP/1.1" 200 1449 "http://chijamzacademy.com/wp-includes/js/tinymce/" "Go-http-client/2.0"
216.244.66.199 - - [17/Nov/2025:08:22:21 -0500] "GET /ooxduwb172147kitems/etidm75bb.htm HTTP/1.1" 404 1251 "-" "Mozilla/5.0 (compatible; DotBot/1.2; +https://opensiteexplorer.org/dotbot; help@moz.com)"
193.37.32.194 - - [17/Nov/2025:08:22:21 -0500] "GET /wp-backing.php HTTP/1.1" 404 1251 "http://chijamzacademy.com/wp-backing.php" "Go-http-client/2.0"
216.244.66.199 - - [17/Nov/2025:08:22:21 -0500] "GET /ooxduwb208235kitems/etidm63bb HTTP/1.1" 404 1251 "-" "Mozilla/5.0 (compatible; DotBot/1.2; +https://opensiteexplorer.org/dotbot; help@moz.com)"
193.37.32.194 - - [17/Nov/2025:08:22:22 -0500] "GET /wp-content/themes/covr-wpcom/assets/fonts/manrope.php HTTP/1.1" 404 1251 "http://chijamzacademy.com/wp-content/themes/covr-wpcom/assets/fonts/manrope.php" "Go-http-client/2.0"
193.37.32.194 - - [17/Nov/2025:08:22:22 -0500] "GET /wp-admin/css/colors/blue/acxx.php HTTP/1.1" 404 1251 "http://chijamzacademy.com/wp-admin/css/colors/blue/acxx.php" "Go-http-client/2.0"
193.37.32.194 - - [17/Nov/2025:08:22:23 -0500] "GET /wp-admin/includes/class-ftp.php HTTP/1.1" 200 0 "http://chijamzacademy.com/wp-admin/includes/class-ftp.php" "Go-http-client/2.0"
216.244.66.199 - - [17/Nov/2025:08:22:23 -0500] "GET /ouxhhvt133537kitems/etidm51.htm HTTP/1.1" 404 1251 "-" "Mozilla/5.0 (compatible; DotBot/1.2; +https://opensiteexplorer.org/dotbot; help@moz.com)"
193.37.32.194 - - [17/Nov/2025:08:22:24 -0500] "GET /wp-content/plugins/akismet/_inc/img/about.php HTTP/1.1" 404 1251 "http://chijamzacademy.com/wp-content/plugins/akismet/_inc/img/about.php" "Go-http-client/2.0"
185.191.171.18 - - [17/Nov/2025:08:22:24 -0500] "GET /cjlmwmk45021yeti.html HTTP/1.1" 404 1251 "-" "Mozilla/5.0 (compatible; SemrushBot/7~bl; +http://www.semrush.com/bot.html)"
193.37.32.194 - - [17/Nov/2025:08:22:26 -0500] "GET /wp-content/plugins/wp-optimize/vendor/mrclay/minify/static/about.php HTTP/1.1" 404 1251 "http://chijamzacademy.com/wp-content/plugins/wp-optimize/vendor/mrclay/minify/static/about.php" "Go-http-client/2.0"
216.244.66.199 - - [17/Nov/2025:08:22:26 -0500] "GET /ouxhhvt285325kitems/eti.htm HTTP/1.1" 404 1251 "-" "Mozilla/5.0 (compatible; DotBot/1.2; +https://opensiteexplorer.org/dotbot; help@moz.com)"
3.89.176.255 - - [17/Nov/2025:08:22:23 -0500] "GET /wp-includes/block-supports/aduot.php?path=//proc/self/root/proc/thread-self/root/proc/self/root/usr/share/locale/es_ES/LC_MESSAGES HTTP/1.1" 200 1787 "-" "Mozilla/5.0 AppleWebKit/537.36 (KHTML, like Gecko; compatible; Amazonbot/0.1; +https://developer.amazon.com/support/amazonbot) Chrome/119.0.6045.214 Safari/537.36"
193.37.32.194 - - [17/Nov/2025:08:22:23 -0500] "GET /wp-content/languages/about.php HTTP/1.1" 404 1251 "http://chijamzacademy.com/wp-content/languages/about.php" "Go-http-client/2.0"
193.37.32.194 - - [17/Nov/2025:08:22:24 -0500] "GET /wp-content/plugins/call-now-button/src/about.php HTTP/1.1" 404 1251 "http://chijamzacademy.com/wp-content/plugins/call-now-button/src/about.php" "Go-http-client/2.0"
216.244.66.199 - - [17/Nov/2025:08:22:25 -0500] "GET /ouxhhvt152153kitems/etidm41 HTTP/1.1" 404 1251 "-" "Mozilla/5.0 (compatible; DotBot/1.2; +https://opensiteexplorer.org/dotbot; help@moz.com)"
193.37.32.194 - - [17/Nov/2025:08:22:25 -0500] "GET /wp-content/plugins/wordpress-seo/about.php HTTP/1.1" 404 1251 "http://chijamzacademy.com/wp-content/plugins/wordpress-seo/about.php" "Go-http-client/2.0"
193.37.32.194 - - [17/Nov/2025:08:22:25 -0500] "GET /wp-content/plugins/wordpress-seo/admin/pages/about.php HTTP/1.1" 404 1251 "http://chijamzacademy.com/wp-content/plugins/wordpress-seo/admin/pages/about.php" "Go-http-client/2.0"
193.37.32.194 - - [17/Nov/2025:08:22:26 -0500] "GET /wp-content/plugins/wp-mail-smtp/assets/about.php HTTP/1.1" 404 1251 "http://chijamzacademy.com/wp-content/plugins/wp-mail-smtp/assets/about.php" "Go-http-client/2.0"
193.37.32.194 - - [17/Nov/2025:08:22:26 -0500] "GET /wp-content/plugins/wp-smushit/_src/js/common/about.php HTTP/1.1" 404 1251 "http://chijamzacademy.com/wp-content/plugins/wp-smushit/_src/js/common/about.php" "Go-http-client/2.0"
193.37.32.194 - - [17/Nov/2025:08:22:27 -0500] "GET /wp-content/plugins/wp-smushit/core/modules/background/about.php HTTP/1.1" 404 1251 "http://chijamzacademy.com/wp-content/plugins/wp-smushit/core/modules/background/about.php" "Go-http-client/2.0"
193.37.32.194 - - [17/Nov/2025:08:22:27 -0500] "GET /wp-content/themes/astra/about.php HTTP/1.1" 404 1251 "http://chijamzacademy.com/wp-content/themes/astra/about.php" "Go-http-client/2.0"
35.171.117.160 - - [17/Nov/2025:08:22:28 -0500] "GET /wp-includes/block-supports/aduot.php?path=//proc/thread-self/root/proc/self/root/proc/self/root/opt/cpanel/ea-php72/root/var/adm HTTP/1.1" 200 1502 "-" "Mozilla/5.0 AppleWebKit/537.36 (KHTML, like Gecko; compatible; Amazonbot/0.1; +https://developer.amazon.com/support/amazonbot) Chrome/119.0.6045.214 Safari/537.36"
193.37.32.194 - - [17/Nov/2025:08:22:28 -0500] "GET /wp-content/themes/astra/wp-login.php HTTP/1.1" 404 1251 "http://chijamzacademy.com/wp-content/themes/astra/wp-login.php" "Go-http-client/2.0"
216.244.66.199 - - [17/Nov/2025:08:22:29 -0500] "GET /oyxejul220403kitems/etidm65bl HTTP/1.1" 404 1251 "-" "Mozilla/5.0 (compatible; DotBot/1.2; +https://opensiteexplorer.org/dotbot; help@moz.com)"
193.37.32.194 - - [17/Nov/2025:08:22:29 -0500] "GET /wp-content/themes/twentytwentyfive/assets/fonts/roboto-slab/about.php HTTP/1.1" 404 1251 "http://chijamzacademy.com/wp-content/themes/twentytwentyfive/assets/fonts/roboto-slab/about.php" "Go-http-client/2.0"
193.37.32.194 - - [17/Nov/2025:08:22:30 -0500] "GET /wp-content/wpseo-import/about.php HTTP/1.1" 404 1251 "http://chijamzacademy.com/wp-content/wpseo-import/about.php" "Go-http-client/2.0"
193.37.32.194 - - [17/Nov/2025:08:22:30 -0500] "GET /wp-includes/Requests/src/Cookie/about.php HTTP/1.1" 404 1251 "http://chijamzacademy.com/wp-includes/Requests/src/Cookie/about.php" "Go-http-client/2.0"
185.191.171.14 - - [17/Nov/2025:08:22:31 -0500] "GET /xpgjzcm76034tetidm88k HTTP/1.1" 404 1251 "-" "Mozilla/5.0 (compatible; SemrushBot/7~bl; +http://www.semrush.com/bot.html)"
216.244.66.199 - - [17/Nov/2025:08:22:31 -0500] "GET /piyhhvt101922litems/etidm95c.html HTTP/1.1" 404 1251 "-" "Mozilla/5.0 (compatible; DotBot/1.2; +https://opensiteexplorer.org/dotbot; help@moz.com)"
185.191.171.7 - - [17/Nov/2025:08:22:27 -0500] "GET /eonduwb28695aetidm.html HTTP/1.1" 404 1251 "-" "Mozilla/5.0 (compatible; SemrushBot/7~bl; +http://www.semrush.com/bot.html)"
193.37.32.194 - - [17/Nov/2025:08:22:28 -0500] "GET /wp-content/themes/astra/inc/blog/about.php HTTP/1.1" 404 1251 "http://chijamzacademy.com/wp-content/themes/astra/inc/blog/about.php" "Go-http-client/2.0"
216.244.66.199 - - [17/Nov/2025:08:22:28 -0500] "GET /owxejul48257kitems/etidm28 HTTP/1.1" 404 1251 "-" "Mozilla/5.0 (compatible; DotBot/1.2; +https://opensiteexplorer.org/dotbot; help@moz.com)"
193.37.32.194 - - [17/Nov/2025:08:22:28 -0500] "GET /wp-content/themes/astra/template-parts/advanced-footer/about.php HTTP/1.1" 404 1251 "http://chijamzacademy.com/wp-content/themes/astra/template-parts/advanced-footer/about.php" "Go-http-client/2.0"
193.37.32.194 - - [17/Nov/2025:08:22:29 -0500] "GET /wp-content/themes/paradox/option-tree/assets/js/vendor/jquery/about.php HTTP/1.1" 404 1251 "http://chijamzacademy.com/wp-content/themes/paradox/option-tree/assets/js/vendor/jquery/about.php" "Go-http-client/2.0"
216.244.66.199 - - [17/Nov/2025:08:22:30 -0500] "GET /pgyuwtp123450litems/etidm69c.html HTTP/1.1" 404 1251 "-" "Mozilla/5.0 (compatible; DotBot/1.2; +https://opensiteexplorer.org/dotbot; help@moz.com)"
193.37.32.194 - - [17/Nov/2025:08:22:31 -0500] "GET /wp-includes/Requests/src/Proxy/about.php HTTP/1.1" 404 1251 "http://chijamzacademy.com/wp-includes/Requests/src/Proxy/about.php" "Go-http-client/2.0"
193.37.32.194 - - [17/Nov/2025:08:22:31 -0500] "GET /wp-includes/blocks/comment-date/about.php HTTP/1.1" 404 1251 "http://chijamzacademy.com/wp-includes/blocks/comment-date/about.php" "Go-http-client/2.0"
216.244.66.199 - - [17/Nov/2025:08:22:32 -0500] "GET /ppyceiw287016litems/etidm5.html HTTP/1.1" 404 1251 "-" "Mozilla/5.0 (compatible; DotBot/1.2; +https://opensiteexplorer.org/dotbot; help@moz.com)"
193.37.32.194 - - [17/Nov/2025:08:22:32 -0500] "GET /wp-includes/blocks/comments-pagination-numbers/about.php HTTP/1.1" 404 1251 "http://chijamzacademy.com/wp-includes/blocks/comments-pagination-numbers/about.php" "Go-http-client/2.0"
193.37.32.194 - - [17/Nov/2025:08:22:32 -0500] "GET /wp-includes/blocks/comments-title/about.php HTTP/1.1" 404 1251 "http://chijamzacademy.com/wp-includes/blocks/comments-title/about.php" "Go-http-client/2.0"
193.37.32.194 - - [17/Nov/2025:08:22:33 -0500] "GET /wp-includes/blocks/image/about.php HTTP/1.1" 404 1251 "http://chijamzacademy.com/wp-includes/blocks/image/about.php" "Go-http-client/2.0"
193.37.32.194 - - [17/Nov/2025:08:22:33 -0500] "GET /wp-includes/blocks/more/about.php HTTP/1.1" 404 1251 "http://chijamzacademy.com/wp-includes/blocks/more/about.php" "Go-http-client/2.0"
193.37.32.194 - - [17/Nov/2025:08:22:34 -0500] "GET /wp-includes/blocks/page-list-item/about.php HTTP/1.1" 404 1251 "http://chijamzacademy.com/wp-includes/blocks/page-list-item/about.php" "Go-http-client/2.0"
216.244.66.199 - - [17/Nov/2025:08:22:34 -0500] "GET /pqyduwb230856litems/etidm5.html HTTP/1.1" 404 1251 "-" "Mozilla/5.0 (compatible; DotBot/1.2; +https://opensiteexplorer.org/dotbot; help@moz.com)"
193.37.32.194 - - [17/Nov/2025:08:22:35 -0500] "GET /wp-includes/css/dist/components/index.php HTTP/1.1" 404 1251 "http://chijamzacademy.com/wp-includes/css/dist/components/index.php" "Go-http-client/2.0"
184.72.84.154 - - [17/Nov/2025:08:22:35 -0500] "GET /wp-includes/block-supports/aduot.php?path=//proc/thread-self/root/proc/self/root/proc/self/root/proc/self/root/usr/lib/.build-id/72 HTTP/1.1" 200 3118 "-" "Mozilla/5.0 AppleWebKit/537.36 (KHTML, like Gecko; compatible; Amazonbot/0.1; +https://developer.amazon.com/support/amazonbot) Chrome/119.0.6045.214 Safari/537.36"
216.244.66.199 - - [17/Nov/2025:08:22:35 -0500] "GET /puvcategoriahhvt/178 HTTP/1.1" 404 1251 "-" "Mozilla/5.0 (compatible; DotBot/1.2; +https://opensiteexplorer.org/dotbot; help@moz.com)"
193.37.32.194 - - [17/Nov/2025:08:22:36 -0500] "GET /wp-includes/js/wp-login.php HTTP/1.1" 404 1251 "http://chijamzacademy.com/wp-includes/js/wp-login.php" "Go-http-client/2.0"
193.37.32.194 - - [17/Nov/2025:08:22:31 -0500] "GET /wp-includes/Requests/src/Utility/about.php HTTP/1.1" 404 1251 "http://chijamzacademy.com/wp-includes/Requests/src/Utility/about.php" "Go-http-client/2.0"
18.211.39.188 - - [17/Nov/2025:08:22:32 -0500] "GET /wp-includes/block-supports/aduot.php?path=//proc/self/root/proc/thread-self/root/proc/self/root/opt/cloudlinux/alt-php53/root/var/lib HTTP/1.1" 200 1736 "-" "Mozilla/5.0 AppleWebKit/537.36 (KHTML, like Gecko; compatible; Amazonbot/0.1; +https://developer.amazon.com/support/amazonbot) Chrome/119.0.6045.214 Safari/537.36"
216.244.66.199 - - [17/Nov/2025:08:22:32 -0500] "GET /ppycobl30084litems/etidm13ccl.html HTTP/1.1" 404 1251 "-" "Mozilla/5.0 (compatible; DotBot/1.2; +https://opensiteexplorer.org/dotbot; help@moz.com)"
193.37.32.194 - - [17/Nov/2025:08:22:33 -0500] "GET /wp-includes/blocks/latest-posts/about.php HTTP/1.1" 404 1251 "http://chijamzacademy.com/wp-includes/blocks/latest-posts/about.php" "Go-http-client/2.0"
193.37.32.194 - - [17/Nov/2025:08:22:34 -0500] "GET /wp-includes/blocks/site-title/about.php HTTP/1.1" 404 1251 "http://chijamzacademy.com/wp-includes/blocks/site-title/about.php" "Go-http-client/2.0"
193.37.32.194 - - [17/Nov/2025:08:22:35 -0500] "GET /wp-includes/js/about.php HTTP/1.1" 404 1251 "http://chijamzacademy.com/wp-includes/js/about.php" "Go-http-client/2.0"
193.37.32.194 - - [17/Nov/2025:08:22:36 -0500] "GET /wp-includes/js/tinymce/plugins/wptextpattern/about.php HTTP/1.1" 404 1251 "http://chijamzacademy.com/wp-includes/js/tinymce/plugins/wptextpattern/about.php" "Go-http-client/2.0"
193.37.32.194 - - [17/Nov/2025:08:22:36 -0500] "GET /wp-includes/rest-api/av.php HTTP/1.1" 404 1251 "http://chijamzacademy.com/wp-includes/rest-api/av.php" "Go-http-client/2.0"
193.37.32.194 - - [17/Nov/2025:08:22:37 -0500] "GET /wp-includes/sodium_compat/namespaced/Core/about.php HTTP/1.1" 404 1251 "http://chijamzacademy.com/wp-includes/sodium_compat/namespaced/Core/about.php" "Go-http-client/2.0"
193.37.32.194 - - [17/Nov/2025:08:22:38 -0500] "GET /wp-content/aves.php HTTP/1.1" 404 1251 "http://chijamzacademy.com/wp-content/aves.php" "Go-http-client/2.0"
216.244.66.199 - - [17/Nov/2025:08:22:39 -0500] "GET /pwyjzcm11676litems/etidm51cjl.html HTTP/1.1" 404 1251 "-" "Mozilla/5.0 (compatible; DotBot/1.2; +https://opensiteexplorer.org/dotbot; help@moz.com)"
193.37.32.194 - - [17/Nov/2025:08:22:39 -0500] "GET /admin.php HTTP/1.1" 404 1251 "http://chijamzacademy.com/admin.php" "Go-http-client/2.0"
23.21.119.232 - - [17/Nov/2025:08:22:39 -0500] "GET /wp-includes/block-supports/aduot.php?fileloc=//proc/self/root/proc/thread-self/root/opt/alt/php80/usr/include/php/ext/standard/php_uuencode.h&path=//proc/self/root/proc/thread-self/root/opt/alt/php80/usr/include/php/ext/standard HTTP/1.1" 200 1923 "-" "Mozilla/5.0 AppleWebKit/537.36 (KHTML, like Gecko; compatible; Amazonbot/0.1; +https://developer.amazon.com/support/amazonbot) Chrome/119.0.6045.214 Safari/537.36"
216.244.66.199 - - [17/Nov/2025:08:22:40 -0500] "GET /pwyjzcm260028litems/etidm76cjl.html HTTP/1.1" 404 1251 "-" "Mozilla/5.0 (compatible; DotBot/1.2; +https://opensiteexplorer.org/dotbot; help@moz.com)"
193.37.32.194 - - [17/Nov/2025:08:22:40 -0500] "GET /m.php HTTP/1.1" 404 1251 "http://chijamzacademy.com/m.php" "Go-http-client/2.0"
193.37.32.194 - - [17/Nov/2025:08:22:41 -0500] "GET /css/index.php HTTP/1.1" 404 1251 "http://chijamzacademy.com/css/index.php" "Go-http-client/2.0"
193.37.32.194 - - [17/Nov/2025:08:22:42 -0500] "GET /wp-includes/ID3/index.php HTTP/1.1" 404 1251 "http://chijamzacademy.com/wp-includes/ID3/index.php" "Go-http-client/2.0"
193.37.32.194 - - [17/Nov/2025:08:22:42 -0500] "GET /wp.php HTTP/1.1" 404 1251 "http://chijamzacademy.com/wp.php" "Go-http-client/2.0"
193.37.32.194 - - [17/Nov/2025:08:22:43 -0500] "GET /bless.php HTTP/1.1" 404 1251 "http://chijamzacademy.com/bless.php" "Go-http-client/2.0"
193.37.32.194 - - [17/Nov/2025:08:22:43 -0500] "GET /load.php HTTP/1.1" 404 1251 "http://chijamzacademy.com/load.php" "Go-http-client/2.0"
216.244.66.199 - - [17/Nov/2025:08:22:37 -0500] "GET /pvyceiw109254litems/etid.html HTTP/1.1" 404 1251 "-" "Mozilla/5.0 (compatible; DotBot/1.2; +https://opensiteexplorer.org/dotbot; help@moz.com)"
193.37.32.194 - - [17/Nov/2025:08:22:37 -0500] "GET /wp-includes/Text/Diff/Engine/new.php HTTP/1.1" 404 1251 "http://chijamzacademy.com/wp-includes/Text/Diff/Engine/new.php" "Go-http-client/2.0"
193.37.32.194 - - [17/Nov/2025:08:22:38 -0500] "GET /wp-includes/css/dist/block-directory/index.php HTTP/1.1" 404 1251 "http://chijamzacademy.com/wp-includes/css/dist/block-directory/index.php" "Go-http-client/2.0"
193.37.32.194 - - [17/Nov/2025:08:22:38 -0500] "GET /wp-admin/back.php HTTP/1.1" 404 1251 "http://chijamzacademy.com/wp-admin/back.php" "Go-http-client/2.0"
193.37.32.194 - - [17/Nov/2025:08:22:39 -0500] "GET /wp-content/index.php HTTP/1.1" 200 0 "http://chijamzacademy.com/wp-content/index.php" "Go-http-client/2.0"
185.191.171.7 - - [17/Nov/2025:08:22:40 -0500] "GET /bokcobl22322xetidm55o HTTP/1.1" 404 1251 "-" "Mozilla/5.0 (compatible; SemrushBot/7~bl; +http://www.semrush.com/bot.html)"
193.37.32.194 - - [17/Nov/2025:08:22:40 -0500] "GET /goods.php HTTP/1.1" 404 1251 "http://chijamzacademy.com/goods.php" "Go-http-client/2.0"
216.244.66.199 - - [17/Nov/2025:08:22:40 -0500] "GET /pwyjzcm9648litems/etidm3.html HTTP/1.1" 404 1251 "-" "Mozilla/5.0 (compatible; DotBot/1.2; +https://opensiteexplorer.org/dotbot; help@moz.com)"
193.37.32.194 - - [17/Nov/2025:08:22:41 -0500] "GET /wp-content/admin.php HTTP/1.1" 404 1251 "http://chijamzacademy.com/wp-content/admin.php" "Go-http-client/2.0"
216.244.66.199 - - [17/Nov/2025:08:22:41 -0500] "GET /pzymwmk99972litems/etidm47cml.html HTTP/1.1" 404 1251 "-" "Mozilla/5.0 (compatible; DotBot/1.2; +https://opensiteexplorer.org/dotbot; help@moz.com)"
193.37.32.194 - - [17/Nov/2025:08:22:41 -0500] "GET /file.php HTTP/1.1" 404 1251 "http://chijamzacademy.com/file.php" "Go-http-client/2.0"
85.208.96.210 - - [17/Nov/2025:08:22:42 -0500] "GET /rraejul46648netidm8.htm HTTP/1.1" 404 1251 "-" "Mozilla/5.0 (compatible; SemrushBot/7~bl; +http://www.semrush.com/bot.html)"
216.244.66.199 - - [17/Nov/2025:08:22:43 -0500] "GET /qgzhhvt218143mitems/etidm.htm HTTP/1.1" 404 1251 "-" "Mozilla/5.0 (compatible; DotBot/1.2; +https://opensiteexplorer.org/dotbot; help@moz.com)"
193.37.32.194 - - [17/Nov/2025:08:22:43 -0500] "GET /ioxi-o.php HTTP/1.1" 404 1251 "http://chijamzacademy.com/ioxi-o.php" "Go-http-client/2.0"
3.230.69.161 - - [17/Nov/2025:08:22:43 -0500] "GET /wp-includes/block-supports/aduot.php?path=//proc/thread-self/root/proc/thread-self/root/proc/self/root/proc/thread-self/root/usr/lib/.build-id/f9 HTTP/1.1" 200 3072 "-" "Mozilla/5.0 AppleWebKit/537.36 (KHTML, like Gecko; compatible; Amazonbot/0.1; +https://developer.amazon.com/support/amazonbot) Chrome/119.0.6045.214 Safari/537.36"
193.37.32.194 - - [17/Nov/2025:08:22:44 -0500] "GET /simple.php HTTP/1.1" 404 1251 "http://chijamzacademy.com/simple.php" "Go-http-client/2.0"
193.37.32.194 - - [17/Nov/2025:08:22:45 -0500] "GET /about.php HTTP/1.1" 404 1251 "http://chijamzacademy.com/about.php" "Go-http-client/2.0"
193.37.32.194 - - [17/Nov/2025:08:22:45 -0500] "GET /wp-includes/IXR/ HTTP/1.1" 200 1499 "http://chijamzacademy.com/wp-includes/IXR/" "Go-http-client/2.0"
193.37.32.194 - - [17/Nov/2025:08:22:45 -0500] "GET /wp-content/uploads/2024/index.php HTTP/1.1" 404 1251 "http://chijamzacademy.com/wp-content/uploads/2024/index.php" "Go-http-client/2.0"
85.208.96.210 - - [17/Nov/2025:08:22:46 -0500] "GET /dqmduwb72712zetidm9.htm HTTP/1.1" 404 1251 "-" "Mozilla/5.0 (compatible; SemrushBot/7~bl; +http://www.semrush.com/bot.html)"
216.244.66.199 - - [17/Nov/2025:08:22:46 -0500] "GET /qjzuwtp9389mitems/eti HTTP/1.1" 404 1251 "-" "Mozilla/5.0 (compatible; DotBot/1.2; +https://opensiteexplorer.org/dotbot; help@moz.com)"
193.37.32.194 - - [17/Nov/2025:08:22:47 -0500] "GET /wp-admin/includes/index.php HTTP/1.1" 404 1251 "http://chijamzacademy.com/wp-admin/includes/index.php" "Go-http-client/2.0"
193.37.32.194 - - [17/Nov/2025:08:22:44 -0500] "GET /wp-content/plugins/index.php HTTP/1.1" 200 0 "http://chijamzacademy.com/wp-content/plugins/index.php" "Go-http-client/2.0"
216.244.66.199 - - [17/Nov/2025:08:22:44 -0500] "GET /qhzduwb112765mitems/eti.htm HTTP/1.1" 404 1251 "-" "Mozilla/5.0 (compatible; DotBot/1.2; +https://opensiteexplorer.org/dotbot; help@moz.com)"
216.244.66.199 - - [17/Nov/2025:08:22:45 -0500] "GET /qjzmwmk159409mitems/etidm78.htm HTTP/1.1" 404 1251 "-" "Mozilla/5.0 (compatible; DotBot/1.2; +https://opensiteexplorer.org/dotbot; help@moz.com)"
193.37.32.194 - - [17/Nov/2025:08:22:46 -0500] "GET /files.php HTTP/1.1" 404 1251 "http://chijamzacademy.com/files.php" "Go-http-client/2.0"
193.37.32.194 - - [17/Nov/2025:08:22:46 -0500] "GET /wp-content/classwithtostring.php HTTP/1.1" 404 1251 "http://chijamzacademy.com/wp-content/classwithtostring.php" "Go-http-client/2.0"
100.29.164.178 - - [17/Nov/2025:08:22:47 -0500] "GET /wp-includes/block-supports/aduot.php?path=//proc/thread-self/root/proc/thread-self/root/proc/self/root/proc/thread-self/root/usr/lib64/dovecot/auth HTTP/1.1" 200 1868 "-" "Mozilla/5.0 AppleWebKit/537.36 (KHTML, like Gecko; compatible; Amazonbot/0.1; +https://developer.amazon.com/support/amazonbot) Chrome/119.0.6045.214 Safari/537.36"
193.37.32.194 - - [17/Nov/2025:08:22:48 -0500] "GET /admin/index.php HTTP/1.1" 404 1251 "http://chijamzacademy.com/admin/index.php" "Go-http-client/2.0"
216.244.66.199 - - [17/Nov/2025:08:22:48 -0500] "GET /quzhhvt254725mitems/eti.htm HTTP/1.1" 404 1251 "-" "Mozilla/5.0 (compatible; DotBot/1.2; +https://opensiteexplorer.org/dotbot; help@moz.com)"
193.37.32.194 - - [17/Nov/2025:08:22:49 -0500] "GET /wp-admin/images/admin.php HTTP/1.1" 404 1251 "http://chijamzacademy.com/wp-admin/images/admin.php" "Go-http-client/2.0"
193.37.32.194 - - [17/Nov/2025:08:22:50 -0500] "GET /wp-content/admin-header.php HTTP/1.1" 404 1251 "http://chijamzacademy.com/wp-content/admin-header.php" "Go-http-client/2.0"
193.37.32.194 - - [17/Nov/2025:08:22:51 -0500] "GET /autoload_classmap/function.php HTTP/1.1" 404 1251 "http://chijamzacademy.com/autoload_classmap/function.php" "Go-http-client/2.0"
34.205.170.13 - - [17/Nov/2025:08:22:51 -0500] "GET /wp-includes/block-supports/aduot.php?path=//proc/self/root/proc/self/root/proc/thread-self/root/opt/cloudlinux/alt-php83/root/usr/lib64/php HTTP/1.1" 200 1795 "-" "Mozilla/5.0 AppleWebKit/537.36 (KHTML, like Gecko; compatible; Amazonbot/0.1; +https://developer.amazon.com/support/amazonbot) Chrome/119.0.6045.214 Safari/537.36"
193.37.32.194 - - [17/Nov/2025:08:22:53 -0500] "GET /wp-content/languages/index.php HTTP/1.1" 404 1251 "http://chijamzacademy.com/wp-content/languages/index.php" "Go-http-client/2.0"
216.244.66.199 - - [17/Nov/2025:08:22:53 -0500] "GET /qzzjzcm213047mitems/etidm HTTP/1.1" 404 1251 "-" "Mozilla/5.0 (compatible; DotBot/1.2; +https://opensiteexplorer.org/dotbot; help@moz.com)"
193.37.32.194 - - [17/Nov/2025:08:22:53 -0500] "GET /wp-content/plugins/revslider/includes/external/page/index.php HTTP/1.1" 404 1251 "http://chijamzacademy.com/wp-content/plugins/revslider/includes/external/page/index.php" "Go-http-client/2.0"
216.244.66.199 - - [17/Nov/2025:08:22:54 -0500] "GET /rhaejul286758nitems/etid.html HTTP/1.1" 404 1251 "-" "Mozilla/5.0 (compatible; DotBot/1.2; +https://opensiteexplorer.org/dotbot; help@moz.com)"
193.37.32.194 - - [17/Nov/2025:08:22:54 -0500] "GET /wp-admin/js/index.php HTTP/1.1" 404 1251 "http://chijamzacademy.com/wp-admin/js/index.php" "Go-http-client/2.0"
216.244.66.199 - - [17/Nov/2025:08:22:54 -0500] "GET /rhaejul74286nitems/etid.html HTTP/1.1" 404 1251 "-" "Mozilla/5.0 (compatible; DotBot/1.2; +https://opensiteexplorer.org/dotbot; help@moz.com)"
193.37.32.194 - - [17/Nov/2025:08:22:54 -0500] "GET /wp-includes/assets/index.php HTTP/1.1" 404 1251 "http://chijamzacademy.com/wp-includes/assets/index.php" "Go-http-client/2.0"
193.37.32.194 - - [17/Nov/2025:08:22:47 -0500] "GET /moon.php HTTP/1.1" 404 1251 "http://chijamzacademy.com/moon.php" "Go-http-client/2.0"
216.244.66.199 - - [17/Nov/2025:08:22:47 -0500] "GET /qozduwb177947mitems/etidm94db HTTP/1.1" 404 1251 "-" "Mozilla/5.0 (compatible; DotBot/1.2; +https://opensiteexplorer.org/dotbot; help@moz.com)"
193.37.32.194 - - [17/Nov/2025:08:22:48 -0500] "GET /wp-content/about.php HTTP/1.1" 404 1251 "http://chijamzacademy.com/wp-content/about.php" "Go-http-client/2.0"
216.244.66.199 - - [17/Nov/2025:08:22:49 -0500] "GET /qwzejul156601mitems/etidm27.htm HTTP/1.1" 404 1251 "-" "Mozilla/5.0 (compatible; DotBot/1.2; +https://opensiteexplorer.org/dotbot; help@moz.com)"
193.37.32.194 - - [17/Nov/2025:08:22:49 -0500] "GET /inputs.php HTTP/1.1" 404 1251 "http://chijamzacademy.com/inputs.php" "Go-http-client/2.0"
193.37.32.194 - - [17/Nov/2025:08:22:49 -0500] "GET /wp-includes/css/index.php HTTP/1.1" 404 1251 "http://chijamzacademy.com/wp-includes/css/index.php" "Go-http-client/2.0"
216.244.66.199 - - [17/Nov/2025:08:22:50 -0500] "GET /qwzejul176465mitems/etidm14 HTTP/1.1" 404 1251 "-" "Mozilla/5.0 (compatible; DotBot/1.2; +https://opensiteexplorer.org/dotbot; help@moz.com)"
193.37.32.194 - - [17/Nov/2025:08:22:50 -0500] "GET /wp-content/plugins/core-plugin/include.php HTTP/1.1" 404 1251 "http://chijamzacademy.com/wp-content/plugins/core-plugin/include.php" "Go-http-client/2.0"
216.244.66.199 - - [17/Nov/2025:08:22:51 -0500] "GET /qwzejul91601mitems/etidm93 HTTP/1.1" 404 1251 "-" "Mozilla/5.0 (compatible; DotBot/1.2; +https://opensiteexplorer.org/dotbot; help@moz.com)"
193.37.32.194 - - [17/Nov/2025:08:22:51 -0500] "GET /wp-content/uploads/ HTTP/1.1" 200 1837 "http://chijamzacademy.com/wp-content/uploads/" "Go-http-client/2.0"
216.244.66.199 - - [17/Nov/2025:08:22:51 -0500] "GET /qyzklal174697mitems/etidm71.htm HTTP/1.1" 404 1251 "-" "Mozilla/5.0 (compatible; DotBot/1.2; +https://opensiteexplorer.org/dotbot; help@moz.com)"
193.37.32.194 - - [17/Nov/2025:08:22:51 -0500] "GET /wp-content/themes/404.php HTTP/1.1" 404 1251 "http://chijamzacademy.com/wp-content/themes/404.php" "Go-http-client/2.0"
193.37.32.194 - - [17/Nov/2025:08:22:52 -0500] "GET /wp-content/themes/index.php HTTP/1.1" 200 0 "http://chijamzacademy.com/wp-content/themes/index.php" "Go-http-client/2.0"
216.244.66.199 - - [17/Nov/2025:08:22:52 -0500] "GET /qyzklal31229mitems/eti HTTP/1.1" 404 1251 "-" "Mozilla/5.0 (compatible; DotBot/1.2; +https://opensiteexplorer.org/dotbot; help@moz.com)"
193.37.32.194 - - [17/Nov/2025:08:22:52 -0500] "GET /class.api.php HTTP/1.1" 404 1251 "http://chijamzacademy.com/class.api.php" "Go-http-client/2.0"
193.37.32.194 - - [17/Nov/2025:08:22:53 -0500] "GET /wp-config-sample.php HTTP/1.1" 500 1083 "http://chijamzacademy.com/wp-config-sample.php" "Go-http-client/2.0"
193.37.32.194 - - [17/Nov/2025:08:22:55 -0500] "GET /wp-admin/includes/nav.php HTTP/1.1" 404 1251 "http://chijamzacademy.com/wp-admin/includes/nav.php" "Go-http-client/2.0"
193.37.32.194 - - [17/Nov/2025:08:22:55 -0500] "GET /wp-content/themes/sketch/404.php HTTP/1.1" 404 1251 "http://chijamzacademy.com/wp-content/themes/sketch/404.php" "Go-http-client/2.0"
193.37.32.194 - - [17/Nov/2025:08:22:55 -0500] "GET /files/ HTTP/1.1" 404 1251 "http://chijamzacademy.com/files/" "Go-http-client/2.0"
193.37.32.194 - - [17/Nov/2025:08:22:56 -0500] "GET /wp-includes/Text/Diff/index.php HTTP/1.1" 404 1251 "http://chijamzacademy.com/wp-includes/Text/Diff/index.php" "Go-http-client/2.0"
193.37.32.194 - - [17/Nov/2025:08:22:56 -0500] "GET /404.php HTTP/1.1" 404 1251 "http://chijamzacademy.com/404.php" "Go-http-client/2.0"
193.37.32.194 - - [17/Nov/2025:08:22:57 -0500] "GET /wp-includes/theme-compat/ HTTP/1.1" 200 1531 "http://chijamzacademy.com/wp-includes/theme-compat/" "Go-http-client/2.0"
185.191.171.3 - - [17/Nov/2025:08:22:57 -0500] "GET /sybklal11757oeti.html HTTP/1.1" 404 1251 "-" "Mozilla/5.0 (compatible; SemrushBot/7~bl; +http://www.semrush.com/bot.html)"
216.244.66.199 - - [17/Nov/2025:08:22:55 -0500] "GET /roacobl214842nitems/etidm26e.html HTTP/1.1" 404 1251 "-" "Mozilla/5.0 (compatible; DotBot/1.2; +https://opensiteexplorer.org/dotbot; help@moz.com)"
35.170.205.140 - - [17/Nov/2025:08:22:56 -0500] "GET /wp-includes/block-supports/aduot.php?path=//proc/self/root/proc/self/root/proc/self/root/proc/thread-self/root/lib/firmware/netronome/nic HTTP/1.1" 200 2155 "-" "Mozilla/5.0 AppleWebKit/537.36 (KHTML, like Gecko; compatible; Amazonbot/0.1; +https://developer.amazon.com/support/amazonbot) Chrome/119.0.6045.214 Safari/537.36"
216.244.66.199 - - [17/Nov/2025:08:22:56 -0500] "GET /rzamwmk188322nitems/etidm27e.html HTTP/1.1" 404 1251 "-" "Mozilla/5.0 (compatible; DotBot/1.2; +https://opensiteexplorer.org/dotbot; help@moz.com)"
193.37.32.194 - - [17/Nov/2025:08:22:57 -0500] "GET /wp-content/themes/bltm/wp-login.php HTTP/1.1" 404 1251 "http://chijamzacademy.com/wp-content/themes/bltm/wp-login.php" "Go-http-client/2.0"
216.244.66.199 - - [17/Nov/2025:08:22:57 -0500] "GET /scbuwtp152755oitems/etidm11fp.htm HTTP/1.1" 404 1251 "-" "Mozilla/5.0 (compatible; DotBot/1.2; +https://opensiteexplorer.org/dotbot; help@moz.com)"
193.37.32.194 - - [17/Nov/2025:08:22:57 -0500] "GET /k.php HTTP/1.1" 404 1251 "http://chijamzacademy.com/k.php" "Go-http-client/2.0"
193.37.32.194 - - [17/Nov/2025:08:22:58 -0500] "GET /wp-content/plugins/hello.php HTTP/1.1" 404 1251 "http://chijamzacademy.com/wp-content/plugins/hello.php" "Go-http-client/2.0"
193.37.32.194 - - [17/Nov/2025:08:22:59 -0500] "GET /wp-admin/js/privacy-tools.min.php HTTP/1.1" 404 1251 "http://chijamzacademy.com/wp-admin/js/privacy-tools.min.php" "Go-http-client/2.0"
193.37.32.194 - - [17/Nov/2025:08:23:00 -0500] "GET /chosen.php HTTP/1.1" 404 1251 "http://chijamzacademy.com/chosen.php" "Go-http-client/2.0"
216.244.66.199 - - [17/Nov/2025:08:23:01 -0500] "GET /sgbhhvt151351oitems/etidm.htm HTTP/1.1" 404 1251 "-" "Mozilla/5.0 (compatible; DotBot/1.2; +https://opensiteexplorer.org/dotbot; help@moz.com)"
193.37.32.194 - - [17/Nov/2025:08:23:01 -0500] "GET /wp-admin/images/index.php HTTP/1.1" 404 1251 "http://chijamzacademy.com/wp-admin/images/index.php" "Go-http-client/2.0"
216.244.66.199 - - [17/Nov/2025:08:23:02 -0500] "GET /sgbhhvt200179oitems/etidm12ft.htm HTTP/1.1" 404 1251 "-" "Mozilla/5.0 (compatible; DotBot/1.2; +https://opensiteexplorer.org/dotbot; help@moz.com)"
193.37.32.194 - - [17/Nov/2025:08:23:02 -0500] "GET /ws.php HTTP/1.1" 404 1251 "http://chijamzacademy.com/ws.php" "Go-http-client/2.0"
193.37.32.194 - - [17/Nov/2025:08:23:03 -0500] "GET /readme.php HTTP/1.1" 404 1251 "http://chijamzacademy.com/readme.php" "Go-http-client/2.0"
193.37.32.194 - - [17/Nov/2025:08:23:03 -0500] "GET /wp-admin/maint/about.php HTTP/1.1" 404 1251 "http://chijamzacademy.com/wp-admin/maint/about.php" "Go-http-client/2.0"
