216.244.66.199 - - [17/Nov/2025:07:20:15 -0500] "GET /cjlmwmk179285yitems/eti HTTP/1.1" 404 1251 "-" "Mozilla/5.0 (compatible; DotBot/1.2; +https://opensiteexplorer.org/dotbot; help@moz.com)"
44.214.19.8 - - [17/Nov/2025:07:20:16 -0500] "GET /wp-includes/block-supports/aduot.php?path=//proc/thread-self/root/proc/self/root/proc/self/root/proc/thread-self/root/opt/alt/dav1d/share HTTP/1.1" 200 1734 "-" "Mozilla/5.0 AppleWebKit/537.36 (KHTML, like Gecko; compatible; Amazonbot/0.1; +https://developer.amazon.com/support/amazonbot) Chrome/119.0.6045.214 Safari/537.36"
185.191.171.10 - - [17/Nov/2025:07:20:16 -0500] "GET /dhmuwtp264176zetidm6 HTTP/1.1" 404 1251 "-" "Mozilla/5.0 (compatible; SemrushBot/7~bl; +http://www.semrush.com/bot.html)"
52.4.213.199 - - [17/Nov/2025:07:20:11 -0500] "GET /wp-includes/block-supports/aduot.php?path=//proc/self/root/proc/thread-self/root/proc/self/root/proc/self/root/lib/locale/en_PH.utf8 HTTP/1.1" 200 2266 "-" "Mozilla/5.0 AppleWebKit/537.36 (KHTML, like Gecko; compatible; Amazonbot/0.1; +https://developer.amazon.com/support/amazonbot) Chrome/119.0.6045.214 Safari/537.36"
216.244.66.199 - - [17/Nov/2025:07:20:13 -0500] "GET /cjlceiw209211yetidm80pw.html HTTP/1.1" 404 1251 "-" "Mozilla/5.0 (compatible; DotBot/1.2; +https://opensiteexplorer.org/dotbot; help@moz.com)"
216.244.66.199 - - [17/Nov/2025:07:20:14 -0500] "GET /cjlceiw217895yitems/etidm HTTP/1.1" 404 1251 "-" "Mozilla/5.0 (compatible; DotBot/1.2; +https://opensiteexplorer.org/dotbot; help@moz.com)"
216.244.66.199 - - [17/Nov/2025:07:20:14 -0500] "GET /cjlceiw258351yetidm.html HTTP/1.1" 404 1251 "-" "Mozilla/5.0 (compatible; DotBot/1.2; +https://opensiteexplorer.org/dotbot; help@moz.com)"
216.244.66.199 - - [17/Nov/2025:07:20:15 -0500] "GET /cjlceiw85503yetidm.html HTTP/1.1" 404 1251 "-" "Mozilla/5.0 (compatible; DotBot/1.2; +https://opensiteexplorer.org/dotbot; help@moz.com)"
216.244.66.199 - - [17/Nov/2025:07:20:16 -0500] "GET /cjluwtp106017yetidm97.html HTTP/1.1" 404 1251 "-" "Mozilla/5.0 (compatible; DotBot/1.2; +https://opensiteexplorer.org/dotbot; help@moz.com)"
216.244.66.199 - - [17/Nov/2025:07:20:18 -0500] "GET /cjluwtp295245yeti.html HTTP/1.1" 404 1251 "-" "Mozilla/5.0 (compatible; DotBot/1.2; +https://opensiteexplorer.org/dotbot; help@moz.com)"
216.244.66.199 - - [17/Nov/2025:07:20:18 -0500] "GET /cjluwtp42317yitems/eti HTTP/1.1" 404 1251 "-" "Mozilla/5.0 (compatible; DotBot/1.2; +https://opensiteexplorer.org/dotbot; help@moz.com)"
216.244.66.199 - - [17/Nov/2025:07:20:19 -0500] "GET /cmljzcm100817yitems/etidm19 HTTP/1.1" 404 1251 "-" "Mozilla/5.0 (compatible; DotBot/1.2; +https://opensiteexplorer.org/dotbot; help@moz.com)"
216.244.66.199 - - [17/Nov/2025:07:20:20 -0500] "GET /cmljzcm123021yeti.html HTTP/1.1" 404 1251 "-" "Mozilla/5.0 (compatible; DotBot/1.2; +https://opensiteexplorer.org/dotbot; help@moz.com)"
216.244.66.199 - - [17/Nov/2025:07:20:21 -0500] "GET /cmljzcm225981yeti.html HTTP/1.1" 404 1251 "-" "Mozilla/5.0 (compatible; DotBot/1.2; +https://opensiteexplorer.org/dotbot; help@moz.com)"
216.244.66.199 - - [17/Nov/2025:07:20:21 -0500] "GET /cmljzcm249641yitems/etidm43 HTTP/1.1" 404 1251 "-" "Mozilla/5.0 (compatible; DotBot/1.2; +https://opensiteexplorer.org/dotbot; help@moz.com)"
216.244.66.199 - - [17/Nov/2025:07:20:22 -0500] "GET /cmljzcm84905yitems/etidm96 HTTP/1.1" 404 1251 "-" "Mozilla/5.0 (compatible; DotBot/1.2; +https://opensiteexplorer.org/dotbot; help@moz.com)"
216.244.66.199 - - [17/Nov/2025:07:20:23 -0500] "GET /colduwb223875yetidm91pb.html HTTP/1.1" 404 1251 "-" "Mozilla/5.0 (compatible; DotBot/1.2; +https://opensiteexplorer.org/dotbot; help@moz.com)"
216.244.66.199 - - [17/Nov/2025:07:20:23 -0500] "GET /colduwb270675yetidm15pb.html HTTP/1.1" 404 1251 "-" "Mozilla/5.0 (compatible; DotBot/1.2; +https://opensiteexplorer.org/dotbot; help@moz.com)"
34.196.6.199 - - [17/Nov/2025:07:20:23 -0500] "GET /wp-includes/block-supports/aduot.php?path=//proc/thread-self/root/proc/self/root/proc/thread-self/root/proc/self/root/lib/firmware/cpia2 HTTP/1.1" 200 1746 "-" "Mozilla/5.0 AppleWebKit/537.36 (KHTML, like Gecko; compatible; Amazonbot/0.1; +https://developer.amazon.com/support/amazonbot) Chrome/119.0.6045.214 Safari/537.36"
216.244.66.199 - - [17/Nov/2025:07:20:24 -0500] "GET /colduwb286327yitems/etidm.htm HTTP/1.1" 404 1251 "-" "Mozilla/5.0 (compatible; DotBot/1.2; +https://opensiteexplorer.org/dotbot; help@moz.com)"
216.244.66.199 - - [17/Nov/2025:07:20:25 -0500] "GET /crlceiw108357yeti.html HTTP/1.1" 404 1251 "-" "Mozilla/5.0 (compatible; DotBot/1.2; +https://opensiteexplorer.org/dotbot; help@moz.com)"
216.244.66.199 - - [17/Nov/2025:07:20:25 -0500] "GET /crlceiw122189yitems/eti HTTP/1.1" 404 1251 "-" "Mozilla/5.0 (compatible; DotBot/1.2; +https://opensiteexplorer.org/dotbot; help@moz.com)"
216.244.66.199 - - [17/Nov/2025:07:20:16 -0500] "GET /cjlmwmk59997yeti.html HTTP/1.1" 404 1251 "-" "Mozilla/5.0 (compatible; DotBot/1.2; +https://opensiteexplorer.org/dotbot; help@moz.com)"
216.244.66.199 - - [17/Nov/2025:07:20:17 -0500] "GET /cjluwtp128949yeti.html HTTP/1.1" 404 1251 "-" "Mozilla/5.0 (compatible; DotBot/1.2; +https://opensiteexplorer.org/dotbot; help@moz.com)"
216.244.66.199 - - [17/Nov/2025:07:20:17 -0500] "GET /cjluwtp137373yeti.html HTTP/1.1" 404 1251 "-" "Mozilla/5.0 (compatible; DotBot/1.2; +https://opensiteexplorer.org/dotbot; help@moz.com)"
216.244.66.199 - - [17/Nov/2025:07:20:18 -0500] "GET /cjluwtp179701yitems/eti.htm HTTP/1.1" 404 1251 "-" "Mozilla/5.0 (compatible; DotBot/1.2; +https://opensiteexplorer.org/dotbot; help@moz.com)"
216.244.66.199 - - [17/Nov/2025:07:20:19 -0500] "GET /cmljzcm116469yeti.html HTTP/1.1" 404 1251 "-" "Mozilla/5.0 (compatible; DotBot/1.2; +https://opensiteexplorer.org/dotbot; help@moz.com)"
3.209.174.110 - - [17/Nov/2025:07:20:20 -0500] "GET /wp-includes/block-supports/aduot.php?path=//proc/self/root/proc/self/root/proc/self/root/proc/thread-self/root/usr/share/locale/mi HTTP/1.1" 200 1736 "-" "Mozilla/5.0 AppleWebKit/537.36 (KHTML, like Gecko; compatible; Amazonbot/0.1; +https://developer.amazon.com/support/amazonbot) Chrome/119.0.6045.214 Safari/537.36"
216.244.66.199 - - [17/Nov/2025:07:20:20 -0500] "GET /cmljzcm117249yetidm82.html HTTP/1.1" 404 1251 "-" "Mozilla/5.0 (compatible; DotBot/1.2; +https://opensiteexplorer.org/dotbot; help@moz.com)"
216.244.66.199 - - [17/Nov/2025:07:20:21 -0500] "GET /cmljzcm219741yeti.html HTTP/1.1" 404 1251 "-" "Mozilla/5.0 (compatible; DotBot/1.2; +https://opensiteexplorer.org/dotbot; help@moz.com)"
216.244.66.199 - - [17/Nov/2025:07:20:22 -0500] "GET /cmljzcm287237yitems/eti HTTP/1.1" 404 1251 "-" "Mozilla/5.0 (compatible; DotBot/1.2; +https://opensiteexplorer.org/dotbot; help@moz.com)"
216.244.66.199 - - [17/Nov/2025:07:20:23 -0500] "GET /colduwb266775yetidm.html HTTP/1.1" 404 1251 "-" "Mozilla/5.0 (compatible; DotBot/1.2; +https://opensiteexplorer.org/dotbot; help@moz.com)"
216.244.66.199 - - [17/Nov/2025:07:20:24 -0500] "GET /colduwb295791yetidm.html HTTP/1.1" 404 1251 "-" "Mozilla/5.0 (compatible; DotBot/1.2; +https://opensiteexplorer.org/dotbot; help@moz.com)"
216.244.66.199 - - [17/Nov/2025:07:20:25 -0500] "GET /colduwb56799yetidm.html HTTP/1.1" 404 1251 "-" "Mozilla/5.0 (compatible; DotBot/1.2; +https://opensiteexplorer.org/dotbot; help@moz.com)"
216.244.66.199 - - [17/Nov/2025:07:20:26 -0500] "GET /crlceiw129261yeti.html HTTP/1.1" 404 1251 "-" "Mozilla/5.0 (compatible; DotBot/1.2; +https://opensiteexplorer.org/dotbot; help@moz.com)"
216.244.66.199 - - [17/Nov/2025:07:20:27 -0500] "GET /crlceiw229777yitems/etidm20.htm HTTP/1.1" 404 1251 "-" "Mozilla/5.0 (compatible; DotBot/1.2; +https://opensiteexplorer.org/dotbot; help@moz.com)"
216.244.66.199 - - [17/Nov/2025:07:20:28 -0500] "GET /crlceiw238305yetidm61.html HTTP/1.1" 404 1251 "-" "Mozilla/5.0 (compatible; DotBot/1.2; +https://opensiteexplorer.org/dotbot; help@moz.com)"
216.244.66.199 - - [17/Nov/2025:07:20:29 -0500] "GET /crlceiw299613yeti.html HTTP/1.1" 404 1251 "-" "Mozilla/5.0 (compatible; DotBot/1.2; +https://opensiteexplorer.org/dotbot; help@moz.com)"
216.244.66.199 - - [17/Nov/2025:07:20:30 -0500] "GET /ctlwqyg149099yitems/etidm97pg HTTP/1.1" 404 1251 "-" "Mozilla/5.0 (compatible; DotBot/1.2; +https://opensiteexplorer.org/dotbot; help@moz.com)"
216.244.66.199 - - [17/Nov/2025:07:20:31 -0500] "GET /ctlwqyg279151yitems/etidm.htm HTTP/1.1" 404 1251 "-" "Mozilla/5.0 (compatible; DotBot/1.2; +https://opensiteexplorer.org/dotbot; help@moz.com)"
184.73.195.18 - - [17/Nov/2025:07:20:31 -0500] "GET /wp-includes/block-supports/aduot.php?path=//proc/thread-self/root/proc/thread-self/root/proc/thread-self/root/proc/thread-self/root/usr/share/locale/sc HTTP/1.1" 200 1742 "-" "Mozilla/5.0 AppleWebKit/537.36 (KHTML, like Gecko; compatible; Amazonbot/0.1; +https://developer.amazon.com/support/amazonbot) Chrome/119.0.6045.214 Safari/537.36"
216.244.66.199 - - [17/Nov/2025:07:20:26 -0500] "GET /crlceiw175749yeti.html HTTP/1.1" 404 1251 "-" "Mozilla/5.0 (compatible; DotBot/1.2; +https://opensiteexplorer.org/dotbot; help@moz.com)"
216.244.66.199 - - [17/Nov/2025:07:20:27 -0500] "GET /crlceiw179961yetidm84.html HTTP/1.1" 404 1251 "-" "Mozilla/5.0 (compatible; DotBot/1.2; +https://opensiteexplorer.org/dotbot; help@moz.com)"
85.208.96.203 - - [17/Nov/2025:07:20:27 -0500] "GET /twcjzcm110480petidm1 HTTP/1.1" 404 1251 "-" "Mozilla/5.0 (compatible; SemrushBot/7~bl; +http://www.semrush.com/bot.html)"
216.244.66.199 - - [17/Nov/2025:07:20:27 -0500] "GET /crlceiw221145yetidm65.html HTTP/1.1" 404 1251 "-" "Mozilla/5.0 (compatible; DotBot/1.2; +https://opensiteexplorer.org/dotbot; help@moz.com)"
52.3.155.146 - - [17/Nov/2025:07:20:28 -0500] "GET /wp-includes/block-supports/aduot.php?path=//proc/self/root/proc/self/root/proc/thread-self/root/opt/alt/alt-nodejs8/root/var/nis HTTP/1.1" 200 1507 "-" "Mozilla/5.0 AppleWebKit/537.36 (KHTML, like Gecko; compatible; Amazonbot/0.1; +https://developer.amazon.com/support/amazonbot) Chrome/119.0.6045.214 Safari/537.36"
216.244.66.199 - - [17/Nov/2025:07:20:28 -0500] "GET /crlceiw291657yetidm70.html HTTP/1.1" 404 1251 "-" "Mozilla/5.0 (compatible; DotBot/1.2; +https://opensiteexplorer.org/dotbot; help@moz.com)"
216.244.66.199 - - [17/Nov/2025:07:20:29 -0500] "GET /crlceiw292229yitems/eti HTTP/1.1" 404 1251 "-" "Mozilla/5.0 (compatible; DotBot/1.2; +https://opensiteexplorer.org/dotbot; help@moz.com)"
216.244.66.199 - - [17/Nov/2025:07:20:30 -0500] "GET /crlceiw58437yeti.html HTTP/1.1" 404 1251 "-" "Mozilla/5.0 (compatible; DotBot/1.2; +https://opensiteexplorer.org/dotbot; help@moz.com)"
216.244.66.199 - - [17/Nov/2025:07:20:30 -0500] "GET /ctlwqyg186123yetidm86pg.html HTTP/1.1" 404 1251 "-" "Mozilla/5.0 (compatible; DotBot/1.2; +https://opensiteexplorer.org/dotbot; help@moz.com)"
216.244.66.199 - - [17/Nov/2025:07:20:31 -0500] "GET /ctlwqyg208743yetidm.html HTTP/1.1" 404 1251 "-" "Mozilla/5.0 (compatible; DotBot/1.2; +https://opensiteexplorer.org/dotbot; help@moz.com)"
85.208.96.196 - - [17/Nov/2025:07:20:31 -0500] "GET /bzkmwmk214774xetid.htm HTTP/1.1" 404 1251 "-" "Mozilla/5.0 (compatible; SemrushBot/7~bl; +http://www.semrush.com/bot.html)"
216.244.66.199 - - [17/Nov/2025:07:20:32 -0500] "GET /ctlwqyg80043yetidm21pg.html HTTP/1.1" 404 1251 "-" "Mozilla/5.0 (compatible; DotBot/1.2; +https://opensiteexplorer.org/dotbot; help@moz.com)"
216.244.66.199 - - [17/Nov/2025:07:20:33 -0500] "GET /culhhvt190725yeti.html HTTP/1.1" 404 1251 "-" "Mozilla/5.0 (compatible; DotBot/1.2; +https://opensiteexplorer.org/dotbot; help@moz.com)"
216.244.66.199 - - [17/Nov/2025:07:20:33 -0500] "GET /culhhvt228841yitems/etidm48.htm HTTP/1.1" 404 1251 "-" "Mozilla/5.0 (compatible; DotBot/1.2; +https://opensiteexplorer.org/dotbot; help@moz.com)"
216.244.66.199 - - [17/Nov/2025:07:20:34 -0500] "GET /culhhvt266749yitems/eti.htm HTTP/1.1" 404 1251 "-" "Mozilla/5.0 (compatible; DotBot/1.2; +https://opensiteexplorer.org/dotbot; help@moz.com)"
216.244.66.199 - - [17/Nov/2025:07:20:34 -0500] "GET /cwlejul165089yitems/etidm89 HTTP/1.1" 404 1251 "-" "Mozilla/5.0 (compatible; DotBot/1.2; +https://opensiteexplorer.org/dotbot; help@moz.com)"
3.93.98.99 - - [17/Nov/2025:07:20:35 -0500] "GET /wp-includes/block-supports/aduot.php?path=//proc/self/root/proc/thread-self/root/proc/thread-self/root/proc/self/root/lib/.build-id/66 HTTP/1.1" 200 3536 "-" "Mozilla/5.0 AppleWebKit/537.36 (KHTML, like Gecko; compatible; Amazonbot/0.1; +https://developer.amazon.com/support/amazonbot) Chrome/119.0.6045.214 Safari/537.36"
216.244.66.199 - - [17/Nov/2025:07:20:38 -0500] "GET /cxlmwmk167403yetidm71pk.html HTTP/1.1" 404 1251 "-" "Mozilla/5.0 (compatible; DotBot/1.2; +https://opensiteexplorer.org/dotbot; help@moz.com)"
216.244.66.199 - - [17/Nov/2025:07:20:39 -0500] "GET /cxlmwmk232455yetidm.html HTTP/1.1" 404 1251 "-" "Mozilla/5.0 (compatible; DotBot/1.2; +https://opensiteexplorer.org/dotbot; help@moz.com)"
216.244.66.199 - - [17/Nov/2025:07:20:32 -0500] "GET /ctlwqyg46971yetidm71pg.html HTTP/1.1" 404 1251 "-" "Mozilla/5.0 (compatible; DotBot/1.2; +https://opensiteexplorer.org/dotbot; help@moz.com)"
216.244.66.199 - - [17/Nov/2025:07:20:34 -0500] "GET /culhhvt276993yetidm43.html HTTP/1.1" 404 1251 "-" "Mozilla/5.0 (compatible; DotBot/1.2; +https://opensiteexplorer.org/dotbot; help@moz.com)"
216.244.66.199 - - [17/Nov/2025:07:20:35 -0500] "GET /cwlejul212565yeti.html HTTP/1.1" 404 1251 "-" "Mozilla/5.0 (compatible; DotBot/1.2; +https://opensiteexplorer.org/dotbot; help@moz.com)"
216.244.66.199 - - [17/Nov/2025:07:20:35 -0500] "GET /cwlejul243453yeti.html HTTP/1.1" 404 1251 "-" "Mozilla/5.0 (compatible; DotBot/1.2; +https://opensiteexplorer.org/dotbot; help@moz.com)"
185.191.171.8 - - [17/Nov/2025:07:20:36 -0500] "GET /wwfejul183933seti.html HTTP/1.1" 404 1251 "-" "Mozilla/5.0 (compatible; SemrushBot/7~bl; +http://www.semrush.com/bot.html)"
216.244.66.199 - - [17/Nov/2025:07:20:36 -0500] "GET /cwlejul277929yetidm12.html HTTP/1.1" 404 1251 "-" "Mozilla/5.0 (compatible; DotBot/1.2; +https://opensiteexplorer.org/dotbot; help@moz.com)"
216.244.66.199 - - [17/Nov/2025:07:20:36 -0500] "GET /cwlejul285573yeti.html HTTP/1.1" 404 1251 "-" "Mozilla/5.0 (compatible; DotBot/1.2; +https://opensiteexplorer.org/dotbot; help@moz.com)"
216.244.66.199 - - [17/Nov/2025:07:20:37 -0500] "GET /cwlejul29109yeti.html HTTP/1.1" 404 1251 "-" "Mozilla/5.0 (compatible; DotBot/1.2; +https://opensiteexplorer.org/dotbot; help@moz.com)"
216.244.66.199 - - [17/Nov/2025:07:20:37 -0500] "GET /cxlmwmk135579yetidm24pk.html HTTP/1.1" 404 1251 "-" "Mozilla/5.0 (compatible; DotBot/1.2; +https://opensiteexplorer.org/dotbot; help@moz.com)"
216.244.66.199 - - [17/Nov/2025:07:20:37 -0500] "GET /cxlmwmk148371yetidm23pk.html HTTP/1.1" 404 1251 "-" "Mozilla/5.0 (compatible; DotBot/1.2; +https://opensiteexplorer.org/dotbot; help@moz.com)"
216.244.66.199 - - [17/Nov/2025:07:20:38 -0500] "GET /cxlmwmk210095yitems/etidm HTTP/1.1" 404 1251 "-" "Mozilla/5.0 (compatible; DotBot/1.2; +https://opensiteexplorer.org/dotbot; help@moz.com)"
216.244.66.199 - - [17/Nov/2025:07:20:39 -0500] "GET /cxlmwmk2979yetidm94pk.html HTTP/1.1" 404 1251 "-" "Mozilla/5.0 (compatible; DotBot/1.2; +https://opensiteexplorer.org/dotbot; help@moz.com)"
216.244.66.199 - - [17/Nov/2025:07:20:41 -0500] "GET /cylcobl135215yitems/etidm HTTP/1.1" 404 1251 "-" "Mozilla/5.0 (compatible; DotBot/1.2; +https://opensiteexplorer.org/dotbot; help@moz.com)"
216.244.66.199 - - [17/Nov/2025:07:20:41 -0500] "GET /cylcobl165843yetidm53pl.html HTTP/1.1" 404 1251 "-" "Mozilla/5.0 (compatible; DotBot/1.2; +https://opensiteexplorer.org/dotbot; help@moz.com)"
216.244.66.199 - - [17/Nov/2025:07:20:41 -0500] "GET /cylcobl177699yetidm18pl.html HTTP/1.1" 404 1251 "-" "Mozilla/5.0 (compatible; DotBot/1.2; +https://opensiteexplorer.org/dotbot; help@moz.com)"
216.244.66.199 - - [17/Nov/2025:07:20:42 -0500] "GET /cylcobl22167yetidm.html HTTP/1.1" 404 1251 "-" "Mozilla/5.0 (compatible; DotBot/1.2; +https://opensiteexplorer.org/dotbot; help@moz.com)"
216.244.66.199 - - [17/Nov/2025:07:20:42 -0500] "GET /cylcobl251903yitems/etidm HTTP/1.1" 404 1251 "-" "Mozilla/5.0 (compatible; DotBot/1.2; +https://opensiteexplorer.org/dotbot; help@moz.com)"
216.244.66.199 - - [17/Nov/2025:07:20:43 -0500] "GET /cylcobl254555yitems/etidm95pl HTTP/1.1" 404 1251 "-" "Mozilla/5.0 (compatible; DotBot/1.2; +https://opensiteexplorer.org/dotbot; help@moz.com)"
54.235.191.179 - - [17/Nov/2025:07:20:43 -0500] "GET /wp-includes/block-supports/aduot.php?path=//proc/self/root/proc/self/root/proc/self/root/proc/thread-self/root/usr/include/linux/isdn HTTP/1.1" 200 1740 "-" "Mozilla/5.0 AppleWebKit/537.36 (KHTML, like Gecko; compatible; Amazonbot/0.1; +https://developer.amazon.com/support/amazonbot) Chrome/119.0.6045.214 Safari/537.36"
216.244.66.199 - - [17/Nov/2025:07:20:43 -0500] "GET /cylcobl265215yetidm.html HTTP/1.1" 404 1251 "-" "Mozilla/5.0 (compatible; DotBot/1.2; +https://opensiteexplorer.org/dotbot; help@moz.com)"
216.244.66.199 - - [17/Nov/2025:07:20:39 -0500] "GET /cxlmwmk28043yitems/etidm34pk HTTP/1.1" 404 1251 "-" "Mozilla/5.0 (compatible; DotBot/1.2; +https://opensiteexplorer.org/dotbot; help@moz.com)"
3.225.9.97 - - [17/Nov/2025:07:20:39 -0500] "GET /wp-includes/block-supports/aduot.php?path=//proc/thread-self/root/proc/thread-self/root/proc/self/root/proc/thread-self/root/usr/share/locale/it HTTP/1.1" 200 1785 "-" "Mozilla/5.0 AppleWebKit/537.36 (KHTML, like Gecko; compatible; Amazonbot/0.1; +https://developer.amazon.com/support/amazonbot) Chrome/119.0.6045.214 Safari/537.36"
216.244.66.199 - - [17/Nov/2025:07:20:40 -0500] "GET /cxlmwmk32619yetidm49pk.html HTTP/1.1" 404 1251 "-" "Mozilla/5.0 (compatible; DotBot/1.2; +https://opensiteexplorer.org/dotbot; help@moz.com)"
216.244.66.199 - - [17/Nov/2025:07:20:40 -0500] "GET /cxlmwmk43071yetidm.html HTTP/1.1" 404 1251 "-" "Mozilla/5.0 (compatible; DotBot/1.2; +https://opensiteexplorer.org/dotbot; help@moz.com)"
216.244.66.199 - - [17/Nov/2025:07:20:45 -0500] "GET /cylejul18891yetidm36pl.html HTTP/1.1" 404 1251 "-" "Mozilla/5.0 (compatible; DotBot/1.2; +https://opensiteexplorer.org/dotbot; help@moz.com)"
3.221.50.71 - - [17/Nov/2025:07:20:47 -0500] "GET /wp-includes/block-supports/aduot.php?path=//proc/thread-self/root/proc/thread-self/root/proc/self/root/opt/alt/alt-nodejs9/root/var/adm HTTP/1.1" 200 1508 "-" "Mozilla/5.0 AppleWebKit/537.36 (KHTML, like Gecko; compatible; Amazonbot/0.1; +https://developer.amazon.com/support/amazonbot) Chrome/119.0.6045.214 Safari/537.36"
216.244.66.199 - - [17/Nov/2025:07:20:48 -0500] "GET /cylejul301719yetidm.html HTTP/1.1" 404 1251 "-" "Mozilla/5.0 (compatible; DotBot/1.2; +https://opensiteexplorer.org/dotbot; help@moz.com)"
216.244.66.199 - - [17/Nov/2025:07:20:48 -0500] "GET /cylejul77651yitems/etidm11pl HTTP/1.1" 404 1251 "-" "Mozilla/5.0 (compatible; DotBot/1.2; +https://opensiteexplorer.org/dotbot; help@moz.com)"
216.244.66.199 - - [17/Nov/2025:07:20:48 -0500] "GET /cylejul94863yetidm.html HTTP/1.1" 404 1251 "-" "Mozilla/5.0 (compatible; DotBot/1.2; +https://opensiteexplorer.org/dotbot; help@moz.com)"
216.244.66.199 - - [17/Nov/2025:07:20:50 -0500] "GET /cylklal160877yitems/eti HTTP/1.1" 404 1251 "-" "Mozilla/5.0 (compatible; DotBot/1.2; +https://opensiteexplorer.org/dotbot; help@moz.com)"
216.244.66.199 - - [17/Nov/2025:07:20:51 -0500] "GET /cylklal20945yitems/etidm69 HTTP/1.1" 404 1251 "-" "Mozilla/5.0 (compatible; DotBot/1.2; +https://opensiteexplorer.org/dotbot; help@moz.com)"
216.244.66.199 - - [17/Nov/2025:07:20:51 -0500] "GET /cylklal210147yetidm10pl.html HTTP/1.1" 404 1251 "-" "Mozilla/5.0 (compatible; DotBot/1.2; +https://opensiteexplorer.org/dotbot; help@moz.com)"
54.210.152.179 - - [17/Nov/2025:07:20:51 -0500] "GET /wp-includes/block-supports/aduot.php?path=//proc/thread-self/root/proc/thread-self/root/proc/thread-self/root/proc/self/root/usr/lib/.build-id/26 HTTP/1.1" 200 3219 "-" "Mozilla/5.0 AppleWebKit/537.36 (KHTML, like Gecko; compatible; Amazonbot/0.1; +https://developer.amazon.com/support/amazonbot) Chrome/119.0.6045.214 Safari/537.36"
216.244.66.199 - - [17/Nov/2025:07:20:51 -0500] "GET /cylklal211707yetidm91pl.html HTTP/1.1" 404 1251 "-" "Mozilla/5.0 (compatible; DotBot/1.2; +https://opensiteexplorer.org/dotbot; help@moz.com)"
216.244.66.199 - - [17/Nov/2025:07:20:52 -0500] "GET /cylklal227463yetidm.html HTTP/1.1" 404 1251 "-" "Mozilla/5.0 (compatible; DotBot/1.2; +https://opensiteexplorer.org/dotbot; help@moz.com)"
216.244.66.199 - - [17/Nov/2025:07:20:52 -0500] "GET /cylklal274835yitems/etidm55pl HTTP/1.1" 404 1251 "-" "Mozilla/5.0 (compatible; DotBot/1.2; +https://opensiteexplorer.org/dotbot; help@moz.com)"
216.244.66.199 - - [17/Nov/2025:07:20:53 -0500] "GET /cylklal277071yetidm.html HTTP/1.1" 404 1251 "-" "Mozilla/5.0 (compatible; DotBot/1.2; +https://opensiteexplorer.org/dotbot; help@moz.com)"
216.244.66.199 - - [17/Nov/2025:07:20:54 -0500] "GET /cylklal9193yitems/etidm64.htm HTTP/1.1" 404 1251 "-" "Mozilla/5.0 (compatible; DotBot/1.2; +https://opensiteexplorer.org/dotbot; help@moz.com)"
216.244.66.199 - - [17/Nov/2025:07:20:44 -0500] "GET /cylcobl39327yetidm.html HTTP/1.1" 404 1251 "-" "Mozilla/5.0 (compatible; DotBot/1.2; +https://opensiteexplorer.org/dotbot; help@moz.com)"
216.244.66.199 - - [17/Nov/2025:07:20:44 -0500] "GET /cylcobl53835yetidm75pl.html HTTP/1.1" 404 1251 "-" "Mozilla/5.0 (compatible; DotBot/1.2; +https://opensiteexplorer.org/dotbot; help@moz.com)"
216.244.66.199 - - [17/Nov/2025:07:20:45 -0500] "GET /cylcobl53991yetidm.html HTTP/1.1" 404 1251 "-" "Mozilla/5.0 (compatible; DotBot/1.2; +https://opensiteexplorer.org/dotbot; help@moz.com)"
216.244.66.199 - - [17/Nov/2025:07:20:45 -0500] "GET /cylejul110775yetidm.html HTTP/1.1" 404 1251 "-" "Mozilla/5.0 (compatible; DotBot/1.2; +https://opensiteexplorer.org/dotbot; help@moz.com)"
216.244.66.199 - - [17/Nov/2025:07:20:46 -0500] "GET /cylejul204791yitems/etidm HTTP/1.1" 404 1251 "-" "Mozilla/5.0 (compatible; DotBot/1.2; +https://opensiteexplorer.org/dotbot; help@moz.com)"
216.244.66.199 - - [17/Nov/2025:07:20:46 -0500] "GET /cylejul219663yetidm.html HTTP/1.1" 404 1251 "-" "Mozilla/5.0 (compatible; DotBot/1.2; +https://opensiteexplorer.org/dotbot; help@moz.com)"
216.244.66.199 - - [17/Nov/2025:07:20:47 -0500] "GET /cylejul226527yetidm.html HTTP/1.1" 404 1251 "-" "Mozilla/5.0 (compatible; DotBot/1.2; +https://opensiteexplorer.org/dotbot; help@moz.com)"
216.244.66.199 - - [17/Nov/2025:07:20:47 -0500] "GET /cylejul277435yitems/etidm19pl.htm HTTP/1.1" 404 1251 "-" "Mozilla/5.0 (compatible; DotBot/1.2; +https://opensiteexplorer.org/dotbot; help@moz.com)"
216.244.66.199 - - [17/Nov/2025:07:20:49 -0500] "GET /cylklal116859yetidm16pl.html HTTP/1.1" 404 1251 "-" "Mozilla/5.0 (compatible; DotBot/1.2; +https://opensiteexplorer.org/dotbot; help@moz.com)"
216.244.66.199 - - [17/Nov/2025:07:20:49 -0500] "GET /cylklal137763yetidm93pl.html HTTP/1.1" 404 1251 "-" "Mozilla/5.0 (compatible; DotBot/1.2; +https://opensiteexplorer.org/dotbot; help@moz.com)"
216.244.66.199 - - [17/Nov/2025:07:20:50 -0500] "GET /cylklal173331yetidm15pl.html HTTP/1.1" 404 1251 "-" "Mozilla/5.0 (compatible; DotBot/1.2; +https://opensiteexplorer.org/dotbot; help@moz.com)"
216.244.66.199 - - [17/Nov/2025:07:20:53 -0500] "GET /cylklal77313yetidm54.html HTTP/1.1" 404 1251 "-" "Mozilla/5.0 (compatible; DotBot/1.2; +https://opensiteexplorer.org/dotbot; help@moz.com)"
216.244.66.199 - - [17/Nov/2025:07:20:54 -0500] "GET /czljzcm115923yetidm94pm.html HTTP/1.1" 404 1251 "-" "Mozilla/5.0 (compatible; DotBot/1.2; +https://opensiteexplorer.org/dotbot; help@moz.com)"
216.244.66.199 - - [17/Nov/2025:07:20:54 -0500] "GET /czljzcm130743yetidm.html HTTP/1.1" 404 1251 "-" "Mozilla/5.0 (compatible; DotBot/1.2; +https://opensiteexplorer.org/dotbot; help@moz.com)"
216.244.66.199 - - [17/Nov/2025:07:20:56 -0500] "GET /czljzcm62103yetidm.html HTTP/1.1" 404 1251 "-" "Mozilla/5.0 (compatible; DotBot/1.2; +https://opensiteexplorer.org/dotbot; help@moz.com)"
216.244.66.199 - - [17/Nov/2025:07:20:57 -0500] "GET /dgmuwtp202010zetidm96q HTTP/1.1" 404 1251 "-" "Mozilla/5.0 (compatible; DotBot/1.2; +https://opensiteexplorer.org/dotbot; help@moz.com)"
216.244.66.199 - - [17/Nov/2025:07:20:58 -0500] "GET /dgmuwtp214594zetidm12q.htm HTTP/1.1" 404 1251 "-" "Mozilla/5.0 (compatible; DotBot/1.2; +https://opensiteexplorer.org/dotbot; help@moz.com)"
216.244.66.199 - - [17/Nov/2025:07:20:58 -0500] "GET /dgmuwtp215478zitems/etid.html HTTP/1.1" 404 1251 "-" "Mozilla/5.0 (compatible; DotBot/1.2; +https://opensiteexplorer.org/dotbot; help@moz.com)"
216.244.66.199 - - [17/Nov/2025:07:20:59 -0500] "GET /dgmuwtp21726zitems/etid.html HTTP/1.1" 404 1251 "-" "Mozilla/5.0 (compatible; DotBot/1.2; +https://opensiteexplorer.org/dotbot; help@moz.com)"
216.244.66.199 - - [17/Nov/2025:07:21:00 -0500] "GET /dgmuwtp29890zetidm49q.htm HTTP/1.1" 404 1251 "-" "Mozilla/5.0 (compatible; DotBot/1.2; +https://opensiteexplorer.org/dotbot; help@moz.com)"
216.244.66.199 - - [17/Nov/2025:07:21:01 -0500] "GET /dhmejul133214zetid HTTP/1.1" 404 1251 "-" "Mozilla/5.0 (compatible; DotBot/1.2; +https://opensiteexplorer.org/dotbot; help@moz.com)"
216.244.66.199 - - [17/Nov/2025:07:20:55 -0500] "GET /czljzcm216699yetidm50pm.html HTTP/1.1" 404 1251 "-" "Mozilla/5.0 (compatible; DotBot/1.2; +https://opensiteexplorer.org/dotbot; help@moz.com)"
216.244.66.199 - - [17/Nov/2025:07:20:55 -0500] "GET /czljzcm252111yetidm.html HTTP/1.1" 404 1251 "-" "Mozilla/5.0 (compatible; DotBot/1.2; +https://opensiteexplorer.org/dotbot; help@moz.com)"
35.173.18.61 - - [17/Nov/2025:07:20:56 -0500] "GET /wp-includes/block-supports/aduot.php?path=//proc/thread-self/root/proc/thread-self/root/proc/thread-self/root/proc/thread-self/root/usr/lib/.build-id/b5 HTTP/1.1" 200 2944 "-" "Mozilla/5.0 AppleWebKit/537.36 (KHTML, like Gecko; compatible; Amazonbot/0.1; +https://developer.amazon.com/support/amazonbot) Chrome/119.0.6045.214 Safari/537.36"
216.244.66.199 - - [17/Nov/2025:07:20:56 -0500] "GET /czljzcm32463yetidm.html HTTP/1.1" 404 1251 "-" "Mozilla/5.0 (compatible; DotBot/1.2; +https://opensiteexplorer.org/dotbot; help@moz.com)"
216.244.66.199 - - [17/Nov/2025:07:20:57 -0500] "GET /dgmuwtp143042zetidm74q HTTP/1.1" 404 1251 "-" "Mozilla/5.0 (compatible; DotBot/1.2; +https://opensiteexplorer.org/dotbot; help@moz.com)"
216.244.66.199 - - [17/Nov/2025:07:20:57 -0500] "GET /dgmuwtp146890zetidm85q.htm HTTP/1.1" 404 1251 "-" "Mozilla/5.0 (compatible; DotBot/1.2; +https://opensiteexplorer.org/dotbot; help@moz.com)"
185.191.171.10 - - [17/Nov/2025:07:20:59 -0500] "GET /phyuwtp84008letidm8 HTTP/1.1" 404 1251 "-" "Mozilla/5.0 (compatible; SemrushBot/7~bl; +http://www.semrush.com/bot.html)"
216.244.66.199 - - [17/Nov/2025:07:20:59 -0500] "GET /dgmuwtp217454zetid HTTP/1.1" 404 1251 "-" "Mozilla/5.0 (compatible; DotBot/1.2; +https://opensiteexplorer.org/dotbot; help@moz.com)"
98.83.8.142 - - [17/Nov/2025:07:20:59 -0500] "GET /wp-includes/block-supports/aduot.php?path=//proc/self/root/proc/thread-self/root/proc/self/root/opt/alt/alt-nodejs6/root/var/opt HTTP/1.1" 200 1503 "-" "Mozilla/5.0 AppleWebKit/537.36 (KHTML, like Gecko; compatible; Amazonbot/0.1; +https://developer.amazon.com/support/amazonbot) Chrome/119.0.6045.214 Safari/537.36"
216.244.66.199 - - [17/Nov/2025:07:21:00 -0500] "GET /dgmuwtp248134zetid.htm HTTP/1.1" 404 1251 "-" "Mozilla/5.0 (compatible; DotBot/1.2; +https://opensiteexplorer.org/dotbot; help@moz.com)"
52.31.139.75 - - [17/Nov/2025:07:21:01 -0500] "POST /wc-api/Tbz_WC_Paystack_Webhook/ HTTP/1.1" 404 1251 "-" "Paystack/2.0"
216.244.66.199 - - [17/Nov/2025:07:21:01 -0500] "GET /dgmuwtp47726zetid HTTP/1.1" 404 1251 "-" "Mozilla/5.0 (compatible; DotBot/1.2; +https://opensiteexplorer.org/dotbot; help@moz.com)"
216.244.66.199 - - [17/Nov/2025:07:21:02 -0500] "GET /dhmejul180482zetidm34q HTTP/1.1" 404 1251 "-" "Mozilla/5.0 (compatible; DotBot/1.2; +https://opensiteexplorer.org/dotbot; help@moz.com)"
216.244.66.199 - - [17/Nov/2025:07:21:04 -0500] "GET /dhmejul225514zetidm26q.htm HTTP/1.1" 404 1251 "-" "Mozilla/5.0 (compatible; DotBot/1.2; +https://opensiteexplorer.org/dotbot; help@moz.com)"
216.244.66.199 - - [17/Nov/2025:07:21:04 -0500] "GET /dhmejul41590zetid.htm HTTP/1.1" 404 1251 "-" "Mozilla/5.0 (compatible; DotBot/1.2; +https://opensiteexplorer.org/dotbot; help@moz.com)"
3.221.156.96 - - [17/Nov/2025:07:21:04 -0500] "GET /wp-includes/block-supports/aduot.php?path=//proc/thread-self/root/proc/self/root/proc/thread-self/root/proc/thread-self/root/usr/share/locale/pt_PT HTTP/1.1" 200 1756 "-" "Mozilla/5.0 AppleWebKit/537.36 (KHTML, like Gecko; compatible; Amazonbot/0.1; +https://developer.amazon.com/support/amazonbot) Chrome/119.0.6045.214 Safari/537.36"
216.244.66.199 - - [17/Nov/2025:07:21:05 -0500] "GET /dhmejul65146zetidm72q.htm HTTP/1.1" 404 1251 "-" "Mozilla/5.0 (compatible; DotBot/1.2; +https://opensiteexplorer.org/dotbot; help@moz.com)"
216.244.66.199 - - [17/Nov/2025:07:21:06 -0500] "GET /dhmuwtp194444zetidm62quz HTTP/1.1" 404 1251 "-" "Mozilla/5.0 (compatible; DotBot/1.2; +https://opensiteexplorer.org/dotbot; help@moz.com)"
216.244.66.199 - - [17/Nov/2025:07:21:02 -0500] "GET /dhmejul184642zetidm99q.htm HTTP/1.1" 404 1251 "-" "Mozilla/5.0 (compatible; DotBot/1.2; +https://opensiteexplorer.org/dotbot; help@moz.com)"
216.244.66.199 - - [17/Nov/2025:07:21:03 -0500] "GET /dhmejul222914zetidm23q HTTP/1.1" 404 1251 "-" "Mozilla/5.0 (compatible; DotBot/1.2; +https://opensiteexplorer.org/dotbot; help@moz.com)"
216.244.66.199 - - [17/Nov/2025:07:21:03 -0500] "GET /dhmejul225098zetidm98q HTTP/1.1" 404 1251 "-" "Mozilla/5.0 (compatible; DotBot/1.2; +https://opensiteexplorer.org/dotbot; help@moz.com)"
216.244.66.199 - - [17/Nov/2025:07:21:05 -0500] "GET /dhmejul67174zetid.htm HTTP/1.1" 404 1251 "-" "Mozilla/5.0 (compatible; DotBot/1.2; +https://opensiteexplorer.org/dotbot; help@moz.com)"
216.244.66.199 - - [17/Nov/2025:07:21:05 -0500] "GET /dhmejul87194zetidm83q HTTP/1.1" 404 1251 "-" "Mozilla/5.0 (compatible; DotBot/1.2; +https://opensiteexplorer.org/dotbot; help@moz.com)"
216.244.66.199 - - [17/Nov/2025:07:21:06 -0500] "GET /dhmuwtp205520zetidm7 HTTP/1.1" 404 1251 "-" "Mozilla/5.0 (compatible; DotBot/1.2; +https://opensiteexplorer.org/dotbot; help@moz.com)"
216.244.66.199 - - [17/Nov/2025:07:21:08 -0500] "GET /dhmuwtp29084zetidm69quz HTTP/1.1" 404 1251 "-" "Mozilla/5.0 (compatible; DotBot/1.2; +https://opensiteexplorer.org/dotbot; help@moz.com)"
216.244.66.199 - - [17/Nov/2025:07:21:08 -0500] "GET /dhmuwtp302396zetidm25quz HTTP/1.1" 404 1251 "-" "Mozilla/5.0 (compatible; DotBot/1.2; +https://opensiteexplorer.org/dotbot; help@moz.com)"
216.244.66.199 - - [17/Nov/2025:07:21:08 -0500] "GET /dhmuwtp35480zetidm4 HTTP/1.1" 404 1251 "-" "Mozilla/5.0 (compatible; DotBot/1.2; +https://opensiteexplorer.org/dotbot; help@moz.com)"
216.244.66.199 - - [17/Nov/2025:07:21:09 -0500] "GET /dhmuwtp93512zetidm7 HTTP/1.1" 404 1251 "-" "Mozilla/5.0 (compatible; DotBot/1.2; +https://opensiteexplorer.org/dotbot; help@moz.com)"
216.244.66.199 - - [17/Nov/2025:07:21:10 -0500] "GET /dimhhvt226970zetidm40q HTTP/1.1" 404 1251 "-" "Mozilla/5.0 (compatible; DotBot/1.2; +https://opensiteexplorer.org/dotbot; help@moz.com)"
216.244.66.199 - - [17/Nov/2025:07:21:11 -0500] "GET /dimhhvt249278zetid HTTP/1.1" 404 1251 "-" "Mozilla/5.0 (compatible; DotBot/1.2; +https://opensiteexplorer.org/dotbot; help@moz.com)"
3.216.86.144 - - [17/Nov/2025:07:21:11 -0500] "GET /wp-includes/block-supports/aduot.php?path=//proc/self/root/proc/thread-self/root/proc/self/root/usr/local/lsws/admin/html HTTP/1.1" 200 2120 "-" "Mozilla/5.0 AppleWebKit/537.36 (KHTML, like Gecko; compatible; Amazonbot/0.1; +https://developer.amazon.com/support/amazonbot) Chrome/119.0.6045.214 Safari/537.36"
216.244.66.199 - - [17/Nov/2025:07:21:12 -0500] "GET /dimhhvt52666zetidm71q.htm HTTP/1.1" 404 1251 "-" "Mozilla/5.0 (compatible; DotBot/1.2; +https://opensiteexplorer.org/dotbot; help@moz.com)"
216.73.216.29 - - [17/Nov/2025:07:21:12 -0500] "GET /wp-includes/theme-compat/error_log HTTP/1.1" 403 1242 "-" "Mozilla/5.0 AppleWebKit/537.36 (KHTML, like Gecko; compatible; ClaudeBot/1.0; +claudebot@anthropic.com)"
216.244.66.199 - - [17/Nov/2025:07:21:12 -0500] "GET /dimhhvt61142zetid HTTP/1.1" 404 1251 "-" "Mozilla/5.0 (compatible; DotBot/1.2; +https://opensiteexplorer.org/dotbot; help@moz.com)"
216.244.66.199 - - [17/Nov/2025:07:21:14 -0500] "GET /djmduwb186514zetidm35q.htm HTTP/1.1" 404 1251 "-" "Mozilla/5.0 (compatible; DotBot/1.2; +https://opensiteexplorer.org/dotbot; help@moz.com)"
3.223.134.5 - - [17/Nov/2025:07:21:15 -0500] "GET /wp-includes/block-supports/aduot.php?path=//proc/self/root/proc/thread-self/root/proc/thread-self/root/usr/lib64/perl5/auto/File HTTP/1.1" 200 1754 "-" "Mozilla/5.0 AppleWebKit/537.36 (KHTML, like Gecko; compatible; Amazonbot/0.1; +https://developer.amazon.com/support/amazonbot) Chrome/119.0.6045.214 Safari/537.36"
216.244.66.199 - - [17/Nov/2025:07:21:16 -0500] "GET /djmduwb32282zetidm56q HTTP/1.1" 404 1251 "-" "Mozilla/5.0 (compatible; DotBot/1.2; +https://opensiteexplorer.org/dotbot; help@moz.com)"
216.244.66.199 - - [17/Nov/2025:07:21:07 -0500] "GET /dhmuwtp227204zetidm71quz HTTP/1.1" 404 1251 "-" "Mozilla/5.0 (compatible; DotBot/1.2; +https://opensiteexplorer.org/dotbot; help@moz.com)"
216.73.216.29 - - [17/Nov/2025:07:21:07 -0500] "GET /wp-includes/theme-compat/embed-404.php HTTP/1.1" 500 43 "-" "Mozilla/5.0 AppleWebKit/537.36 (KHTML, like Gecko; compatible; ClaudeBot/1.0; +claudebot@anthropic.com)"
216.244.66.199 - - [17/Nov/2025:07:21:07 -0500] "GET /dhmuwtp252632zetidm7 HTTP/1.1" 404 1251 "-" "Mozilla/5.0 (compatible; DotBot/1.2; +https://opensiteexplorer.org/dotbot; help@moz.com)"
216.244.66.199 - - [17/Nov/2025:07:21:09 -0500] "GET /dhmuwtp83320zetidm7.htm HTTP/1.1" 404 1251 "-" "Mozilla/5.0 (compatible; DotBot/1.2; +https://opensiteexplorer.org/dotbot; help@moz.com)"
52.70.209.13 - - [17/Nov/2025:07:21:09 -0500] "GET /wp-includes/block-supports/aduot.php?path=//proc/thread-self/root/proc/self/root/proc/self/root/proc/self/root/lib/python2.7/site-packages/six-1.11.0.dist-info HTTP/1.1" 200 1930 "-" "Mozilla/5.0 AppleWebKit/537.36 (KHTML, like Gecko; compatible; Amazonbot/0.1; +https://developer.amazon.com/support/amazonbot) Chrome/119.0.6045.214 Safari/537.36"
216.244.66.199 - - [17/Nov/2025:07:21:10 -0500] "GET /dimhhvt196654zetid.htm HTTP/1.1" 404 1251 "-" "Mozilla/5.0 (compatible; DotBot/1.2; +https://opensiteexplorer.org/dotbot; help@moz.com)"
216.244.66.199 - - [17/Nov/2025:07:21:11 -0500] "GET /dimhhvt258430zetid.htm HTTP/1.1" 404 1251 "-" "Mozilla/5.0 (compatible; DotBot/1.2; +https://opensiteexplorer.org/dotbot; help@moz.com)"
216.244.66.199 - - [17/Nov/2025:07:21:11 -0500] "GET /dimhhvt295662zitems/etid.html HTTP/1.1" 404 1251 "-" "Mozilla/5.0 (compatible; DotBot/1.2; +https://opensiteexplorer.org/dotbot; help@moz.com)"
216.244.66.199 - - [17/Nov/2025:07:21:13 -0500] "GET /dimhhvt85842zitems/etidm39q.html HTTP/1.1" 404 1251 "-" "Mozilla/5.0 (compatible; DotBot/1.2; +https://opensiteexplorer.org/dotbot; help@moz.com)"
216.244.66.199 - - [17/Nov/2025:07:21:13 -0500] "GET /dimhhvt86050zetidm6qv.htm HTTP/1.1" 404 1251 "-" "Mozilla/5.0 (compatible; DotBot/1.2; +https://opensiteexplorer.org/dotbot; help@moz.com)"
216.244.66.199 - - [17/Nov/2025:07:21:13 -0500] "GET /djmduwb124530zitems/etidm22q.html HTTP/1.1" 404 1251 "-" "Mozilla/5.0 (compatible; DotBot/1.2; +https://opensiteexplorer.org/dotbot; help@moz.com)"
216.244.66.199 - - [17/Nov/2025:07:21:14 -0500] "GET /djmduwb153130zetidm73q.htm HTTP/1.1" 404 1251 "-" "Mozilla/5.0 (compatible; DotBot/1.2; +https://opensiteexplorer.org/dotbot; help@moz.com)"
216.244.66.199 - - [17/Nov/2025:07:21:15 -0500] "GET /djmduwb248290zetidm98q.htm HTTP/1.1" 404 1251 "-" "Mozilla/5.0 (compatible; DotBot/1.2; +https://opensiteexplorer.org/dotbot; help@moz.com)"
216.244.66.199 - - [17/Nov/2025:07:21:15 -0500] "GET /djmduwb301694zetid HTTP/1.1" 404 1251 "-" "Mozilla/5.0 (compatible; DotBot/1.2; +https://opensiteexplorer.org/dotbot; help@moz.com)"
216.244.66.199 - - [17/Nov/2025:07:21:17 -0500] "GET /djmduwb82514zetidm32q HTTP/1.1" 404 1251 "-" "Mozilla/5.0 (compatible; DotBot/1.2; +https://opensiteexplorer.org/dotbot; help@moz.com)"
216.73.216.29 - - [17/Nov/2025:07:21:17 -0500] "GET /wp-includes/theme-compat/header.php HTTP/1.1" 500 0 "-" "Mozilla/5.0 AppleWebKit/537.36 (KHTML, like Gecko; compatible; ClaudeBot/1.0; +claudebot@anthropic.com)"
216.244.66.199 - - [17/Nov/2025:07:21:17 -0500] "GET /djmduwb86362zetidm61q.htm HTTP/1.1" 404 1251 "-" "Mozilla/5.0 (compatible; DotBot/1.2; +https://opensiteexplorer.org/dotbot; help@moz.com)"
216.244.66.199 - - [17/Nov/2025:07:21:18 -0500] "GET /djmwqyg182900zetidm15qwz HTTP/1.1" 404 1251 "-" "Mozilla/5.0 (compatible; DotBot/1.2; +https://opensiteexplorer.org/dotbot; help@moz.com)"
216.244.66.199 - - [17/Nov/2025:07:21:20 -0500] "GET /djmwqyg263916zitems/etidm24qwz.html HTTP/1.1" 404 1251 "-" "Mozilla/5.0 (compatible; DotBot/1.2; +https://opensiteexplorer.org/dotbot; help@moz.com)"
52.4.213.199 - - [17/Nov/2025:07:21:20 -0500] "GET /wp-includes/block-supports/aduot.php?path=//proc/self/root/proc/self/root/proc/self/root/proc/self/root/lib/rpm/platform/armv3l-linux HTTP/1.1" 200 1732 "-" "Mozilla/5.0 AppleWebKit/537.36 (KHTML, like Gecko; compatible; Amazonbot/0.1; +https://developer.amazon.com/support/amazonbot) Chrome/119.0.6045.214 Safari/537.36"
216.244.66.199 - - [17/Nov/2025:07:21:21 -0500] "GET /djmwqyg303020zetidm61qwz HTTP/1.1" 404 1251 "-" "Mozilla/5.0 (compatible; DotBot/1.2; +https://opensiteexplorer.org/dotbot; help@moz.com)"
216.244.66.199 - - [17/Nov/2025:07:21:21 -0500] "GET /djmwqyg32360zetidm1 HTTP/1.1" 404 1251 "-" "Mozilla/5.0 (compatible; DotBot/1.2; +https://opensiteexplorer.org/dotbot; help@moz.com)"
216.73.216.29 - - [17/Nov/2025:07:21:22 -0500] "GET /wp-includes/block-bindings/pattern-overrides.php HTTP/1.1" 500 0 "-" "Mozilla/5.0 AppleWebKit/537.36 (KHTML, like Gecko; compatible; ClaudeBot/1.0; +claudebot@anthropic.com)"
216.244.66.199 - - [17/Nov/2025:07:21:22 -0500] "GET /djmwqyg55864zetidm4.htm HTTP/1.1" 404 1251 "-" "Mozilla/5.0 (compatible; DotBot/1.2; +https://opensiteexplorer.org/dotbot; help@moz.com)"
18.205.91.101 - - [17/Nov/2025:07:21:24 -0500] "GET /wp-includes/block-supports/aduot.php?fileloc=//proc/self/root/proc/thread-self/root/opt/alt/php82/usr/include/php/ext/standard/php_filestat.h&path=//proc/self/root/proc/thread-self/root/opt/alt/php82/usr/include/php/ext/standard HTTP/1.1" 200 2317 "-" "Mozilla/5.0 AppleWebKit/537.36 (KHTML, like Gecko; compatible; Amazonbot/0.1; +https://developer.amazon.com/support/amazonbot) Chrome/119.0.6045.214 Safari/537.36"
216.244.66.199 - - [17/Nov/2025:07:21:24 -0500] "GET /dlmwqyg196810zetidm91q.htm HTTP/1.1" 404 1251 "-" "Mozilla/5.0 (compatible; DotBot/1.2; +https://opensiteexplorer.org/dotbot; help@moz.com)"
216.244.66.199 - - [17/Nov/2025:07:21:24 -0500] "GET /dlmwqyg2278zetid.htm HTTP/1.1" 404 1251 "-" "Mozilla/5.0 (compatible; DotBot/1.2; +https://opensiteexplorer.org/dotbot; help@moz.com)"
216.244.66.199 - - [17/Nov/2025:07:21:25 -0500] "GET /dlmwqyg243142zetid.htm HTTP/1.1" 404 1251 "-" "Mozilla/5.0 (compatible; DotBot/1.2; +https://opensiteexplorer.org/dotbot; help@moz.com)"
216.244.66.199 - - [17/Nov/2025:07:21:25 -0500] "GET /dlmwqyg246626zetidm51q HTTP/1.1" 404 1251 "-" "Mozilla/5.0 (compatible; DotBot/1.2; +https://opensiteexplorer.org/dotbot; help@moz.com)"
216.244.66.199 - - [17/Nov/2025:07:21:27 -0500] "GET /dlmwqyg42214zetid.htm HTTP/1.1" 404 1251 "-" "Mozilla/5.0 (compatible; DotBot/1.2; +https://opensiteexplorer.org/dotbot; help@moz.com)"
216.244.66.199 - - [17/Nov/2025:07:21:27 -0500] "GET /dnmklal118914zitems/etidm56q.html HTTP/1.1" 404 1251 "-" "Mozilla/5.0 (compatible; DotBot/1.2; +https://opensiteexplorer.org/dotbot; help@moz.com)"
216.244.66.199 - - [17/Nov/2025:07:21:28 -0500] "GET /dnmklal119538zitems/etidm40q.html HTTP/1.1" 404 1251 "-" "Mozilla/5.0 (compatible; DotBot/1.2; +https://opensiteexplorer.org/dotbot; help@moz.com)"
216.244.66.199 - - [17/Nov/2025:07:21:29 -0500] "GET /dnmklal163270zetid.htm HTTP/1.1" 404 1251 "-" "Mozilla/5.0 (compatible; DotBot/1.2; +https://opensiteexplorer.org/dotbot; help@moz.com)"
216.244.66.199 - - [17/Nov/2025:07:21:29 -0500] "GET /dnmklal199306zetidm78q.htm HTTP/1.1" 404 1251 "-" "Mozilla/5.0 (compatible; DotBot/1.2; +https://opensiteexplorer.org/dotbot; help@moz.com)"
216.244.66.199 - - [17/Nov/2025:07:21:29 -0500] "GET /dnmklal24014zetid HTTP/1.1" 404 1251 "-" "Mozilla/5.0 (compatible; DotBot/1.2; +https://opensiteexplorer.org/dotbot; help@moz.com)"
216.244.66.199 - - [17/Nov/2025:07:21:30 -0500] "GET /dnmklal269246zetid HTTP/1.1" 404 1251 "-" "Mozilla/5.0 (compatible; DotBot/1.2; +https://opensiteexplorer.org/dotbot; help@moz.com)"
216.244.66.199 - - [17/Nov/2025:07:21:16 -0500] "GET /djmduwb52198zetid.htm HTTP/1.1" 404 1251 "-" "Mozilla/5.0 (compatible; DotBot/1.2; +https://opensiteexplorer.org/dotbot; help@moz.com)"
216.244.66.199 - - [17/Nov/2025:07:21:17 -0500] "GET /djmwqyg109424zetidm8 HTTP/1.1" 404 1251 "-" "Mozilla/5.0 (compatible; DotBot/1.2; +https://opensiteexplorer.org/dotbot; help@moz.com)"
216.244.66.199 - - [17/Nov/2025:07:21:18 -0500] "GET /djmwqyg158252zetidm52qwz HTTP/1.1" 404 1251 "-" "Mozilla/5.0 (compatible; DotBot/1.2; +https://opensiteexplorer.org/dotbot; help@moz.com)"
216.244.66.199 - - [17/Nov/2025:07:21:19 -0500] "GET /djmwqyg204272zetidm2 HTTP/1.1" 404 1251 "-" "Mozilla/5.0 (compatible; DotBot/1.2; +https://opensiteexplorer.org/dotbot; help@moz.com)"
216.244.66.199 - - [17/Nov/2025:07:21:19 -0500] "GET /djmwqyg236980zetidm75qwz.htm HTTP/1.1" 404 1251 "-" "Mozilla/5.0 (compatible; DotBot/1.2; +https://opensiteexplorer.org/dotbot; help@moz.com)"
216.244.66.199 - - [17/Nov/2025:07:21:20 -0500] "GET /djmwqyg275512zetidm4.htm HTTP/1.1" 404 1251 "-" "Mozilla/5.0 (compatible; DotBot/1.2; +https://opensiteexplorer.org/dotbot; help@moz.com)"
216.244.66.199 - - [17/Nov/2025:07:21:20 -0500] "GET /djmwqyg275668zetidm35qwz.htm HTTP/1.1" 404 1251 "-" "Mozilla/5.0 (compatible; DotBot/1.2; +https://opensiteexplorer.org/dotbot; help@moz.com)"
216.244.66.199 - - [17/Nov/2025:07:21:22 -0500] "GET /djmwqyg50560zetidm9.htm HTTP/1.1" 404 1251 "-" "Mozilla/5.0 (compatible; DotBot/1.2; +https://opensiteexplorer.org/dotbot; help@moz.com)"
216.244.66.199 - - [17/Nov/2025:07:21:23 -0500] "GET /dlmwqyg100246zetid.htm HTTP/1.1" 404 1251 "-" "Mozilla/5.0 (compatible; DotBot/1.2; +https://opensiteexplorer.org/dotbot; help@moz.com)"
216.244.66.199 - - [17/Nov/2025:07:21:23 -0500] "GET /dlmwqyg165818zetidm13q HTTP/1.1" 404 1251 "-" "Mozilla/5.0 (compatible; DotBot/1.2; +https://opensiteexplorer.org/dotbot; help@moz.com)"
216.244.66.199 - - [17/Nov/2025:07:21:25 -0500] "GET /dlmwqyg259158zitems/etid.html HTTP/1.1" 404 1251 "-" "Mozilla/5.0 (compatible; DotBot/1.2; +https://opensiteexplorer.org/dotbot; help@moz.com)"
216.244.66.199 - - [17/Nov/2025:07:21:26 -0500] "GET /dlmwqyg290878zetid.htm HTTP/1.1" 404 1251 "-" "Mozilla/5.0 (compatible; DotBot/1.2; +https://opensiteexplorer.org/dotbot; help@moz.com)"
216.244.66.199 - - [17/Nov/2025:07:21:26 -0500] "GET /dlmwqyg32386zetidm56q.htm HTTP/1.1" 404 1251 "-" "Mozilla/5.0 (compatible; DotBot/1.2; +https://opensiteexplorer.org/dotbot; help@moz.com)"
216.73.216.29 - - [17/Nov/2025:07:21:27 -0500] "GET /index.php HTTP/1.1" 404 1251 "-" "Mozilla/5.0 AppleWebKit/537.36 (KHTML, like Gecko; compatible; ClaudeBot/1.0; +claudebot@anthropic.com)"
107.20.224.184 - - [17/Nov/2025:07:21:27 -0500] "GET /wp-includes/block-supports/aduot.php?path=//proc/self/root/proc/self/root/proc/thread-self/root/proc/thread-self/root/usr/share/man/zh_CN HTTP/1.1" 200 1822 "-" "Mozilla/5.0 AppleWebKit/537.36 (KHTML, like Gecko; compatible; Amazonbot/0.1; +https://developer.amazon.com/support/amazonbot) Chrome/119.0.6045.214 Safari/537.36"
216.244.66.199 - - [17/Nov/2025:07:21:28 -0500] "GET /dnmklal120994zetidm50q.htm HTTP/1.1" 404 1251 "-" "Mozilla/5.0 (compatible; DotBot/1.2; +https://opensiteexplorer.org/dotbot; help@moz.com)"
216.244.66.199 - - [17/Nov/2025:07:21:30 -0500] "GET /dnmklal264982zetid.htm HTTP/1.1" 404 1251 "-" "Mozilla/5.0 (compatible; DotBot/1.2; +https://opensiteexplorer.org/dotbot; help@moz.com)"
216.244.66.199 - - [17/Nov/2025:07:21:31 -0500] "GET /domcobl100454zetid HTTP/1.1" 404 1251 "-" "Mozilla/5.0 (compatible; DotBot/1.2; +https://opensiteexplorer.org/dotbot; help@moz.com)"
216.244.66.199 - - [17/Nov/2025:07:21:31 -0500] "GET /domcobl114026zetidm41q HTTP/1.1" 404 1251 "-" "Mozilla/5.0 (compatible; DotBot/1.2; +https://opensiteexplorer.org/dotbot; help@moz.com)"
216.244.66.199 - - [17/Nov/2025:07:21:32 -0500] "GET /domcobl121618zetidm80q.htm HTTP/1.1" 404 1251 "-" "Mozilla/5.0 (compatible; DotBot/1.2; +https://opensiteexplorer.org/dotbot; help@moz.com)"
54.235.125.129 - - [17/Nov/2025:07:21:31 -0500] "GET /wp-includes/block-supports/aduot.php?path=//proc/thread-self/root/proc/self/root/opt/alt/php72/usr/include/php/ext/phar HTTP/1.1" 200 1733 "-" "Mozilla/5.0 AppleWebKit/537.36 (KHTML, like Gecko; compatible; Amazonbot/0.1; +https://developer.amazon.com/support/amazonbot) Chrome/119.0.6045.214 Safari/537.36"
216.244.66.199 - - [17/Nov/2025:07:21:32 -0500] "GET /domcobl161294zetid HTTP/1.1" 404 1251 "-" "Mozilla/5.0 (compatible; DotBot/1.2; +https://opensiteexplorer.org/dotbot; help@moz.com)"
216.244.66.199 - - [17/Nov/2025:07:21:34 -0500] "GET /domcobl52822zetid.htm HTTP/1.1" 404 1251 "-" "Mozilla/5.0 (compatible; DotBot/1.2; +https://opensiteexplorer.org/dotbot; help@moz.com)"
216.244.66.199 - - [17/Nov/2025:07:21:35 -0500] "GET /domcobl58126zetid.htm HTTP/1.1" 404 1251 "-" "Mozilla/5.0 (compatible; DotBot/1.2; +https://opensiteexplorer.org/dotbot; help@moz.com)"
216.244.66.199 - - [17/Nov/2025:07:21:35 -0500] "GET /dpmceiw108956zetidm87qcz HTTP/1.1" 404 1251 "-" "Mozilla/5.0 (compatible; DotBot/1.2; +https://opensiteexplorer.org/dotbot; help@moz.com)"
100.29.34.97 - - [17/Nov/2025:07:21:35 -0500] "GET /wp-includes/block-supports/aduot.php?path=//proc/self/root/proc/self/root/proc/thread-self/root/opt/alt/alt-nodejs11/root/var/empty HTTP/1.1" 200 1508 "-" "Mozilla/5.0 AppleWebKit/537.36 (KHTML, like Gecko; compatible; Amazonbot/0.1; +https://developer.amazon.com/support/amazonbot) Chrome/119.0.6045.214 Safari/537.36"
216.244.66.199 - - [17/Nov/2025:07:21:37 -0500] "GET /dpmceiw179312zetidm7 HTTP/1.1" 404 1251 "-" "Mozilla/5.0 (compatible; DotBot/1.2; +https://opensiteexplorer.org/dotbot; help@moz.com)"
216.244.66.199 - - [17/Nov/2025:07:21:37 -0500] "GET /dpmceiw198188zetidm43qcz HTTP/1.1" 404 1251 "-" "Mozilla/5.0 (compatible; DotBot/1.2; +https://opensiteexplorer.org/dotbot; help@moz.com)"
216.244.66.199 - - [17/Nov/2025:07:21:38 -0500] "GET /dpmceiw243896zetidm1 HTTP/1.1" 404 1251 "-" "Mozilla/5.0 (compatible; DotBot/1.2; +https://opensiteexplorer.org/dotbot; help@moz.com)"
85.208.96.209 - - [17/Nov/2025:07:21:39 -0500] "GET /vjewqyg299528retidm9 HTTP/1.1" 404 1251 "-" "Mozilla/5.0 (compatible; SemrushBot/7~bl; +http://www.semrush.com/bot.html)"
216.244.66.199 - - [17/Nov/2025:07:21:39 -0500] "GET /dpmceiw289136zetidm2 HTTP/1.1" 404 1251 "-" "Mozilla/5.0 (compatible; DotBot/1.2; +https://opensiteexplorer.org/dotbot; help@moz.com)"
34.231.45.47 - - [17/Nov/2025:07:21:39 -0500] "GET /wp-includes/block-supports/aduot.php?path=//proc/thread-self/root/proc/thread-self/root/opt/cloudlinux/alt-php54/root/usr/include/php/main HTTP/1.1" 200 2984 "-" "Mozilla/5.0 AppleWebKit/537.36 (KHTML, like Gecko; compatible; Amazonbot/0.1; +https://developer.amazon.com/support/amazonbot) Chrome/119.0.6045.214 Safari/537.36"
216.244.66.199 - - [17/Nov/2025:07:21:39 -0500] "GET /dpmceiw5996zetidm98qcz HTTP/1.1" 404 1251 "-" "Mozilla/5.0 (compatible; DotBot/1.2; +https://opensiteexplorer.org/dotbot; help@moz.com)"
216.244.66.199 - - [17/Nov/2025:07:21:40 -0500] "GET /dpmcobl152064zitems/etidm8.html HTTP/1.1" 404 1251 "-" "Mozilla/5.0 (compatible; DotBot/1.2; +https://opensiteexplorer.org/dotbot; help@moz.com)"
216.244.66.199 - - [17/Nov/2025:07:21:40 -0500] "GET /dpmcobl176296zetidm4.htm HTTP/1.1" 404 1251 "-" "Mozilla/5.0 (compatible; DotBot/1.2; +https://opensiteexplorer.org/dotbot; help@moz.com)"
216.244.66.199 - - [17/Nov/2025:07:21:41 -0500] "GET /dpmcobl205936zetidm7.htm HTTP/1.1" 404 1251 "-" "Mozilla/5.0 (compatible; DotBot/1.2; +https://opensiteexplorer.org/dotbot; help@moz.com)"
216.244.66.199 - - [17/Nov/2025:07:21:41 -0500] "GET /dpmcobl212488zetidm8.htm HTTP/1.1" 404 1251 "-" "Mozilla/5.0 (compatible; DotBot/1.2; +https://opensiteexplorer.org/dotbot; help@moz.com)"
216.244.66.199 - - [17/Nov/2025:07:21:43 -0500] "GET /dpmjzcm124894zetid.htm HTTP/1.1" 404 1251 "-" "Mozilla/5.0 (compatible; DotBot/1.2; +https://opensiteexplorer.org/dotbot; help@moz.com)"
216.73.216.29 - - [17/Nov/2025:07:21:32 -0500] "GET /wp-includes/ID3/module.audio-video.matroska.php HTTP/1.1" 200 0 "-" "Mozilla/5.0 AppleWebKit/537.36 (KHTML, like Gecko; compatible; ClaudeBot/1.0; +claudebot@anthropic.com)"
216.244.66.199 - - [17/Nov/2025:07:21:32 -0500] "GET /domcobl134306zetidm34q HTTP/1.1" 404 1251 "-" "Mozilla/5.0 (compatible; DotBot/1.2; +https://opensiteexplorer.org/dotbot; help@moz.com)"
216.244.66.199 - - [17/Nov/2025:07:21:33 -0500] "GET /domcobl178922zetidm52q HTTP/1.1" 404 1251 "-" "Mozilla/5.0 (compatible; DotBot/1.2; +https://opensiteexplorer.org/dotbot; help@moz.com)"
216.244.66.199 - - [17/Nov/2025:07:21:33 -0500] "GET /domcobl251670zitems/etid.html HTTP/1.1" 404 1251 "-" "Mozilla/5.0 (compatible; DotBot/1.2; +https://opensiteexplorer.org/dotbot; help@moz.com)"
216.244.66.199 - - [17/Nov/2025:07:21:34 -0500] "GET /domcobl54382zetid.htm HTTP/1.1" 404 1251 "-" "Mozilla/5.0 (compatible; DotBot/1.2; +https://opensiteexplorer.org/dotbot; help@moz.com)"
216.244.66.199 - - [17/Nov/2025:07:21:36 -0500] "GET /dpmceiw177284zetidm64qcz HTTP/1.1" 404 1251 "-" "Mozilla/5.0 (compatible; DotBot/1.2; +https://opensiteexplorer.org/dotbot; help@moz.com)"
