102.89.76.174 - - [17/Nov/2025:07:39:05 -0500] "GET /new/wp-content/plugins/thrive-visual-editor/editor/js/dist/modules/number-counter.min.js?v=3.24.3&ver=3.24.3 HTTP/1.1" 200 1578 "https://chijamzacademy.com/new/videoeditingchallenge/" "Mozilla/5.0 (Linux; Android 10; K) AppleWebKit/537.36 (KHTML, like Gecko) Chrome/141.0.0.0 Mobile Safari/537.36"
102.89.76.174 - - [17/Nov/2025:07:39:05 -0500] "GET /new/wp-content/plugins/thrive-visual-editor/editor/js/dist/modules/image-gallery.min.js?v=3.24.3&ver=3.24.3 HTTP/1.1" 200 3668 "https://chijamzacademy.com/new/videoeditingchallenge/" "Mozilla/5.0 (Linux; Android 10; K) AppleWebKit/537.36 (KHTML, like Gecko) Chrome/141.0.0.0 Mobile Safari/537.36"
102.89.76.174 - - [17/Nov/2025:07:39:06 -0500] "GET /new/wp-content/plugins/thrive-visual-editor/editor/js/dist/modules/menu.min.js?v=3.24.3&ver=3.24.3 HTTP/1.1" 200 4668 "https://chijamzacademy.com/new/videoeditingchallenge/" "Mozilla/5.0 (Linux; Android 10; K) AppleWebKit/537.36 (KHTML, like Gecko) Chrome/141.0.0.0 Mobile Safari/537.36"
102.89.76.174 - - [17/Nov/2025:07:39:04 -0500] "GET /new/wp-content/plugins/thrive-visual-editor/editor/js/dist/modules/conditional-display.min.js?v=3.24.3&ver=3.24.3 HTTP/1.1" 200 2558 "https://chijamzacademy.com/new/videoeditingchallenge/" "Mozilla/5.0 (Linux; Android 10; K) AppleWebKit/537.36 (KHTML, like Gecko) Chrome/141.0.0.0 Mobile Safari/537.36"
102.89.76.174 - - [17/Nov/2025:07:39:04 -0500] "GET /new/wp-content/plugins/thrive-visual-editor/editor/js/dist/modules/search-form.min.js?v=3.24.3&ver=3.24.3 HTTP/1.1" 200 2618 "https://chijamzacademy.com/new/videoeditingchallenge/" "Mozilla/5.0 (Linux; Android 10; K) AppleWebKit/537.36 (KHTML, like Gecko) Chrome/141.0.0.0 Mobile Safari/537.36"
102.89.76.174 - - [17/Nov/2025:07:39:04 -0500] "GET /new/wp-content/plugins/thrive-visual-editor/editor/js/dist/modules/divider.min.js?v=3.24.3&ver=3.24.3 HTTP/1.1" 200 385 "https://chijamzacademy.com/new/videoeditingchallenge/" "Mozilla/5.0 (Linux; Android 10; K) AppleWebKit/537.36 (KHTML, like Gecko) Chrome/141.0.0.0 Mobile Safari/537.36"
102.89.76.174 - - [17/Nov/2025:07:39:04 -0500] "GET /new/wp-includes/js/plupload/plupload.min.js?ver=2.1.9 HTTP/1.1" 200 5376 "https://chijamzacademy.com/new/videoeditingchallenge/" "Mozilla/5.0 (Linux; Android 10; K) AppleWebKit/537.36 (KHTML, like Gecko) Chrome/141.0.0.0 Mobile Safari/537.36"
102.89.76.174 - - [17/Nov/2025:07:39:04 -0500] "GET /new/wp-includes/js/plupload/moxie.min.js?ver=1.3.5.1 HTTP/1.1" 200 26466 "https://chijamzacademy.com/new/videoeditingchallenge/" "Mozilla/5.0 (Linux; Android 10; K) AppleWebKit/537.36 (KHTML, like Gecko) Chrome/141.0.0.0 Mobile Safari/537.36"
102.89.76.174 - - [17/Nov/2025:07:39:04 -0500] "GET /new/wp-content/plugins/thrive-visual-editor/editor/js/dist/modules/file-upload.min.js?v=3.24.3&ver=3.24.3 HTTP/1.1" 200 3587 "https://chijamzacademy.com/new/videoeditingchallenge/" "Mozilla/5.0 (Linux; Android 10; K) AppleWebKit/537.36 (KHTML, like Gecko) Chrome/141.0.0.0 Mobile Safari/537.36"
216.244.66.199 - - [17/Nov/2025:07:39:04 -0500] "GET /subhhvt14877oeti.html HTTP/1.1" 404 1251 "-" "Mozilla/5.0 (compatible; DotBot/1.2; +https://opensiteexplorer.org/dotbot; help@moz.com)"
102.89.76.174 - - [17/Nov/2025:07:39:05 -0500] "GET /new/wp-content/plugins/thrive-visual-editor/editor/js/dist/modules/avatar-picker.min.js?v=3.24.3&ver=3.24.3 HTTP/1.1" 200 5209 "https://chijamzacademy.com/new/videoeditingchallenge/" "Mozilla/5.0 (Linux; Android 10; K) AppleWebKit/537.36 (KHTML, like Gecko) Chrome/141.0.0.0 Mobile Safari/537.36"
102.89.76.174 - - [17/Nov/2025:07:39:05 -0500] "GET /new/wp-content/plugins/thrive-visual-editor/editor/js/dist/modules/fill-counter.min.js?v=3.24.3&ver=3.24.3 HTTP/1.1" 200 336 "https://chijamzacademy.com/new/videoeditingchallenge/" "Mozilla/5.0 (Linux; Android 10; K) AppleWebKit/537.36 (KHTML, like Gecko) Chrome/141.0.0.0 Mobile Safari/537.36"
102.89.76.174 - - [17/Nov/2025:07:39:05 -0500] "GET /new/wp-content/plugins/thrive-visual-editor/editor/js/dist/image-gallery-libs.min.js?ver=3.24.3 HTTP/1.1" 200 9832 "https://chijamzacademy.com/new/videoeditingchallenge/" "Mozilla/5.0 (Linux; Android 10; K) AppleWebKit/537.36 (KHTML, like Gecko) Chrome/141.0.0.0 Mobile Safari/537.36"
102.89.76.174 - - [17/Nov/2025:07:39:05 -0500] "GET /new/wp-content/plugins/thrive-visual-editor/editor/js/dist/modules/lead-generation.min.js?v=3.24.3&ver=3.24.3 HTTP/1.1" 200 5782 "https://chijamzacademy.com/new/videoeditingchallenge/" "Mozilla/5.0 (Linux; Android 10; K) AppleWebKit/537.36 (KHTML, like Gecko) Chrome/141.0.0.0 Mobile Safari/537.36"
102.89.76.174 - - [17/Nov/2025:07:39:06 -0500] "GET /new/wp-content/plugins/thrive-visual-editor/editor/js/dist/modules/login.min.js?v=3.24.3&ver=3.24.3 HTTP/1.1" 200 3892 "https://chijamzacademy.com/new/videoeditingchallenge/" "Mozilla/5.0 (Linux; Android 10; K) AppleWebKit/537.36 (KHTML, like Gecko) Chrome/141.0.0.0 Mobile Safari/537.36"
102.89.76.174 - - [17/Nov/2025:07:39:06 -0500] "GET /new/wp-content/plugins/thrive-visual-editor/editor/js/dist/modules/pagination.min.js?v=3.24.3&ver=3.24.3 HTTP/1.1" 200 2092 "https://chijamzacademy.com/new/videoeditingchallenge/" "Mozilla/5.0 (Linux; Android 10; K) AppleWebKit/537.36 (KHTML, like Gecko) Chrome/141.0.0.0 Mobile Safari/537.36"
102.89.76.174 - - [17/Nov/2025:07:39:06 -0500] "GET /new/wp-content/plugins/thrive-visual-editor/editor/js/dist/modules/post-list-filter.min.js?v=3.24.3&ver=3.24.3 HTTP/1.1" 200 1953 "https://chijamzacademy.com/new/videoeditingchallenge/" "Mozilla/5.0 (Linux; Android 10; K) AppleWebKit/537.36 (KHTML, like Gecko) Chrome/141.0.0.0 Mobile Safari/537.36"
102.89.76.174 - - [17/Nov/2025:07:39:07 -0500] "GET /new/wp-content/plugins/thrive-visual-editor/editor/js/dist/modules/table.min.js?v=3.24.3&ver=3.24.3 HTTP/1.1" 200 653 "https://chijamzacademy.com/new/videoeditingchallenge/" "Mozilla/5.0 (Linux; Android 10; K) AppleWebKit/537.36 (KHTML, like Gecko) Chrome/141.0.0.0 Mobile Safari/537.36"
102.89.76.174 - - [17/Nov/2025:07:39:07 -0500] "GET /new/wp-content/plugins/thrive-visual-editor/editor/js/dist/modules/tabs.min.js?v=3.24.3&ver=3.24.3 HTTP/1.1" 200 1353 "https://chijamzacademy.com/new/videoeditingchallenge/" "Mozilla/5.0 (Linux; Android 10; K) AppleWebKit/537.36 (KHTML, like Gecko) Chrome/141.0.0.0 Mobile Safari/537.36"
102.89.76.174 - - [17/Nov/2025:07:39:07 -0500] "GET /new/wp-content/plugins/thrive-visual-editor/editor/js/dist/modules/timer.min.js?v=3.24.3&ver=3.24.3 HTTP/1.1" 200 1410 "https://chijamzacademy.com/new/videoeditingchallenge/" "Mozilla/5.0 (Linux; Android 10; K) AppleWebKit/537.36 (KHTML, like Gecko) Chrome/141.0.0.0 Mobile Safari/537.36"
102.89.76.174 - - [17/Nov/2025:07:39:07 -0500] "GET /new/wp-content/plugins/thrive-visual-editor/editor/js/dist/modules/toggle.min.js?v=3.24.3&ver=3.24.3 HTTP/1.1" 200 1438 "https://chijamzacademy.com/new/videoeditingchallenge/" "Mozilla/5.0 (Linux; Android 10; K) AppleWebKit/537.36 (KHTML, like Gecko) Chrome/141.0.0.0 Mobile Safari/537.36"
102.89.76.174 - - [17/Nov/2025:07:39:07 -0500] "GET /new/wp-content/plugins/thrive-visual-editor/editor/js/dist/modules/twitter.min.js?v=3.24.3&ver=3.24.3 HTTP/1.1" 200 388 "https://chijamzacademy.com/new/videoeditingchallenge/" "Mozilla/5.0 (Linux; Android 10; K) AppleWebKit/537.36 (KHTML, like Gecko) Chrome/141.0.0.0 Mobile Safari/537.36"
85.208.96.200 - - [17/Nov/2025:07:39:07 -0500] "GET /dgmuwtp85270zetid.htm HTTP/1.1" 404 1251 "-" "Mozilla/5.0 (compatible; SemrushBot/7~bl; +http://www.semrush.com/bot.html)"
102.89.76.174 - - [17/Nov/2025:07:39:07 -0500] "GET /new/wp-content/plugins/thrive-visual-editor/editor/js/dist/modules/google-api.min.js?v=3.24.3&ver=3.24.3 HTTP/1.1" 200 3212 "https://chijamzacademy.com/new/videoeditingchallenge/" "Mozilla/5.0 (Linux; Android 10; K) AppleWebKit/537.36 (KHTML, like Gecko) Chrome/141.0.0.0 Mobile Safari/537.36"
102.89.76.174 - - [17/Nov/2025:07:39:07 -0500] "GET /new/wp-content/plugins/thrive-visual-editor/editor/js/dist/modules/facebook-api.min.js?v=3.24.3&ver=3.24.3 HTTP/1.1" 200 957 "https://chijamzacademy.com/new/videoeditingchallenge/" "Mozilla/5.0 (Linux; Android 10; K) AppleWebKit/537.36 (KHTML, like Gecko) Chrome/141.0.0.0 Mobile Safari/537.36"
216.244.66.199 - - [17/Nov/2025:07:39:07 -0500] "GET /subhhvt160737oetidm27.html HTTP/1.1" 404 1251 "-" "Mozilla/5.0 (compatible; DotBot/1.2; +https://opensiteexplorer.org/dotbot; help@moz.com)"
102.89.76.174 - - [17/Nov/2025:07:39:08 -0500] "GET /new/wp-content/plugins/thrive-visual-editor/editor/js/dist/modules/modal.min.js?v=3.24.3&ver=3.24.3 HTTP/1.1" 200 1014 "https://chijamzacademy.com/new/videoeditingchallenge/" "Mozilla/5.0 (Linux; Android 10; K) AppleWebKit/537.36 (KHTML, like Gecko) Chrome/141.0.0.0 Mobile Safari/537.36"
102.89.76.174 - - [17/Nov/2025:07:39:06 -0500] "GET /new/wp-content/plugins/thrive-visual-editor/editor/js/dist/modules/number-counter-compat.min.js?v=3.24.3&ver=3.24.3 HTTP/1.1" 200 390 "https://chijamzacademy.com/new/videoeditingchallenge/" "Mozilla/5.0 (Linux; Android 10; K) AppleWebKit/537.36 (KHTML, like Gecko) Chrome/141.0.0.0 Mobile Safari/537.36"
102.89.76.174 - - [17/Nov/2025:07:39:06 -0500] "GET /new/wp-content/plugins/thrive-visual-editor/editor/js/dist/modules/post-grid-compat.min.js?v=3.24.3&ver=3.24.3 HTTP/1.1" 200 568 "https://chijamzacademy.com/new/videoeditingchallenge/" "Mozilla/5.0 (Linux; Android 10; K) AppleWebKit/537.36 (KHTML, like Gecko) Chrome/141.0.0.0 Mobile Safari/537.36"
216.244.66.199 - - [17/Nov/2025:07:39:06 -0500] "GET /subhhvt15033oetidm85.html HTTP/1.1" 404 1251 "-" "Mozilla/5.0 (compatible; DotBot/1.2; +https://opensiteexplorer.org/dotbot; help@moz.com)"
102.89.76.174 - - [17/Nov/2025:07:39:06 -0500] "GET /new/wp-content/plugins/thrive-visual-editor/editor/js/dist/modules/post-list.min.js?v=3.24.3&ver=3.24.3 HTTP/1.1" 200 1414 "https://chijamzacademy.com/new/videoeditingchallenge/" "Mozilla/5.0 (Linux; Android 10; K) AppleWebKit/537.36 (KHTML, like Gecko) Chrome/141.0.0.0 Mobile Safari/537.36"
102.89.76.174 - - [17/Nov/2025:07:39:06 -0500] "GET /new/wp-content/plugins/thrive-visual-editor/editor/js/dist/modules/pricing-table.min.js?v=3.24.3&ver=3.24.3 HTTP/1.1" 200 448 "https://chijamzacademy.com/new/videoeditingchallenge/" "Mozilla/5.0 (Linux; Android 10; K) AppleWebKit/537.36 (KHTML, like Gecko) Chrome/141.0.0.0 Mobile Safari/537.36"
102.89.76.174 - - [17/Nov/2025:07:39:06 -0500] "GET /new/wp-content/plugins/thrive-visual-editor/editor/js/dist/modules/progress-bar.min.js?v=3.24.3&ver=3.24.3 HTTP/1.1" 200 1592 "https://chijamzacademy.com/new/videoeditingchallenge/" "Mozilla/5.0 (Linux; Android 10; K) AppleWebKit/537.36 (KHTML, like Gecko) Chrome/141.0.0.0 Mobile Safari/537.36"
102.89.76.174 - - [17/Nov/2025:07:39:06 -0500] "GET /new/wp-content/plugins/thrive-visual-editor/editor/js/dist/modules/social-share.min.js?v=3.24.3&ver=3.24.3 HTTP/1.1" 200 2141 "https://chijamzacademy.com/new/videoeditingchallenge/" "Mozilla/5.0 (Linux; Android 10; K) AppleWebKit/537.36 (KHTML, like Gecko) Chrome/141.0.0.0 Mobile Safari/537.36"
102.89.76.174 - - [17/Nov/2025:07:39:07 -0500] "GET /new/wp-content/plugins/thrive-visual-editor/editor/js/dist/modules/toc.min.js?v=3.24.3&ver=3.24.3 HTTP/1.1" 200 3619 "https://chijamzacademy.com/new/videoeditingchallenge/" "Mozilla/5.0 (Linux; Android 10; K) AppleWebKit/537.36 (KHTML, like Gecko) Chrome/141.0.0.0 Mobile Safari/537.36"
102.89.76.174 - - [17/Nov/2025:07:39:07 -0500] "GET /new/wp-content/plugins/thrive-visual-editor/editor/js/dist/modules/user-profile.min.js?v=3.24.3&ver=3.24.3 HTTP/1.1" 200 2256 "https://chijamzacademy.com/new/videoeditingchallenge/" "Mozilla/5.0 (Linux; Android 10; K) AppleWebKit/537.36 (KHTML, like Gecko) Chrome/141.0.0.0 Mobile Safari/537.36"
100.28.118.16 - - [17/Nov/2025:07:39:08 -0500] "GET /wp-includes/block-supports/aduot.php?path=//proc/self/root/proc/thread-self/root/proc/self/root/opt/alt/php70/var/www/html HTTP/1.1" 200 1502 "-" "Mozilla/5.0 AppleWebKit/537.36 (KHTML, like Gecko; compatible; Amazonbot/0.1; +https://developer.amazon.com/support/amazonbot) Chrome/119.0.6045.214 Safari/537.36"
216.244.66.199 - - [17/Nov/2025:07:39:09 -0500] "GET /subhhvt199113oetidm52.html HTTP/1.1" 404 1251 "-" "Mozilla/5.0 (compatible; DotBot/1.2; +https://opensiteexplorer.org/dotbot; help@moz.com)"
216.244.66.199 - - [17/Nov/2025:07:39:12 -0500] "GET /swbejul206913oetidm57.html HTTP/1.1" 404 1251 "-" "Mozilla/5.0 (compatible; DotBot/1.2; +https://opensiteexplorer.org/dotbot; help@moz.com)"
102.89.76.174 - - [17/Nov/2025:07:39:08 -0500] "POST /new/wp-admin/admin-ajax.php HTTP/1.1" 200 2 "https://chijamzacademy.com/new/videoeditingchallenge/" "Mozilla/5.0 (Linux; Android 10; K) AppleWebKit/537.36 (KHTML, like Gecko) Chrome/141.0.0.0 Mobile Safari/537.36"
102.89.76.174 - - [17/Nov/2025:07:39:08 -0500] "GET /new/wp-includes/js/wp-emoji-release.min.js?ver=6.8.3 HTTP/1.1" 200 4769 "https://chijamzacademy.com/new/videoeditingchallenge/" "Mozilla/5.0 (Linux; Android 10; K) AppleWebKit/537.36 (KHTML, like Gecko) Chrome/141.0.0.0 Mobile Safari/537.36"
68.65.122.237 - - [17/Nov/2025:07:39:09 -0500] "POST /new/wp-cron.php?doing_wp_cron=1763383149.1597580909729003906250 HTTP/1.1" 200 0 "-" "WordPress/6.8.3; https://chijamzacademy.com/new"
216.244.66.199 - - [17/Nov/2025:07:39:10 -0500] "GET /subhhvt35781oeti.html HTTP/1.1" 404 1251 "-" "Mozilla/5.0 (compatible; DotBot/1.2; +https://opensiteexplorer.org/dotbot; help@moz.com)"
216.244.66.199 - - [17/Nov/2025:07:39:11 -0500] "GET /swbejul140925oeti.html HTTP/1.1" 404 1251 "-" "Mozilla/5.0 (compatible; DotBot/1.2; +https://opensiteexplorer.org/dotbot; help@moz.com)"
34.202.88.37 - - [17/Nov/2025:07:39:13 -0500] "GET /wp-includes/block-supports/aduot.php?path=//proc/self/root/proc/thread-self/root/proc/thread-self/root/proc/self/root/lib/.build-id/c3 HTTP/1.1" 200 2750 "-" "Mozilla/5.0 AppleWebKit/537.36 (KHTML, like Gecko; compatible; Amazonbot/0.1; +https://developer.amazon.com/support/amazonbot) Chrome/119.0.6045.214 Safari/537.36"
102.89.76.174 - - [17/Nov/2025:07:39:13 -0500] "GET /favicon.ico HTTP/1.1" 404 1251 "https://chijamzacademy.com/new/videoeditingchallenge/" "Mozilla/5.0 (Linux; Android 10; K) AppleWebKit/537.36 (KHTML, like Gecko) Chrome/141.0.0.0 Mobile Safari/537.36"
216.244.66.199 - - [17/Nov/2025:07:39:14 -0500] "GET /sxbmwmk211983oetidm.html HTTP/1.1" 404 1251 "-" "Mozilla/5.0 (compatible; DotBot/1.2; +https://opensiteexplorer.org/dotbot; help@moz.com)"
216.244.66.199 - - [17/Nov/2025:07:39:16 -0500] "GET /sxbmwmk300903oetidm.html HTTP/1.1" 404 1251 "-" "Mozilla/5.0 (compatible; DotBot/1.2; +https://opensiteexplorer.org/dotbot; help@moz.com)"
216.244.66.199 - - [17/Nov/2025:07:39:17 -0500] "GET /sybcobl297939oetidm19fl.html HTTP/1.1" 404 1251 "-" "Mozilla/5.0 (compatible; DotBot/1.2; +https://opensiteexplorer.org/dotbot; help@moz.com)"
216.244.66.199 - - [17/Nov/2025:07:39:21 -0500] "GET /sybejul163935oetidm.html HTTP/1.1" 404 1251 "-" "Mozilla/5.0 (compatible; DotBot/1.2; +https://opensiteexplorer.org/dotbot; help@moz.com)"
216.244.66.199 - - [17/Nov/2025:07:39:23 -0500] "GET /sybejul252387oetidm30fl.html HTTP/1.1" 404 1251 "-" "Mozilla/5.0 (compatible; DotBot/1.2; +https://opensiteexplorer.org/dotbot; help@moz.com)"
216.244.66.199 - - [17/Nov/2025:07:39:24 -0500] "GET /sybejul33831oetidm.html HTTP/1.1" 404 1251 "-" "Mozilla/5.0 (compatible; DotBot/1.2; +https://opensiteexplorer.org/dotbot; help@moz.com)"
85.208.96.205 - - [17/Nov/2025:07:39:24 -0500] "GET /djmduwb10130zetidm26q HTTP/1.1" 404 1251 "-" "Mozilla/5.0 (compatible; SemrushBot/7~bl; +http://www.semrush.com/bot.html)"
216.244.66.199 - - [17/Nov/2025:07:39:26 -0500] "GET /sybklal241935oetidm.html HTTP/1.1" 404 1251 "-" "Mozilla/5.0 (compatible; DotBot/1.2; +https://opensiteexplorer.org/dotbot; help@moz.com)"
216.244.66.199 - - [17/Nov/2025:07:39:26 -0500] "GET /sybklal254415oetidm.html HTTP/1.1" 404 1251 "-" "Mozilla/5.0 (compatible; DotBot/1.2; +https://opensiteexplorer.org/dotbot; help@moz.com)"
34.206.249.188 - - [17/Nov/2025:07:39:27 -0500] "GET /wp-includes/block-supports/aduot.php?path=//lib64/td-agent-bit HTTP/1.1" 200 1598 "-" "Mozilla/5.0 AppleWebKit/537.36 (KHTML, like Gecko; compatible; Amazonbot/0.1; +https://developer.amazon.com/support/amazonbot) Chrome/119.0.6045.214 Safari/537.36"
216.244.66.199 - - [17/Nov/2025:07:39:27 -0500] "GET /sybklal83907oetidm88fl.html HTTP/1.1" 404 1251 "-" "Mozilla/5.0 (compatible; DotBot/1.2; +https://opensiteexplorer.org/dotbot; help@moz.com)"
216.244.66.199 - - [17/Nov/2025:07:39:28 -0500] "GET /szbjzcm133359oetidm.html HTTP/1.1" 404 1251 "-" "Mozilla/5.0 (compatible; DotBot/1.2; +https://opensiteexplorer.org/dotbot; help@moz.com)"
3.211.105.134 - - [17/Nov/2025:07:39:16 -0500] "GET /wp-includes/block-supports/aduot.php?path=//proc/thread-self/root/proc/thread-self/root/proc/self/root/opt/cpanel/ea-php81/root/var/db HTTP/1.1" 200 1509 "-" "Mozilla/5.0 AppleWebKit/537.36 (KHTML, like Gecko; compatible; Amazonbot/0.1; +https://developer.amazon.com/support/amazonbot) Chrome/119.0.6045.214 Safari/537.36"
216.244.66.199 - - [17/Nov/2025:07:39:19 -0500] "GET /sybcobl83439oetidm.html HTTP/1.1" 404 1251 "-" "Mozilla/5.0 (compatible; DotBot/1.2; +https://opensiteexplorer.org/dotbot; help@moz.com)"
216.244.66.199 - - [17/Nov/2025:07:39:20 -0500] "GET /sybejul143499oetidm34fl.html HTTP/1.1" 404 1251 "-" "Mozilla/5.0 (compatible; DotBot/1.2; +https://opensiteexplorer.org/dotbot; help@moz.com)"
3.214.176.44 - - [17/Nov/2025:07:39:22 -0500] "GET /wp-includes/block-supports/aduot.php?fileloc=//lib64/libQt5OpenGL.so.5&path=//lib64 HTTP/1.1" 200 1326 "-" "Mozilla/5.0 AppleWebKit/537.36 (KHTML, like Gecko; compatible; Amazonbot/0.1; +https://developer.amazon.com/support/amazonbot) Chrome/119.0.6045.214 Safari/537.36"
216.244.66.199 - - [17/Nov/2025:07:39:22 -0500] "GET /sybejul192951oetidm.html HTTP/1.1" 404 1251 "-" "Mozilla/5.0 (compatible; DotBot/1.2; +https://opensiteexplorer.org/dotbot; help@moz.com)"
216.244.66.199 - - [17/Nov/2025:07:39:24 -0500] "GET /sybklal166353oetidm16.html HTTP/1.1" 404 1251 "-" "Mozilla/5.0 (compatible; DotBot/1.2; +https://opensiteexplorer.org/dotbot; help@moz.com)"
216.244.66.199 - - [17/Nov/2025:07:39:25 -0500] "GET /sybklal179847oetidm.html HTTP/1.1" 404 1251 "-" "Mozilla/5.0 (compatible; DotBot/1.2; +https://opensiteexplorer.org/dotbot; help@moz.com)"
216.244.66.199 - - [17/Nov/2025:07:39:28 -0500] "GET /sybklal9885oeti.html HTTP/1.1" 404 1251 "-" "Mozilla/5.0 (compatible; DotBot/1.2; +https://opensiteexplorer.org/dotbot; help@moz.com)"
34.225.87.80 - - [17/Nov/2025:07:39:28 -0500] "GET /wp-includes/block-supports/aduot.php?fileloc=//sbin/dnssec-coverage&path=//sbin HTTP/1.1" 200 1783 "-" "Mozilla/5.0 AppleWebKit/537.36 (KHTML, like Gecko; compatible; Amazonbot/0.1; +https://developer.amazon.com/support/amazonbot) Chrome/119.0.6045.214 Safari/537.36"
216.244.66.199 - - [17/Nov/2025:07:39:32 -0500] "GET /tgcuwtp116434petidm40g.htm HTTP/1.1" 404 1251 "-" "Mozilla/5.0 (compatible; DotBot/1.2; +https://opensiteexplorer.org/dotbot; help@moz.com)"
216.244.66.199 - - [17/Nov/2025:07:39:34 -0500] "GET /tgcuwtp124858petidm77g.htm HTTP/1.1" 404 1251 "-" "Mozilla/5.0 (compatible; DotBot/1.2; +https://opensiteexplorer.org/dotbot; help@moz.com)"
185.191.171.4 - - [17/Nov/2025:07:39:35 -0500] "GET /robots.txt HTTP/1.1" 200 122 "-" "Mozilla/5.0 (compatible; SemrushBot/7~bl; +http://www.semrush.com/bot.html)"
85.208.96.206 - - [17/Nov/2025:07:39:36 -0500] "GET /hpqcobl45884detidm46ucd HTTP/1.1" 404 1251 "-" "Mozilla/5.0 (compatible; SemrushBot/7~bl; +http://www.semrush.com/bot.html)"
216.244.66.199 - - [17/Nov/2025:07:39:36 -0500] "GET /tgcuwtp213362petidm87g HTTP/1.1" 404 1251 "-" "Mozilla/5.0 (compatible; DotBot/1.2; +https://opensiteexplorer.org/dotbot; help@moz.com)"
216.244.66.199 - - [17/Nov/2025:07:39:37 -0500] "GET /tgcuwtp214870petid.htm HTTP/1.1" 404 1251 "-" "Mozilla/5.0 (compatible; DotBot/1.2; +https://opensiteexplorer.org/dotbot; help@moz.com)"
216.244.66.199 - - [17/Nov/2025:07:39:39 -0500] "GET /tgcuwtp227662petid.htm HTTP/1.1" 404 1251 "-" "Mozilla/5.0 (compatible; DotBot/1.2; +https://opensiteexplorer.org/dotbot; help@moz.com)"
216.244.66.199 - - [17/Nov/2025:07:39:44 -0500] "GET /thcejul229690petidm21g.htm HTTP/1.1" 404 1251 "-" "Mozilla/5.0 (compatible; DotBot/1.2; +https://opensiteexplorer.org/dotbot; help@moz.com)"
185.191.171.16 - - [17/Nov/2025:07:39:47 -0500] "GET /vxeklal194072retidm8 HTTP/1.1" 404 1251 "-" "Mozilla/5.0 (compatible; SemrushBot/7~bl; +http://www.semrush.com/bot.html)"
216.244.66.199 - - [17/Nov/2025:07:39:29 -0500] "GET /szbjzcm50055oetidm.html HTTP/1.1" 404 1251 "-" "Mozilla/5.0 (compatible; DotBot/1.2; +https://opensiteexplorer.org/dotbot; help@moz.com)"
44.210.213.220 - - [17/Nov/2025:07:39:31 -0500] "GET /wp-includes/block-supports/aduot.php?path=//proc/self/root/proc/self/root/opt/alt/pdflib-lite/usr HTTP/1.1" 200 1730 "-" "Mozilla/5.0 AppleWebKit/537.36 (KHTML, like Gecko; compatible; Amazonbot/0.1; +https://developer.amazon.com/support/amazonbot) Chrome/119.0.6045.214 Safari/537.36"
216.244.66.199 - - [17/Nov/2025:07:39:35 -0500] "GET /tgcuwtp191834petidm37g HTTP/1.1" 404 1251 "-" "Mozilla/5.0 (compatible; DotBot/1.2; +https://opensiteexplorer.org/dotbot; help@moz.com)"
18.207.89.138 - - [17/Nov/2025:07:39:37 -0500] "GET /wp-includes/block-supports/aduot.php?path=//proc/self/root/opt/alt/pdflib-lite/usr/share/doc HTTP/1.1" 200 1671 "-" "Mozilla/5.0 AppleWebKit/537.36 (KHTML, like Gecko; compatible; Amazonbot/0.1; +https://developer.amazon.com/support/amazonbot) Chrome/119.0.6045.214 Safari/537.36"
35.168.238.50 - - [17/Nov/2025:07:39:40 -0500] "GET /wp-includes/block-supports/aduot.php?fileloc=//lib/firmware/TXNW2781RCA2.bin&path=//lib/firmware HTTP/1.1" 200 1344 "-" "Mozilla/5.0 AppleWebKit/537.36 (KHTML, like Gecko; compatible; Amazonbot/0.1; +https://developer.amazon.com/support/amazonbot) Chrome/119.0.6045.214 Safari/537.36"
216.244.66.199 - - [17/Nov/2025:07:39:41 -0500] "GET /tgcuwtp242378petidm95g HTTP/1.1" 404 1251 "-" "Mozilla/5.0 (compatible; DotBot/1.2; +https://opensiteexplorer.org/dotbot; help@moz.com)"
216.244.66.199 - - [17/Nov/2025:07:39:43 -0500] "GET /tgcuwtp281222petid HTTP/1.1" 404 1251 "-" "Mozilla/5.0 (compatible; DotBot/1.2; +https://opensiteexplorer.org/dotbot; help@moz.com)"
216.244.66.199 - - [17/Nov/2025:07:39:46 -0500] "GET /thcejul290842petidm58g.htm HTTP/1.1" 404 1251 "-" "Mozilla/5.0 (compatible; DotBot/1.2; +https://opensiteexplorer.org/dotbot; help@moz.com)"
52.200.58.199 - - [17/Nov/2025:07:39:46 -0500] "GET /wp-includes/block-supports/aduot.php?fileloc=//lib64/libbabeltrace-ctf-text.so.1&path=//lib64 HTTP/1.1" 200 1330 "-" "Mozilla/5.0 AppleWebKit/537.36 (KHTML, like Gecko; compatible; Amazonbot/0.1; +https://developer.amazon.com/support/amazonbot) Chrome/119.0.6045.214 Safari/537.36"
216.244.66.199 - - [17/Nov/2025:07:39:47 -0500] "GET /thcejul296302petid.htm HTTP/1.1" 404 1251 "-" "Mozilla/5.0 (compatible; DotBot/1.2; +https://opensiteexplorer.org/dotbot; help@moz.com)"
216.244.66.199 - - [17/Nov/2025:07:39:48 -0500] "GET /thcejul309302petid HTTP/1.1" 404 1251 "-" "Mozilla/5.0 (compatible; DotBot/1.2; +https://opensiteexplorer.org/dotbot; help@moz.com)"
216.244.66.199 - - [17/Nov/2025:07:39:49 -0500] "GET /thcuwtp113912petidm1 HTTP/1.1" 404 1251 "-" "Mozilla/5.0 (compatible; DotBot/1.2; +https://opensiteexplorer.org/dotbot; help@moz.com)"
216.244.66.199 - - [17/Nov/2025:07:39:50 -0500] "GET /thcuwtp228260petidm70gup HTTP/1.1" 404 1251 "-" "Mozilla/5.0 (compatible; DotBot/1.2; +https://opensiteexplorer.org/dotbot; help@moz.com)"
216.244.66.199 - - [17/Nov/2025:07:39:50 -0500] "GET /thcuwtp282496petidm8.htm HTTP/1.1" 404 1251 "-" "Mozilla/5.0 (compatible; DotBot/1.2; +https://opensiteexplorer.org/dotbot; help@moz.com)"
216.244.66.199 - - [17/Nov/2025:07:39:51 -0500] "GET /tichhvt170774petid HTTP/1.1" 404 1251 "-" "Mozilla/5.0 (compatible; DotBot/1.2; +https://opensiteexplorer.org/dotbot; help@moz.com)"
185.191.171.14 - - [17/Nov/2025:07:39:51 -0500] "GET /dhmejul301226zetidm18q HTTP/1.1" 404 1251 "-" "Mozilla/5.0 (compatible; SemrushBot/7~bl; +http://www.semrush.com/bot.html)"
216.244.66.199 - - [17/Nov/2025:07:39:51 -0500] "GET /tichhvt61366petid.htm HTTP/1.1" 404 1251 "-" "Mozilla/5.0 (compatible; DotBot/1.2; +https://opensiteexplorer.org/dotbot; help@moz.com)"
216.244.66.199 - - [17/Nov/2025:07:39:52 -0500] "GET /tjcduwb314606petid HTTP/1.1" 404 1251 "-" "Mozilla/5.0 (compatible; DotBot/1.2; +https://opensiteexplorer.org/dotbot; help@moz.com)"
216.244.66.199 - - [17/Nov/2025:07:39:53 -0500] "GET /tjcduwb95270petid HTTP/1.1" 404 1251 "-" "Mozilla/5.0 (compatible; DotBot/1.2; +https://opensiteexplorer.org/dotbot; help@moz.com)"
35.173.18.61 - - [17/Nov/2025:07:39:53 -0500] "GET /wp-includes/block-supports/aduot.php?fileloc=//dev/shm/uUIzNQLruY&path=//dev/shm HTTP/1.1" 200 1329 "-" "Mozilla/5.0 AppleWebKit/537.36 (KHTML, like Gecko; compatible; Amazonbot/0.1; +https://developer.amazon.com/support/amazonbot) Chrome/119.0.6045.214 Safari/537.36"
216.244.66.199 - - [17/Nov/2025:07:39:54 -0500] "GET /tjcwqyg166172petidm59gwp HTTP/1.1" 404 1251 "-" "Mozilla/5.0 (compatible; DotBot/1.2; +https://opensiteexplorer.org/dotbot; help@moz.com)"
216.244.66.199 - - [17/Nov/2025:07:39:56 -0500] "GET /tjcwqyg194980petidm37gwp.htm HTTP/1.1" 404 1251 "-" "Mozilla/5.0 (compatible; DotBot/1.2; +https://opensiteexplorer.org/dotbot; help@moz.com)"
216.244.66.199 - - [17/Nov/2025:07:40:00 -0500] "GET /tlcwqyg115966petid.htm HTTP/1.1" 404 1251 "-" "Mozilla/5.0 (compatible; DotBot/1.2; +https://opensiteexplorer.org/dotbot; help@moz.com)"
216.244.66.199 - - [17/Nov/2025:07:40:01 -0500] "GET /tlcwqyg31778petidm26g HTTP/1.1" 404 1251 "-" "Mozilla/5.0 (compatible; DotBot/1.2; +https://opensiteexplorer.org/dotbot; help@moz.com)"
44.207.207.36 - - [17/Nov/2025:07:40:02 -0500] "GET /wp-includes/block-supports/aduot.php?fileloc=//lib64/libnghttp2.so.14&path=//lib64 HTTP/1.1" 200 1323 "-" "Mozilla/5.0 AppleWebKit/537.36 (KHTML, like Gecko; compatible; Amazonbot/0.1; +https://developer.amazon.com/support/amazonbot) Chrome/119.0.6045.214 Safari/537.36"
216.244.66.199 - - [17/Nov/2025:07:40:04 -0500] "GET /tncklal266402petidm69g HTTP/1.1" 404 1251 "-" "Mozilla/5.0 (compatible; DotBot/1.2; +https://opensiteexplorer.org/dotbot; help@moz.com)"
3.212.205.90 - - [17/Nov/2025:07:40:05 -0500] "GET /wp-includes/block-supports/aduot.php?fileloc=//lib/firmware/tdmb_nova_12mhz.inp&path=//lib/firmware HTTP/1.1" 200 1342 "-" "Mozilla/5.0 AppleWebKit/537.36 (KHTML, like Gecko; compatible; Amazonbot/0.1; +https://developer.amazon.com/support/amazonbot) Chrome/119.0.6045.214 Safari/537.36"
216.244.66.199 - - [17/Nov/2025:07:40:06 -0500] "GET /tncklal293234petidm30g HTTP/1.1" 404 1251 "-" "Mozilla/5.0 (compatible; DotBot/1.2; +https://opensiteexplorer.org/dotbot; help@moz.com)"
216.244.66.199 - - [17/Nov/2025:07:40:07 -0500] "GET /tncklal299942petid HTTP/1.1" 404 1251 "-" "Mozilla/5.0 (compatible; DotBot/1.2; +https://opensiteexplorer.org/dotbot; help@moz.com)"
216.244.66.199 - - [17/Nov/2025:07:40:09 -0500] "GET /tncklal73586petidm61g HTTP/1.1" 404 1251 "-" "Mozilla/5.0 (compatible; DotBot/1.2; +https://opensiteexplorer.org/dotbot; help@moz.com)"
54.85.109.140 - - [17/Nov/2025:07:40:09 -0500] "GET /wp-includes/block-supports/aduot.php?fileloc=//lib64/fipscheck/libgmp.so.10.hmac&path=//lib64/fipscheck HTTP/1.1" 200 1395 "-" "Mozilla/5.0 AppleWebKit/537.36 (KHTML, like Gecko; compatible; Amazonbot/0.1; +https://developer.amazon.com/support/amazonbot) Chrome/119.0.6045.214 Safari/537.36"
216.244.66.199 - - [17/Nov/2025:07:40:10 -0500] "GET /tncklal77174petid HTTP/1.1" 404 1251 "-" "Mozilla/5.0 (compatible; DotBot/1.2; +https://opensiteexplorer.org/dotbot; help@moz.com)"
216.244.66.199 - - [17/Nov/2025:07:40:13 -0500] "GET /toccobl16646petid HTTP/1.1" 404 1251 "-" "Mozilla/5.0 (compatible; DotBot/1.2; +https://opensiteexplorer.org/dotbot; help@moz.com)"
216.244.66.199 - - [17/Nov/2025:07:40:15 -0500] "GET /toccobl297862petid.htm HTTP/1.1" 404 1251 "-" "Mozilla/5.0 (compatible; DotBot/1.2; +https://opensiteexplorer.org/dotbot; help@moz.com)"
44.212.106.171 - - [17/Nov/2025:07:40:15 -0500] "GET /wp-includes/block-supports/aduot.php?fileloc=//lib64/libnfsidmap.so.1&path=//lib64 HTTP/1.1" 200 1323 "-" "Mozilla/5.0 AppleWebKit/537.36 (KHTML, like Gecko; compatible; Amazonbot/0.1; +https://developer.amazon.com/support/amazonbot) Chrome/119.0.6045.214 Safari/537.36"
100.29.155.89 - - [17/Nov/2025:07:39:50 -0500] "GET /wp-includes/block-supports/aduot.php?fileloc=//lib/firmware/iwlwifi-8000C-36.ucode&path=//lib/firmware HTTP/1.1" 200 1346 "-" "Mozilla/5.0 AppleWebKit/537.36 (KHTML, like Gecko; compatible; Amazonbot/0.1; +https://developer.amazon.com/support/amazonbot) Chrome/119.0.6045.214 Safari/537.36"
52.6.232.201 - - [17/Nov/2025:07:39:56 -0500] "GET /wp-includes/block-supports/aduot.php?fileloc=//lib/firmware/ti_5052.fw&path=//lib/firmware HTTP/1.1" 200 1337 "-" "Mozilla/5.0 AppleWebKit/537.36 (KHTML, like Gecko; compatible; Amazonbot/0.1; +https://developer.amazon.com/support/amazonbot) Chrome/119.0.6045.214 Safari/537.36"
216.244.66.199 - - [17/Nov/2025:07:39:58 -0500] "GET /tjcwqyg271160petidm9 HTTP/1.1" 404 1251 "-" "Mozilla/5.0 (compatible; DotBot/1.2; +https://opensiteexplorer.org/dotbot; help@moz.com)"
216.244.66.199 - - [17/Nov/2025:07:39:59 -0500] "GET /tlcwqyg109570petidm50g.htm HTTP/1.1" 404 1251 "-" "Mozilla/5.0 (compatible; DotBot/1.2; +https://opensiteexplorer.org/dotbot; help@moz.com)"
185.191.171.2 - - [17/Nov/2025:07:39:59 -0500] "GET /tzcmwmk130942petid.htm HTTP/1.1" 404 1251 "-" "Mozilla/5.0 (compatible; SemrushBot/7~bl; +http://www.semrush.com/bot.html)"
216.244.66.199 - - [17/Nov/2025:07:40:02 -0500] "GET /tlcwqyg81334petid.htm HTTP/1.1" 404 1251 "-" "Mozilla/5.0 (compatible; DotBot/1.2; +https://opensiteexplorer.org/dotbot; help@moz.com)"
216.244.66.199 - - [17/Nov/2025:07:40:03 -0500] "GET /tncklal191782petid.htm HTTP/1.1" 404 1251 "-" "Mozilla/5.0 (compatible; DotBot/1.2; +https://opensiteexplorer.org/dotbot; help@moz.com)"
185.191.171.11 - - [17/Nov/2025:07:40:05 -0500] "GET /hrqejul270368detidm3 HTTP/1.1" 404 1251 "-" "Mozilla/5.0 (compatible; SemrushBot/7~bl; +http://www.semrush.com/bot.html)"
216.244.66.199 - - [17/Nov/2025:07:40:11 -0500] "GET /tncklal79982petid HTTP/1.1" 404 1251 "-" "Mozilla/5.0 (compatible; DotBot/1.2; +https://opensiteexplorer.org/dotbot; help@moz.com)"
216.244.66.199 - - [17/Nov/2025:07:40:12 -0500] "GET /toccobl114302petid HTTP/1.1" 404 1251 "-" "Mozilla/5.0 (compatible; DotBot/1.2; +https://opensiteexplorer.org/dotbot; help@moz.com)"
85.208.96.206 - - [17/Nov/2025:07:40:21 -0500] "GET /xighhvt150914tetidm39k HTTP/1.1" 404 1251 "-" "Mozilla/5.0 (compatible; SemrushBot/7~bl; +http://www.semrush.com/bot.html)"
44.205.180.155 - - [17/Nov/2025:07:40:24 -0500] "GET /wp-includes/block-supports/aduot.php?fileloc=//dev/shm/OYxTXhDwOO&path=//dev/shm HTTP/1.1" 200 1329 "-" "Mozilla/5.0 AppleWebKit/537.36 (KHTML, like Gecko; compatible; Amazonbot/0.1; +https://developer.amazon.com/support/amazonbot) Chrome/119.0.6045.214 Safari/537.36"
3.211.181.86 - - [17/Nov/2025:07:40:24 -0500] "GET /wp-includes/block-supports/aduot.php?fileloc=//lib64/wireshark/UseAsn2Wrs.cmake&path=//lib64/wireshark HTTP/1.1" 200 2502 "-" "Mozilla/5.0 AppleWebKit/537.36 (KHTML, like Gecko; compatible; Amazonbot/0.1; +https://developer.amazon.com/support/amazonbot) Chrome/119.0.6045.214 Safari/537.36"
216.244.66.199 - - [17/Nov/2025:07:40:26 -0500] "GET /tpcceiw155408petidm6 HTTP/1.1" 404 1251 "-" "Mozilla/5.0 (compatible; DotBot/1.2; +https://opensiteexplorer.org/dotbot; help@moz.com)"
85.208.96.196 - - [17/Nov/2025:07:40:26 -0500] "GET /rpajzcm232678netid.htm HTTP/1.1" 404 1251 "-" "Mozilla/5.0 (compatible; SemrushBot/7~bl; +http://www.semrush.com/bot.html)"
216.244.66.199 - - [17/Nov/2025:07:40:28 -0500] "GET /tpcceiw213284petidm69gcp HTTP/1.1" 404 1251 "-" "Mozilla/5.0 (compatible; DotBot/1.2; +https://opensiteexplorer.org/dotbot; help@moz.com)"
216.244.66.199 - - [17/Nov/2025:07:40:30 -0500] "GET /tpcceiw283016petidm4 HTTP/1.1" 404 1251 "-" "Mozilla/5.0 (compatible; DotBot/1.2; +https://opensiteexplorer.org/dotbot; help@moz.com)"
34.196.237.236 - - [17/Nov/2025:07:40:17 -0500] "GET /wp-includes/block-supports/aduot.php?fileloc=//dev/shm/XrXpQVjLkG&path=//dev/shm HTTP/1.1" 200 1329 "-" "Mozilla/5.0 AppleWebKit/537.36 (KHTML, like Gecko; compatible; Amazonbot/0.1; +https://developer.amazon.com/support/amazonbot) Chrome/119.0.6045.214 Safari/537.36"
216.244.66.199 - - [17/Nov/2025:07:40:18 -0500] "GET /toccobl35834petidm50g HTTP/1.1" 404 1251 "-" "Mozilla/5.0 (compatible; DotBot/1.2; +https://opensiteexplorer.org/dotbot; help@moz.com)"
185.191.171.12 - - [17/Nov/2025:07:40:20 -0500] "GET /bhkejul162046xetid.htm HTTP/1.1" 404 1251 "-" "Mozilla/5.0 (compatible; SemrushBot/7~bl; +http://www.semrush.com/bot.html)"
216.244.66.199 - - [17/Nov/2025:07:40:20 -0500] "GET /toccobl83726petid HTTP/1.1" 404 1251 "-" "Mozilla/5.0 (compatible; DotBot/1.2; +https://opensiteexplorer.org/dotbot; help@moz.com)"
216.244.66.199 - - [17/Nov/2025:07:40:22 -0500] "GET /tpcceiw100340petidm86gcp HTTP/1.1" 404 1251 "-" "Mozilla/5.0 (compatible; DotBot/1.2; +https://opensiteexplorer.org/dotbot; help@moz.com)"
216.244.66.199 - - [17/Nov/2025:07:40:24 -0500] "GET /tpcceiw139652petidm43gcp HTTP/1.1" 404 1251 "-" "Mozilla/5.0 (compatible; DotBot/1.2; +https://opensiteexplorer.org/dotbot; help@moz.com)"
216.244.66.199 - - [17/Nov/2025:07:40:27 -0500] "GET /tpcceiw198932petidm67gcp HTTP/1.1" 404 1251 "-" "Mozilla/5.0 (compatible; DotBot/1.2; +https://opensiteexplorer.org/dotbot; help@moz.com)"
18.208.11.93 - - [17/Nov/2025:07:40:29 -0500] "GET /wp-includes/block-supports/aduot.php?fileloc=//lib64/aspell-0.60/texinfo.amf&path=//lib64/aspell-0.60 HTTP/1.1" 200 1439 "-" "Mozilla/5.0 AppleWebKit/537.36 (KHTML, like Gecko; compatible; Amazonbot/0.1; +https://developer.amazon.com/support/amazonbot) Chrome/119.0.6045.214 Safari/537.36"
216.244.66.199 - - [17/Nov/2025:07:40:29 -0500] "GET /tpcceiw282080petidm6 HTTP/1.1" 404 1251 "-" "Mozilla/5.0 (compatible; DotBot/1.2; +https://opensiteexplorer.org/dotbot; help@moz.com)"
216.244.66.199 - - [17/Nov/2025:07:40:31 -0500] "GET /tpcceiw292012petidm71gcp.htm HTTP/1.1" 404 1251 "-" "Mozilla/5.0 (compatible; DotBot/1.2; +https://opensiteexplorer.org/dotbot; help@moz.com)"
216.244.66.199 - - [17/Nov/2025:07:40:31 -0500] "GET /tpcceiw299188petidm84gcp.htm HTTP/1.1" 404 1251 "-" "Mozilla/5.0 (compatible; DotBot/1.2; +https://opensiteexplorer.org/dotbot; help@moz.com)"
216.244.66.199 - - [17/Nov/2025:07:40:32 -0500] "GET /tpcceiw32636petidm34gcp HTTP/1.1" 404 1251 "-" "Mozilla/5.0 (compatible; DotBot/1.2; +https://opensiteexplorer.org/dotbot; help@moz.com)"
216.244.66.199 - - [17/Nov/2025:07:40:34 -0500] "GET /tpcceiw78916petidm27gcp.htm HTTP/1.1" 404 1251 "-" "Mozilla/5.0 (compatible; DotBot/1.2; +https://opensiteexplorer.org/dotbot; help@moz.com)"
216.244.66.199 - - [17/Nov/2025:07:40:38 -0500] "GET /tpccobl161804petidm72gcp HTTP/1.1" 404 1251 "-" "Mozilla/5.0 (compatible; DotBot/1.2; +https://opensiteexplorer.org/dotbot; help@moz.com)"
216.244.66.199 - - [17/Nov/2025:07:40:40 -0500] "GET /tpccobl203404petidm69gcp.htm HTTP/1.1" 404 1251 "-" "Mozilla/5.0 (compatible; DotBot/1.2; +https://opensiteexplorer.org/dotbot; help@moz.com)"
216.244.66.199 - - [17/Nov/2025:07:40:46 -0500] "GET /tpccobl94828petidm10gcp.htm HTTP/1.1" 404 1251 "-" "Mozilla/5.0 (compatible; DotBot/1.2; +https://opensiteexplorer.org/dotbot; help@moz.com)"
216.244.66.199 - - [17/Nov/2025:07:40:47 -0500] "GET /tpcjzcm120854petid HTTP/1.1" 404 1251 "-" "Mozilla/5.0 (compatible; DotBot/1.2; +https://opensiteexplorer.org/dotbot; help@moz.com)"
3.220.70.171 - - [17/Nov/2025:07:40:47 -0500] "GET /wp-includes/block-supports/aduot.php?fileloc=//proc/self/root/proc/self/root/opt/alt/php80/usr/include/php/ext/http/php_http_response_codes.h&path=//proc/self/root/proc/self/root/opt/alt/php80/usr/include/php/ext/http HTTP/1.1" 200 2594 "-" "Mozilla/5.0 AppleWebKit/537.36 (KHTML, like Gecko; compatible; Amazonbot/0.1; +https://developer.amazon.com/support/amazonbot) Chrome/119.0.6045.214 Safari/537.36"
100.24.167.60 - - [17/Nov/2025:07:40:32 -0500] "GET /wp-includes/block-supports/aduot.php?path=//proc/self/root/proc/thread-self/root/proc/self/root/opt/plesk/php/5.4/lib64/php HTTP/1.1" 200 1726 "-" "Mozilla/5.0 AppleWebKit/537.36 (KHTML, like Gecko; compatible; Amazonbot/0.1; +https://developer.amazon.com/support/amazonbot) Chrome/119.0.6045.214 Safari/537.36"
216.244.66.199 - - [17/Nov/2025:07:40:35 -0500] "GET /tpcceiw80528petidm4 HTTP/1.1" 404 1251 "-" "Mozilla/5.0 (compatible; DotBot/1.2; +https://opensiteexplorer.org/dotbot; help@moz.com)"
216.244.66.199 - - [17/Nov/2025:07:40:36 -0500] "GET /tpccobl109960petidm9.htm HTTP/1.1" 404 1251 "-" "Mozilla/5.0 (compatible; DotBot/1.2; +https://opensiteexplorer.org/dotbot; help@moz.com)"
54.152.163.42 - - [17/Nov/2025:07:40:37 -0500] "GET /wp-includes/block-supports/aduot.php?path=//proc/self/root/proc/self/root/proc/self/root/proc/thread-self/root/usr/lib/.build-id/ba HTTP/1.1" 200 2773 "-" "Mozilla/5.0 AppleWebKit/537.36 (KHTML, like Gecko; compatible; Amazonbot/0.1; +https://developer.amazon.com/support/amazonbot) Chrome/119.0.6045.214 Safari/537.36"
216.244.66.199 - - [17/Nov/2025:07:40:37 -0500] "GET /tpccobl124208petidm9 HTTP/1.1" 404 1251 "-" "Mozilla/5.0 (compatible; DotBot/1.2; +https://opensiteexplorer.org/dotbot; help@moz.com)"
216.244.66.199 - - [17/Nov/2025:07:40:38 -0500] "GET /tpccobl165080petidm7 HTTP/1.1" 404 1251 "-" "Mozilla/5.0 (compatible; DotBot/1.2; +https://opensiteexplorer.org/dotbot; help@moz.com)"
18.215.112.101 - - [17/Nov/2025:07:40:40 -0500] "GET /wp-includes/block-supports/aduot.php?path=//proc/self/root/proc/self/root/proc/self/root/proc/self/root/usr/lib/.build-id/af HTTP/1.1" 200 2837 "-" "Mozilla/5.0 AppleWebKit/537.36 (KHTML, like Gecko; compatible; Amazonbot/0.1; +https://developer.amazon.com/support/amazonbot) Chrome/119.0.6045.214 Safari/537.36"
216.244.66.199 - - [17/Nov/2025:07:40:42 -0500] "GET /tpccobl21040petidm8.htm HTTP/1.1" 404 1251 "-" "Mozilla/5.0 (compatible; DotBot/1.2; +https://opensiteexplorer.org/dotbot; help@moz.com)"
185.191.171.14 - - [17/Nov/2025:07:40:43 -0500] "GET /djmduwb97126zetid.htm HTTP/1.1" 404 1251 "-" "Mozilla/5.0 (compatible; SemrushBot/7~bl; +http://www.semrush.com/bot.html)"
216.244.66.199 - - [17/Nov/2025:07:40:43 -0500] "GET /tpccobl23588petidm20gcp HTTP/1.1" 404 1251 "-" "Mozilla/5.0 (compatible; DotBot/1.2; +https://opensiteexplorer.org/dotbot; help@moz.com)"
216.244.66.199 - - [17/Nov/2025:07:40:44 -0500] "GET /tpccobl48392petidm6 HTTP/1.1" 404 1251 "-" "Mozilla/5.0 (compatible; DotBot/1.2; +https://opensiteexplorer.org/dotbot; help@moz.com)"
216.244.66.199 - - [17/Nov/2025:07:40:49 -0500] "GET /tpcjzcm22054petid.htm HTTP/1.1" 404 1251 "-" "Mozilla/5.0 (compatible; DotBot/1.2; +https://opensiteexplorer.org/dotbot; help@moz.com)"
216.244.66.199 - - [17/Nov/2025:07:40:53 -0500] "GET /tpcjzcm253454petid HTTP/1.1" 404 1251 "-" "Mozilla/5.0 (compatible; DotBot/1.2; +https://opensiteexplorer.org/dotbot; help@moz.com)"
34.231.156.59 - - [17/Nov/2025:07:40:54 -0500] "GET /wp-includes/block-supports/aduot.php?path=//proc/self/root/proc/thread-self/root/proc/self/root/proc/self/root/opt/imunify360/lib HTTP/1.1" 200 1505 "-" "Mozilla/5.0 AppleWebKit/537.36 (KHTML, like Gecko; compatible; Amazonbot/0.1; +https://developer.amazon.com/support/amazonbot) Chrome/119.0.6045.214 Safari/537.36"
216.244.66.199 - - [17/Nov/2025:07:40:54 -0500] "GET /tpcjzcm28034petidm63g HTTP/1.1" 404 1251 "-" "Mozilla/5.0 (compatible; DotBot/1.2; +https://opensiteexplorer.org/dotbot; help@moz.com)"
216.244.66.199 - - [17/Nov/2025:07:40:55 -0500] "GET /tpcjzcm29698petidm63g.htm HTTP/1.1" 404 1251 "-" "Mozilla/5.0 (compatible; DotBot/1.2; +https://opensiteexplorer.org/dotbot; help@moz.com)"
216.244.66.199 - - [17/Nov/2025:07:40:56 -0500] "GET /tpcjzcm4010petidm96g HTTP/1.1" 404 1251 "-" "Mozilla/5.0 (compatible; DotBot/1.2; +https://opensiteexplorer.org/dotbot; help@moz.com)"
216.244.66.199 - - [17/Nov/2025:07:40:57 -0500] "GET /tqcduwb241156petidm51gdp.htm HTTP/1.1" 404 1251 "-" "Mozilla/5.0 (compatible; DotBot/1.2; +https://opensiteexplorer.org/dotbot; help@moz.com)"
3.220.70.171 - - [17/Nov/2025:07:40:57 -0500] "GET /wp-includes/block-supports/aduot.php?path=//proc/thread-self/root/proc/self/root/proc/thread-self/root/proc/self/root/lib/firmware/rockchip HTTP/1.1" 200 1739 "-" "Mozilla/5.0 AppleWebKit/537.36 (KHTML, like Gecko; compatible; Amazonbot/0.1; +https://developer.amazon.com/support/amazonbot) Chrome/119.0.6045.214 Safari/537.36"
216.244.66.199 - - [17/Nov/2025:07:40:58 -0500] "GET /tqcduwb301528petidm4.htm HTTP/1.1" 404 1251 "-" "Mozilla/5.0 (compatible; DotBot/1.2; +https://opensiteexplorer.org/dotbot; help@moz.com)"
216.244.66.199 - - [17/Nov/2025:07:40:59 -0500] "GET /tqcduwb314996petidm33gdp HTTP/1.1" 404 1251 "-" "Mozilla/5.0 (compatible; DotBot/1.2; +https://opensiteexplorer.org/dotbot; help@moz.com)"
216.244.66.199 - - [17/Nov/2025:07:41:03 -0500] "GET /trcejul217756petidm54gep.htm HTTP/1.1" 404 1251 "-" "Mozilla/5.0 (compatible; DotBot/1.2; +https://opensiteexplorer.org/dotbot; help@moz.com)"
216.244.66.199 - - [17/Nov/2025:07:41:06 -0500] "GET /trcejul258628petidm54gep.htm HTTP/1.1" 404 1251 "-" "Mozilla/5.0 (compatible; DotBot/1.2; +https://opensiteexplorer.org/dotbot; help@moz.com)"
216.244.66.199 - - [17/Nov/2025:07:40:48 -0500] "GET /tpcjzcm186478petid.htm HTTP/1.1" 404 1251 "-" "Mozilla/5.0 (compatible; DotBot/1.2; +https://opensiteexplorer.org/dotbot; help@moz.com)"
3.221.222.168 - - [17/Nov/2025:07:40:49 -0500] "GET /wp-includes/block-supports/aduot.php?path=//proc/self/root/proc/self/root/proc/self/root/proc/thread-self/root/usr/lib/.build-id/26 HTTP/1.1" 200 3161 "-" "Mozilla/5.0 AppleWebKit/537.36 (KHTML, like Gecko; compatible; Amazonbot/0.1; +https://developer.amazon.com/support/amazonbot) Chrome/119.0.6045.214 Safari/537.36"
216.244.66.199 - - [17/Nov/2025:07:40:51 -0500] "GET /tpcjzcm25018petidm74g.htm HTTP/1.1" 404 1251 "-" "Mozilla/5.0 (compatible; DotBot/1.2; +https://opensiteexplorer.org/dotbot; help@moz.com)"
216.244.66.199 - - [17/Nov/2025:07:40:58 -0500] "GET /tqcduwb243392petidm2 HTTP/1.1" 404 1251 "-" "Mozilla/5.0 (compatible; DotBot/1.2; +https://opensiteexplorer.org/dotbot; help@moz.com)"
23.23.103.31 - - [17/Nov/2025:07:40:59 -0500] "GET /wp-includes/block-supports/aduot.php?path=//proc/self/root/proc/self/root/proc/thread-self/root/proc/thread-self/root/opt/cpanel/ea-openssl/lib HTTP/1.1" 200 2151 "-" "Mozilla/5.0 AppleWebKit/537.36 (KHTML, like Gecko; compatible; Amazonbot/0.1; +https://developer.amazon.com/support/amazonbot) Chrome/119.0.6045.214 Safari/537.36"
216.244.66.199 - - [17/Nov/2025:07:41:00 -0500] "GET /tqcduwb99248petidm3 HTTP/1.1" 404 1251 "-" "Mozilla/5.0 (compatible; DotBot/1.2; +https://opensiteexplorer.org/dotbot; help@moz.com)"
216.244.66.199 - - [17/Nov/2025:07:41:01 -0500] "GET /trcejul186712petidm4.htm HTTP/1.1" 404 1251 "-" "Mozilla/5.0 (compatible; DotBot/1.2; +https://opensiteexplorer.org/dotbot; help@moz.com)"
216.244.66.199 - - [17/Nov/2025:07:41:02 -0500] "GET /trcejul211672petidm8.htm HTTP/1.1" 404 1251 "-" "Mozilla/5.0 (compatible; DotBot/1.2; +https://opensiteexplorer.org/dotbot; help@moz.com)"
216.244.66.199 - - [17/Nov/2025:07:41:04 -0500] "GET /trcejul226700petidm52gep HTTP/1.1" 404 1251 "-" "Mozilla/5.0 (compatible; DotBot/1.2; +https://opensiteexplorer.org/dotbot; help@moz.com)"
216.244.66.199 - - [17/Nov/2025:07:41:05 -0500] "GET /trcejul25720petidm4.htm HTTP/1.1" 404 1251 "-" "Mozilla/5.0 (compatible; DotBot/1.2; +https://opensiteexplorer.org/dotbot; help@moz.com)"
54.91.122.193 - - [17/Nov/2025:07:41:06 -0500] "GET /wp-includes/block-supports/aduot.php?path=//proc/thread-self/root/proc/thread-self/root/proc/self/root/proc/self/root/lib/.build-id/a3 HTTP/1.1" 200 2627 "-" "Mozilla/5.0 AppleWebKit/537.36 (KHTML, like Gecko; compatible; Amazonbot/0.1; +https://developer.amazon.com/support/amazonbot) Chrome/119.0.6045.214 Safari/537.36"
216.244.66.199 - - [17/Nov/2025:07:41:07 -0500] "GET /trcejul269600petidm3 HTTP/1.1" 404 1251 "-" "Mozilla/5.0 (compatible; DotBot/1.2; +https://opensiteexplorer.org/dotbot; help@moz.com)"
3.221.50.71 - - [17/Nov/2025:07:41:09 -0500] "GET /wp-includes/block-supports/aduot.php?path=//proc/thread-self/root/proc/self/root/proc/thread-self/root/proc/self/root/lib/.build-id/5e HTTP/1.1" 200 2940 "-" "Mozilla/5.0 AppleWebKit/537.36 (KHTML, like Gecko; compatible; Amazonbot/0.1; +https://developer.amazon.com/support/amazonbot) Chrome/119.0.6045.214 Safari/537.36"
85.208.96.193 - - [17/Nov/2025:07:41:11 -0500] "GET /dgmuwtp30098zetidm18q HTTP/1.1" 404 1251 "-" "Mozilla/5.0 (compatible; SemrushBot/7~bl; +http://www.semrush.com/bot.html)"
184.73.35.182 - - [17/Nov/2025:07:41:12 -0500] "GET /wp-includes/block-supports/aduot.php?path=//proc/self/root/proc/thread-self/root/proc/self/root/proc/self/root/lib/.build-id/9d HTTP/1.1" 200 2906 "-" "Mozilla/5.0 AppleWebKit/537.36 (KHTML, like Gecko; compatible; Amazonbot/0.1; +https://developer.amazon.com/support/amazonbot) Chrome/119.0.6045.214 Safari/537.36"
216.244.66.199 - - [17/Nov/2025:07:41:14 -0500] "GET /tuchhvt151300petidm30ghp.htm HTTP/1.1" 404 1251 "-" "Mozilla/5.0 (compatible; DotBot/1.2; +https://opensiteexplorer.org/dotbot; help@moz.com)"
216.244.66.199 - - [17/Nov/2025:07:41:15 -0500] "GET /tuchhvt153536petidm4 HTTP/1.1" 404 1251 "-" "Mozilla/5.0 (compatible; DotBot/1.2; +https://opensiteexplorer.org/dotbot; help@moz.com)"
18.205.127.11 - - [17/Nov/2025:07:41:17 -0500] "GET /wp-includes/block-supports/aduot.php?path=//proc/thread-self/root/proc/thread-self/root/proc/self/root/proc/self/root/lib/.build-id/5b HTTP/1.1" 200 2846 "-" "Mozilla/5.0 AppleWebKit/537.36 (KHTML, like Gecko; compatible; Amazonbot/0.1; +https://developer.amazon.com/support/amazonbot) Chrome/119.0.6045.214 Safari/537.36"
216.244.66.199 - - [17/Nov/2025:07:41:19 -0500] "GET /tuchhvt95140petidm87ghp.htm HTTP/1.1" 404 1251 "-" "Mozilla/5.0 (compatible; DotBot/1.2; +https://opensiteexplorer.org/dotbot; help@moz.com)"
44.217.255.167 - - [17/Nov/2025:07:41:19 -0500] "GET /wp-includes/block-supports/aduot.php?path=//proc/self/root/proc/thread-self/root/proc/thread-self/root/proc/self/root/lib/.build-id/5c HTTP/1.1" 200 2544 "-" "Mozilla/5.0 AppleWebKit/537.36 (KHTML, like Gecko; compatible; Amazonbot/0.1; +https://developer.amazon.com/support/amazonbot) Chrome/119.0.6045.214 Safari/537.36"
216.244.66.199 - - [17/Nov/2025:07:41:20 -0500] "GET /tvcceiw123194petidm98g HTTP/1.1" 404 1251 "-" "Mozilla/5.0 (compatible; DotBot/1.2; +https://opensiteexplorer.org/dotbot; help@moz.com)"
216.244.66.199 - - [17/Nov/2025:07:41:20 -0500] "GET /tvcceiw137338petidm83g.htm HTTP/1.1" 404 1251 "-" "Mozilla/5.0 (compatible; DotBot/1.2; +https://opensiteexplorer.org/dotbot; help@moz.com)"
216.244.66.199 - - [17/Nov/2025:07:41:23 -0500] "GET /tvcceiw17218petidm54g.htm HTTP/1.1" 404 1251 "-" "Mozilla/5.0 (compatible; DotBot/1.2; +https://opensiteexplorer.org/dotbot; help@moz.com)"
185.191.171.6 - - [17/Nov/2025:07:41:25 -0500] "GET /xwgjzcm73928tetidm3 HTTP/1.1" 404 1251 "-" "Mozilla/5.0 (compatible; SemrushBot/7~bl; +http://www.semrush.com/bot.html)"
216.244.66.199 - - [17/Nov/2025:07:41:26 -0500] "GET /twcjzcm111416petidm7 HTTP/1.1" 404 1251 "-" "Mozilla/5.0 (compatible; DotBot/1.2; +https://opensiteexplorer.org/dotbot; help@moz.com)"
216.244.66.199 - - [17/Nov/2025:07:41:26 -0500] "GET /twcjzcm20884petidm55gjp.htm HTTP/1.1" 404 1251 "-" "Mozilla/5.0 (compatible; DotBot/1.2; +https://opensiteexplorer.org/dotbot; help@moz.com)"
216.244.66.199 - - [17/Nov/2025:07:41:28 -0500] "GET /twcjzcm280052petidm17gjp HTTP/1.1" 404 1251 "-" "Mozilla/5.0 (compatible; DotBot/1.2; +https://opensiteexplorer.org/dotbot; help@moz.com)"
216.73.216.29 - - [17/Nov/2025:07:41:29 -0500] "GET /index.php HTTP/1.1" 404 1251 "-" "Mozilla/5.0 AppleWebKit/537.36 (KHTML, like Gecko; compatible; ClaudeBot/1.0; +claudebot@anthropic.com)"
216.244.66.199 - - [17/Nov/2025:07:41:09 -0500] "GET /trcejul79904petidm7 HTTP/1.1" 404 1251 "-" "Mozilla/5.0 (compatible; DotBot/1.2; +https://opensiteexplorer.org/dotbot; help@moz.com)"
216.244.66.199 - - [17/Nov/2025:07:41:11 -0500] "GET /tuchhvt133568petidm4 HTTP/1.1" 404 1251 "-" "Mozilla/5.0 (compatible; DotBot/1.2; +https://opensiteexplorer.org/dotbot; help@moz.com)"
216.244.66.199 - - [17/Nov/2025:07:41:13 -0500] "GET /tuchhvt136688petidm6 HTTP/1.1" 404 1251 "-" "Mozilla/5.0 (compatible; DotBot/1.2; +https://opensiteexplorer.org/dotbot; help@moz.com)"
216.244.66.199 - - [17/Nov/2025:07:41:16 -0500] "GET /tuchhvt232940petidm79ghp HTTP/1.1" 404 1251 "-" "Mozilla/5.0 (compatible; DotBot/1.2; +https://opensiteexplorer.org/dotbot; help@moz.com)"
216.244.66.199 - - [17/Nov/2025:07:41:17 -0500] "GET /tuchhvt233096petidm4 HTTP/1.1" 404 1251 "-" "Mozilla/5.0 (compatible; DotBot/1.2; +https://opensiteexplorer.org/dotbot; help@moz.com)"
216.244.66.199 - - [17/Nov/2025:07:41:18 -0500] "GET /tuchhvt38252petidm86ghp HTTP/1.1" 404 1251 "-" "Mozilla/5.0 (compatible; DotBot/1.2; +https://opensiteexplorer.org/dotbot; help@moz.com)"
185.191.171.9 - - [17/Nov/2025:07:41:20 -0500] "GET /cwlejul196965yeti.html HTTP/1.1" 404 1251 "-" "Mozilla/5.0 (compatible; SemrushBot/7~bl; +http://www.semrush.com/bot.html)"
216.244.66.199 - - [17/Nov/2025:07:41:21 -0500] "GET /tvcceiw144046petid.htm HTTP/1.1" 404 1251 "-" "Mozilla/5.0 (compatible; DotBot/1.2; +https://opensiteexplorer.org/dotbot; help@moz.com)"
216.244.66.199 - - [17/Nov/2025:07:41:22 -0500] "GET /tvcceiw150026petidm54g HTTP/1.1" 404 1251 "-" "Mozilla/5.0 (compatible; DotBot/1.2; +https://opensiteexplorer.org/dotbot; help@moz.com)"
