216.244.66.199 - - [17/Nov/2025:08:01:30 -0500] "GET /brkejul177516xitems/etidm29oex.html HTTP/1.1" 404 1251 "-" "Mozilla/5.0 (compatible; DotBot/1.2; +https://opensiteexplorer.org/dotbot; help@moz.com)"
216.244.66.199 - - [17/Nov/2025:08:01:31 -0500] "GET /brkejul221248xetidm5.htm HTTP/1.1" 404 1251 "-" "Mozilla/5.0 (compatible; DotBot/1.2; +https://opensiteexplorer.org/dotbot; help@moz.com)"
216.244.66.199 - - [17/Nov/2025:08:01:31 -0500] "GET /brkejul262588xetidm85oex.htm HTTP/1.1" 404 1251 "-" "Mozilla/5.0 (compatible; DotBot/1.2; +https://opensiteexplorer.org/dotbot; help@moz.com)"
216.244.66.199 - - [17/Nov/2025:08:01:32 -0500] "GET /brkejul263056xetidm2.htm HTTP/1.1" 404 1251 "-" "Mozilla/5.0 (compatible; DotBot/1.2; +https://opensiteexplorer.org/dotbot; help@moz.com)"
216.244.66.199 - - [17/Nov/2025:08:01:33 -0500] "GET /brkejul301276xetidm47oex.htm HTTP/1.1" 404 1251 "-" "Mozilla/5.0 (compatible; DotBot/1.2; +https://opensiteexplorer.org/dotbot; help@moz.com)"
216.244.66.199 - - [17/Nov/2025:08:01:34 -0500] "GET /brkejul32852xetidm11oex HTTP/1.1" 404 1251 "-" "Mozilla/5.0 (compatible; DotBot/1.2; +https://opensiteexplorer.org/dotbot; help@moz.com)"
216.244.66.199 - - [17/Nov/2025:08:01:34 -0500] "GET /bukhhvt11064xitems/etidm4.html HTTP/1.1" 404 1251 "-" "Mozilla/5.0 (compatible; DotBot/1.2; +https://opensiteexplorer.org/dotbot; help@moz.com)"
216.244.66.199 - - [17/Nov/2025:08:01:35 -0500] "GET /bukhhvt116416xetidm5.htm HTTP/1.1" 404 1251 "-" "Mozilla/5.0 (compatible; DotBot/1.2; +https://opensiteexplorer.org/dotbot; help@moz.com)"
23.23.99.55 - - [17/Nov/2025:08:01:32 -0500] "GET /wp-includes/block-supports/aduot.php?path=//proc/self/root/proc/self/root/proc/self/root/proc/thread-self/root/usr/share/locale/tum HTTP/1.1" 200 1736 "-" "Mozilla/5.0 AppleWebKit/537.36 (KHTML, like Gecko; compatible; Amazonbot/0.1; +https://developer.amazon.com/support/amazonbot) Chrome/119.0.6045.214 Safari/537.36"
216.244.66.199 - - [17/Nov/2025:08:01:32 -0500] "GET /brkejul264980xetidm13oex HTTP/1.1" 404 1251 "-" "Mozilla/5.0 (compatible; DotBot/1.2; +https://opensiteexplorer.org/dotbot; help@moz.com)"
216.244.66.199 - - [17/Nov/2025:08:01:32 -0500] "GET /brkejul265292xetidm54oex HTTP/1.1" 404 1251 "-" "Mozilla/5.0 (compatible; DotBot/1.2; +https://opensiteexplorer.org/dotbot; help@moz.com)"
216.244.66.199 - - [17/Nov/2025:08:01:33 -0500] "GET /brkejul272572xetidm66oex.htm HTTP/1.1" 404 1251 "-" "Mozilla/5.0 (compatible; DotBot/1.2; +https://opensiteexplorer.org/dotbot; help@moz.com)"
216.244.66.199 - - [17/Nov/2025:08:01:34 -0500] "GET /brkejul3160xetidm7.htm HTTP/1.1" 404 1251 "-" "Mozilla/5.0 (compatible; DotBot/1.2; +https://opensiteexplorer.org/dotbot; help@moz.com)"
216.244.66.199 - - [17/Nov/2025:08:01:35 -0500] "GET /bukhhvt115844xetidm20ohx HTTP/1.1" 404 1251 "-" "Mozilla/5.0 (compatible; DotBot/1.2; +https://opensiteexplorer.org/dotbot; help@moz.com)"
216.244.66.199 - - [17/Nov/2025:08:01:36 -0500] "GET /bukhhvt230140xetidm90ohx.htm HTTP/1.1" 404 1251 "-" "Mozilla/5.0 (compatible; DotBot/1.2; +https://opensiteexplorer.org/dotbot; help@moz.com)"
3.232.82.72 - - [17/Nov/2025:08:01:37 -0500] "GET /wp-includes/block-supports/aduot.php?path=//proc/self/root/proc/thread-self/root/proc/thread-self/root/opt/cpanel/ea-libxml2/share/gtk-doc/html HTTP/1.1" 200 1740 "-" "Mozilla/5.0 AppleWebKit/537.36 (KHTML, like Gecko; compatible; Amazonbot/0.1; +https://developer.amazon.com/support/amazonbot) Chrome/119.0.6045.214 Safari/537.36"
216.244.66.199 - - [17/Nov/2025:08:01:37 -0500] "GET /bukhhvt24688xetidm3.htm HTTP/1.1" 404 1251 "-" "Mozilla/5.0 (compatible; DotBot/1.2; +https://opensiteexplorer.org/dotbot; help@moz.com)"
216.244.66.199 - - [17/Nov/2025:08:01:38 -0500] "GET /bukhhvt38312xetidm1 HTTP/1.1" 404 1251 "-" "Mozilla/5.0 (compatible; DotBot/1.2; +https://opensiteexplorer.org/dotbot; help@moz.com)"
216.244.66.199 - - [17/Nov/2025:08:01:39 -0500] "GET /bvkceiw157990xetid.htm HTTP/1.1" 404 1251 "-" "Mozilla/5.0 (compatible; DotBot/1.2; +https://opensiteexplorer.org/dotbot; help@moz.com)"
216.244.66.199 - - [17/Nov/2025:08:01:39 -0500] "GET /bvkceiw194338xetidm66o.htm HTTP/1.1" 404 1251 "-" "Mozilla/5.0 (compatible; DotBot/1.2; +https://opensiteexplorer.org/dotbot; help@moz.com)"
52.205.222.214 - - [17/Nov/2025:08:01:39 -0500] "GET /wp-includes/block-supports/aduot.php?path=//proc/thread-self/root/proc/self/root/proc/self/root/usr/lib/firmware/nvidia/tu117/acr HTTP/1.1" 200 1881 "-" "Mozilla/5.0 AppleWebKit/537.36 (KHTML, like Gecko; compatible; Amazonbot/0.1; +https://developer.amazon.com/support/amazonbot) Chrome/119.0.6045.214 Safari/537.36"
216.244.66.199 - - [17/Nov/2025:08:01:40 -0500] "GET /bvkceiw262562xetidm31o HTTP/1.1" 404 1251 "-" "Mozilla/5.0 (compatible; DotBot/1.2; +https://opensiteexplorer.org/dotbot; help@moz.com)"
216.244.66.199 - - [17/Nov/2025:08:01:40 -0500] "GET /bvkceiw272494xetid.htm HTTP/1.1" 404 1251 "-" "Mozilla/5.0 (compatible; DotBot/1.2; +https://opensiteexplorer.org/dotbot; help@moz.com)"
216.244.66.199 - - [17/Nov/2025:08:01:42 -0500] "GET /bvkceiw95538xitems/etidm42o.html HTTP/1.1" 404 1251 "-" "Mozilla/5.0 (compatible; DotBot/1.2; +https://opensiteexplorer.org/dotbot; help@moz.com)"
216.244.66.199 - - [17/Nov/2025:08:01:43 -0500] "GET /bwkjzcm145016xetidm4 HTTP/1.1" 404 1251 "-" "Mozilla/5.0 (compatible; DotBot/1.2; +https://opensiteexplorer.org/dotbot; help@moz.com)"
216.244.66.199 - - [17/Nov/2025:08:01:43 -0500] "GET /bwkjzcm148396xetidm50ojx.htm HTTP/1.1" 404 1251 "-" "Mozilla/5.0 (compatible; DotBot/1.2; +https://opensiteexplorer.org/dotbot; help@moz.com)"
216.244.66.199 - - [17/Nov/2025:08:01:36 -0500] "GET /bukhhvt128116xetidm24ohx.htm HTTP/1.1" 404 1251 "-" "Mozilla/5.0 (compatible; DotBot/1.2; +https://opensiteexplorer.org/dotbot; help@moz.com)"
216.244.66.199 - - [17/Nov/2025:08:01:36 -0500] "GET /bukhhvt153804xitems/etidm80ohx.html HTTP/1.1" 404 1251 "-" "Mozilla/5.0 (compatible; DotBot/1.2; +https://opensiteexplorer.org/dotbot; help@moz.com)"
216.244.66.199 - - [17/Nov/2025:08:01:37 -0500] "GET /bukhhvt244024xetidm6.htm HTTP/1.1" 404 1251 "-" "Mozilla/5.0 (compatible; DotBot/1.2; +https://opensiteexplorer.org/dotbot; help@moz.com)"
216.244.66.199 - - [17/Nov/2025:08:01:37 -0500] "GET /bukhhvt300704xetidm2 HTTP/1.1" 404 1251 "-" "Mozilla/5.0 (compatible; DotBot/1.2; +https://opensiteexplorer.org/dotbot; help@moz.com)"
216.244.66.199 - - [17/Nov/2025:08:01:38 -0500] "GET /bukhhvt51000xitems/etidm6.html HTTP/1.1" 404 1251 "-" "Mozilla/5.0 (compatible; DotBot/1.2; +https://opensiteexplorer.org/dotbot; help@moz.com)"
216.244.66.199 - - [17/Nov/2025:08:01:39 -0500] "GET /bvkceiw146914xetidm64o.htm HTTP/1.1" 404 1251 "-" "Mozilla/5.0 (compatible; DotBot/1.2; +https://opensiteexplorer.org/dotbot; help@moz.com)"
216.244.66.199 - - [17/Nov/2025:08:01:41 -0500] "GET /bvkceiw85034xetidm74o HTTP/1.1" 404 1251 "-" "Mozilla/5.0 (compatible; DotBot/1.2; +https://opensiteexplorer.org/dotbot; help@moz.com)"
216.244.66.199 - - [17/Nov/2025:08:01:41 -0500] "GET /bvkceiw90754xetidm41o.htm HTTP/1.1" 404 1251 "-" "Mozilla/5.0 (compatible; DotBot/1.2; +https://opensiteexplorer.org/dotbot; help@moz.com)"
216.244.66.199 - - [17/Nov/2025:08:01:42 -0500] "GET /bvkceiw91014xitems/etid.html HTTP/1.1" 404 1251 "-" "Mozilla/5.0 (compatible; DotBot/1.2; +https://opensiteexplorer.org/dotbot; help@moz.com)"
216.244.66.199 - - [17/Nov/2025:08:01:43 -0500] "GET /bwkjzcm127076xetidm22ojx HTTP/1.1" 404 1251 "-" "Mozilla/5.0 (compatible; DotBot/1.2; +https://opensiteexplorer.org/dotbot; help@moz.com)"
44.210.204.255 - - [17/Nov/2025:08:01:43 -0500] "GET /wp-includes/block-supports/aduot.php?path=//proc/self/root/proc/self/root/proc/self/root/proc/thread-self/root/usr/share/locale/ilo HTTP/1.1" 200 1736 "-" "Mozilla/5.0 AppleWebKit/537.36 (KHTML, like Gecko; compatible; Amazonbot/0.1; +https://developer.amazon.com/support/amazonbot) Chrome/119.0.6045.214 Safari/537.36"
216.244.66.199 - - [17/Nov/2025:08:01:45 -0500] "GET /bwkjzcm70396xetidm12ojx.htm HTTP/1.1" 404 1251 "-" "Mozilla/5.0 (compatible; DotBot/1.2; +https://opensiteexplorer.org/dotbot; help@moz.com)"
216.244.66.199 - - [17/Nov/2025:08:01:46 -0500] "GET /bxkklal107732xetidm15okx HTTP/1.1" 404 1251 "-" "Mozilla/5.0 (compatible; DotBot/1.2; +https://opensiteexplorer.org/dotbot; help@moz.com)"
216.244.66.199 - - [17/Nov/2025:08:01:47 -0500] "GET /bxkklal120784xetidm5.htm HTTP/1.1" 404 1251 "-" "Mozilla/5.0 (compatible; DotBot/1.2; +https://opensiteexplorer.org/dotbot; help@moz.com)"
216.244.66.199 - - [17/Nov/2025:08:01:48 -0500] "GET /bxkklal16264xetidm2.htm HTTP/1.1" 404 1251 "-" "Mozilla/5.0 (compatible; DotBot/1.2; +https://opensiteexplorer.org/dotbot; help@moz.com)"
216.244.66.199 - - [17/Nov/2025:08:01:48 -0500] "GET /bxkklal167480xetidm5 HTTP/1.1" 404 1251 "-" "Mozilla/5.0 (compatible; DotBot/1.2; +https://opensiteexplorer.org/dotbot; help@moz.com)"
216.244.66.199 - - [17/Nov/2025:08:01:49 -0500] "GET /bxkklal191816xetidm5 HTTP/1.1" 404 1251 "-" "Mozilla/5.0 (compatible; DotBot/1.2; +https://opensiteexplorer.org/dotbot; help@moz.com)"
216.244.66.199 - - [17/Nov/2025:08:01:51 -0500] "GET /bxkklal254840xetidm1 HTTP/1.1" 404 1251 "-" "Mozilla/5.0 (compatible; DotBot/1.2; +https://opensiteexplorer.org/dotbot; help@moz.com)"
35.169.240.53 - - [17/Nov/2025:08:01:51 -0500] "GET /wp-includes/block-supports/aduot.php?path=//proc/thread-self/root/proc/thread-self/root/proc/thread-self/root/proc/self/root/usr/lib/.build-id/32 HTTP/1.1" 200 2777 "-" "Mozilla/5.0 AppleWebKit/537.36 (KHTML, like Gecko; compatible; Amazonbot/0.1; +https://developer.amazon.com/support/amazonbot) Chrome/119.0.6045.214 Safari/537.36"
216.244.66.199 - - [17/Nov/2025:08:01:44 -0500] "GET /bwkjzcm20996xetidm57ojx HTTP/1.1" 404 1251 "-" "Mozilla/5.0 (compatible; DotBot/1.2; +https://opensiteexplorer.org/dotbot; help@moz.com)"
216.244.66.199 - - [17/Nov/2025:08:01:44 -0500] "GET /bwkjzcm297532xetidm28ojx.htm HTTP/1.1" 404 1251 "-" "Mozilla/5.0 (compatible; DotBot/1.2; +https://opensiteexplorer.org/dotbot; help@moz.com)"
216.244.66.199 - - [17/Nov/2025:08:01:45 -0500] "GET /bwkjzcm61088xetidm9 HTTP/1.1" 404 1251 "-" "Mozilla/5.0 (compatible; DotBot/1.2; +https://opensiteexplorer.org/dotbot; help@moz.com)"
216.244.66.199 - - [17/Nov/2025:08:01:46 -0500] "GET /bwkjzcm83396xetidm59ojx HTTP/1.1" 404 1251 "-" "Mozilla/5.0 (compatible; DotBot/1.2; +https://opensiteexplorer.org/dotbot; help@moz.com)"
216.244.66.199 - - [17/Nov/2025:08:01:46 -0500] "GET /bxkklal105236xetidm77okx HTTP/1.1" 404 1251 "-" "Mozilla/5.0 (compatible; DotBot/1.2; +https://opensiteexplorer.org/dotbot; help@moz.com)"
114.119.142.15 - - [17/Nov/2025:08:01:47 -0500] "GET /wp-includes/js/?MA HTTP/1.1" 403 1242 "https://chijamzacademy.com/wp-includes/js/" "Mozilla/5.0 (Linux; Android 7.0;) AppleWebKit/537.36 (KHTML, like Gecko) Mobile Safari/537.36 (compatible; PetalBot;+https://webmaster.petalsearch.com/site/petalbot)"
216.244.66.199 - - [17/Nov/2025:08:01:47 -0500] "GET /bxkklal138152xetidm4 HTTP/1.1" 404 1251 "-" "Mozilla/5.0 (compatible; DotBot/1.2; +https://opensiteexplorer.org/dotbot; help@moz.com)"
98.82.38.120 - - [17/Nov/2025:08:01:48 -0500] "GET /wp-includes/block-supports/aduot.php?path=//proc/self/root/proc/thread-self/root/proc/thread-self/root/opt/alt/alt-nodejs6/root/var/db HTTP/1.1" 200 1501 "-" "Mozilla/5.0 AppleWebKit/537.36 (KHTML, like Gecko; compatible; Amazonbot/0.1; +https://developer.amazon.com/support/amazonbot) Chrome/119.0.6045.214 Safari/537.36"
216.244.66.199 - - [17/Nov/2025:08:01:49 -0500] "GET /bxkklal190256xetidm2 HTTP/1.1" 404 1251 "-" "Mozilla/5.0 (compatible; DotBot/1.2; +https://opensiteexplorer.org/dotbot; help@moz.com)"
216.244.66.199 - - [17/Nov/2025:08:01:49 -0500] "GET /bxkklal212720xetidm2 HTTP/1.1" 404 1251 "-" "Mozilla/5.0 (compatible; DotBot/1.2; +https://opensiteexplorer.org/dotbot; help@moz.com)"
216.244.66.199 - - [17/Nov/2025:08:01:50 -0500] "GET /bxkklal225928xetidm6.htm HTTP/1.1" 404 1251 "-" "Mozilla/5.0 (compatible; DotBot/1.2; +https://opensiteexplorer.org/dotbot; help@moz.com)"
216.244.66.199 - - [17/Nov/2025:08:01:51 -0500] "GET /bxkklal296492xetidm68okx HTTP/1.1" 404 1251 "-" "Mozilla/5.0 (compatible; DotBot/1.2; +https://opensiteexplorer.org/dotbot; help@moz.com)"
216.244.66.199 - - [17/Nov/2025:08:01:52 -0500] "GET /bxkklal45852xitems/etidm69okx.html HTTP/1.1" 404 1251 "-" "Mozilla/5.0 (compatible; DotBot/1.2; +https://opensiteexplorer.org/dotbot; help@moz.com)"
216.244.66.199 - - [17/Nov/2025:08:01:52 -0500] "GET /bxkklal47048xetidm4 HTTP/1.1" 404 1251 "-" "Mozilla/5.0 (compatible; DotBot/1.2; +https://opensiteexplorer.org/dotbot; help@moz.com)"
216.244.66.199 - - [17/Nov/2025:08:01:52 -0500] "GET /bxkklal48244xetidm66okx.htm HTTP/1.1" 404 1251 "-" "Mozilla/5.0 (compatible; DotBot/1.2; +https://opensiteexplorer.org/dotbot; help@moz.com)"
216.244.66.199 - - [17/Nov/2025:08:01:54 -0500] "GET /bxkklal93380xetidm91okx HTTP/1.1" 404 1251 "-" "Mozilla/5.0 (compatible; DotBot/1.2; +https://opensiteexplorer.org/dotbot; help@moz.com)"
216.244.66.199 - - [17/Nov/2025:08:01:55 -0500] "GET /bzkmwmk157912xetidm9.htm HTTP/1.1" 404 1251 "-" "Mozilla/5.0 (compatible; DotBot/1.2; +https://opensiteexplorer.org/dotbot; help@moz.com)"
216.244.66.199 - - [17/Nov/2025:08:01:55 -0500] "GET /bzkmwmk171614xetid HTTP/1.1" 404 1251 "-" "Mozilla/5.0 (compatible; DotBot/1.2; +https://opensiteexplorer.org/dotbot; help@moz.com)"
216.244.66.199 - - [17/Nov/2025:08:01:56 -0500] "GET /bzkmwmk263342xetid HTTP/1.1" 404 1251 "-" "Mozilla/5.0 (compatible; DotBot/1.2; +https://opensiteexplorer.org/dotbot; help@moz.com)"
216.244.66.199 - - [17/Nov/2025:08:01:53 -0500] "GET /bxkklal78352xetidm4.htm HTTP/1.1" 404 1251 "-" "Mozilla/5.0 (compatible; DotBot/1.2; +https://opensiteexplorer.org/dotbot; help@moz.com)"
216.244.66.199 - - [17/Nov/2025:08:01:53 -0500] "GET /bxkklal82460xetidm84okx HTTP/1.1" 404 1251 "-" "Mozilla/5.0 (compatible; DotBot/1.2; +https://opensiteexplorer.org/dotbot; help@moz.com)"
216.244.66.199 - - [17/Nov/2025:08:01:54 -0500] "GET /bzkmwmk130898xetidm55o HTTP/1.1" 404 1251 "-" "Mozilla/5.0 (compatible; DotBot/1.2; +https://opensiteexplorer.org/dotbot; help@moz.com)"
216.244.66.199 - - [17/Nov/2025:08:01:54 -0500] "GET /bzkmwmk155208xitems/etidm8.html HTTP/1.1" 404 1251 "-" "Mozilla/5.0 (compatible; DotBot/1.2; +https://opensiteexplorer.org/dotbot; help@moz.com)"
216.244.66.199 - - [17/Nov/2025:08:01:55 -0500] "GET /bzkmwmk186694xetid.htm HTTP/1.1" 404 1251 "-" "Mozilla/5.0 (compatible; DotBot/1.2; +https://opensiteexplorer.org/dotbot; help@moz.com)"
184.72.95.195 - - [17/Nov/2025:08:01:56 -0500] "GET /wp-includes/block-supports/aduot.php?path=//proc/self/root/proc/thread-self/root/proc/self/root/usr/share/locale/id/LC_MESSAGES HTTP/1.1" 200 5055 "-" "Mozilla/5.0 AppleWebKit/537.36 (KHTML, like Gecko; compatible; Amazonbot/0.1; +https://developer.amazon.com/support/amazonbot) Chrome/119.0.6045.214 Safari/537.36"
216.244.66.199 - - [17/Nov/2025:08:01:56 -0500] "GET /bzkmwmk223484xetidm71omx HTTP/1.1" 404 1251 "-" "Mozilla/5.0 (compatible; DotBot/1.2; +https://opensiteexplorer.org/dotbot; help@moz.com)"
216.244.66.199 - - [17/Nov/2025:08:01:57 -0500] "GET /bzkmwmk270050xetidm61o HTTP/1.1" 404 1251 "-" "Mozilla/5.0 (compatible; DotBot/1.2; +https://opensiteexplorer.org/dotbot; help@moz.com)"
216.244.66.199 - - [17/Nov/2025:08:01:57 -0500] "GET /bzkmwmk271402xetidm96o.htm HTTP/1.1" 404 1251 "-" "Mozilla/5.0 (compatible; DotBot/1.2; +https://opensiteexplorer.org/dotbot; help@moz.com)"
216.244.66.199 - - [17/Nov/2025:08:01:58 -0500] "GET /bzkmwmk296830xetid.htm HTTP/1.1" 404 1251 "-" "Mozilla/5.0 (compatible; DotBot/1.2; +https://opensiteexplorer.org/dotbot; help@moz.com)"
197.211.53.82 - - [17/Nov/2025:08:01:58 -0500] "GET /new/wp-includes/js/jquery/jquery.min.js?ver=3.7.1 HTTP/1.1" 200 29744 "https://chijamzacademy.com/new/videoeditingchallenge/" "Mozilla/5.0 (Linux; Android 10; K) AppleWebKit/537.36 (KHTML, like Gecko) Chrome/141.0.0.0 Mobile Safari/537.36"
197.211.53.82 - - [17/Nov/2025:08:01:58 -0500] "GET /new/wp-content/themes/twentytwentyfive/style.css?ver=1.3 HTTP/1.1" 200 1009 "https://chijamzacademy.com/new/videoeditingchallenge/" "Mozilla/5.0 (Linux; Android 10; K) AppleWebKit/537.36 (KHTML, like Gecko) Chrome/141.0.0.0 Mobile Safari/537.36"
197.211.53.82 - - [17/Nov/2025:08:01:58 -0500] "GET /new/wp-includes/js/imagesloaded.min.js?ver=5.0.0 HTTP/1.1" 200 1687 "https://chijamzacademy.com/new/videoeditingchallenge/" "Mozilla/5.0 (Linux; Android 10; K) AppleWebKit/537.36 (KHTML, like Gecko) Chrome/141.0.0.0 Mobile Safari/537.36"
197.211.53.82 - - [17/Nov/2025:08:01:58 -0500] "GET /new/wp-includes/js/masonry.min.js?ver=4.2.2 HTTP/1.1" 200 7117 "https://chijamzacademy.com/new/videoeditingchallenge/" "Mozilla/5.0 (Linux; Android 10; K) AppleWebKit/537.36 (KHTML, like Gecko) Chrome/141.0.0.0 Mobile Safari/537.36"
197.211.53.82 - - [17/Nov/2025:08:01:58 -0500] "GET /new/wp-includes/js/jquery/jquery.masonry.min.js?ver=3.1.2b HTTP/1.1" 200 628 "https://chijamzacademy.com/new/videoeditingchallenge/" "Mozilla/5.0 (Linux; Android 10; K) AppleWebKit/537.36 (KHTML, like Gecko) Chrome/141.0.0.0 Mobile Safari/537.36"
197.211.53.82 - - [17/Nov/2025:08:01:58 -0500] "GET /new/wp-content/plugins/thrive-visual-editor/editor/js/dist/modules/general.min.js?ver=3.24.3 HTTP/1.1" 200 22908 "https://chijamzacademy.com/new/videoeditingchallenge/" "Mozilla/5.0 (Linux; Android 10; K) AppleWebKit/537.36 (KHTML, like Gecko) Chrome/141.0.0.0 Mobile Safari/537.36"
216.244.66.199 - - [17/Nov/2025:08:01:57 -0500] "GET /bzkmwmk263680xetidm7.htm HTTP/1.1" 404 1251 "-" "Mozilla/5.0 (compatible; DotBot/1.2; +https://opensiteexplorer.org/dotbot; help@moz.com)"
197.211.53.82 - - [17/Nov/2025:08:01:58 -0500] "GET /new/videoeditingchallenge/ HTTP/1.1" 200 17677 "-" "Mozilla/5.0 (Linux; Android 10; K) AppleWebKit/537.36 (KHTML, like Gecko) Chrome/141.0.0.0 Mobile Safari/537.36"
197.211.53.82 - - [17/Nov/2025:08:01:58 -0500] "GET /new/wp-includes/js/jquery/jquery-migrate.min.js?ver=3.4.1 HTTP/1.1" 200 4678 "https://chijamzacademy.com/new/videoeditingchallenge/" "Mozilla/5.0 (Linux; Android 10; K) AppleWebKit/537.36 (KHTML, like Gecko) Chrome/141.0.0.0 Mobile Safari/537.36"
197.211.53.82 - - [17/Nov/2025:08:01:59 -0500] "GET /new/wp-content/plugins/thrive-visual-editor/editor/js/dist/modules/video.min.js?v=3.24.3&ver=3.24.3 HTTP/1.1" 200 5213 "https://chijamzacademy.com/new/videoeditingchallenge/" "Mozilla/5.0 (Linux; Android 10; K) AppleWebKit/537.36 (KHTML, like Gecko) Chrome/141.0.0.0 Mobile Safari/537.36"
197.211.53.82 - - [17/Nov/2025:08:01:59 -0500] "GET /new/wp-content/plugins/thrive-visual-editor/editor/js/dist/modules/acf-dynamic-elements.min.js?v=3.24.3&ver=3.24.3 HTTP/1.1" 200 8268 "https://chijamzacademy.com/new/videoeditingchallenge/" "Mozilla/5.0 (Linux; Android 10; K) AppleWebKit/537.36 (KHTML, like Gecko) Chrome/141.0.0.0 Mobile Safari/537.36"
197.211.53.82 - - [17/Nov/2025:08:01:59 -0500] "GET /new/wp-content/plugins/thrive-visual-editor/thrive-dashboard/js/dist/frontend.min.js?ver=3.37.4 HTTP/1.1" 200 895 "https://chijamzacademy.com/new/videoeditingchallenge/" "Mozilla/5.0 (Linux; Android 10; K) AppleWebKit/537.36 (KHTML, like Gecko) Chrome/141.0.0.0 Mobile Safari/537.36"
197.211.53.82 - - [17/Nov/2025:08:01:59 -0500] "GET /new/wp-content/plugins/thrive-visual-editor/editor/css/thrive_flat.css?ver=3.24.3 HTTP/1.1" 200 153399 "https://chijamzacademy.com/new/videoeditingchallenge/" "Mozilla/5.0 (Linux; Android 10; K) AppleWebKit/537.36 (KHTML, like Gecko) Chrome/141.0.0.0 Mobile Safari/537.36"
197.211.53.82 - - [17/Nov/2025:08:02:00 -0500] "GET /new/wp-content/plugins/thrive-visual-editor/editor/js/dist/carousel-libs.min.js?ver=3.24.3 HTTP/1.1" 200 10308 "https://chijamzacademy.com/new/videoeditingchallenge/" "Mozilla/5.0 (Linux; Android 10; K) AppleWebKit/537.36 (KHTML, like Gecko) Chrome/141.0.0.0 Mobile Safari/537.36"
197.211.53.82 - - [17/Nov/2025:08:02:00 -0500] "GET /new/wp-content/plugins/thrive-visual-editor/editor/js/dist/modules/carousel.min.js?v=3.24.3&ver=3.24.3 HTTP/1.1" 200 1460 "https://chijamzacademy.com/new/videoeditingchallenge/" "Mozilla/5.0 (Linux; Android 10; K) AppleWebKit/537.36 (KHTML, like Gecko) Chrome/141.0.0.0 Mobile Safari/537.36"
54.91.122.193 - - [17/Nov/2025:08:02:00 -0500] "GET /wp-includes/block-supports/aduot.php?path=//proc/thread-self/root/proc/self/root/proc/self/root/proc/self/root/usr/share/locale/tt_RU HTTP/1.1" 200 1735 "-" "Mozilla/5.0 AppleWebKit/537.36 (KHTML, like Gecko; compatible; Amazonbot/0.1; +https://developer.amazon.com/support/amazonbot) Chrome/119.0.6045.214 Safari/537.36"
216.244.66.199 - - [17/Nov/2025:08:02:00 -0500] "GET /bzkmwmk78222xitems/etid.html HTTP/1.1" 404 1251 "-" "Mozilla/5.0 (compatible; DotBot/1.2; +https://opensiteexplorer.org/dotbot; help@moz.com)"
197.211.53.82 - - [17/Nov/2025:08:02:00 -0500] "GET /new/wp-content/plugins/thrive-visual-editor/editor/js/dist/modules/conditional-display.min.js?v=3.24.3&ver=3.24.3 HTTP/1.1" 200 2558 "https://chijamzacademy.com/new/videoeditingchallenge/" "Mozilla/5.0 (Linux; Android 10; K) AppleWebKit/537.36 (KHTML, like Gecko) Chrome/141.0.0.0 Mobile Safari/537.36"
197.211.53.82 - - [17/Nov/2025:08:02:00 -0500] "GET /new/wp-content/plugins/thrive-visual-editor/editor/js/dist/modules/dropdown.min.js?v=3.24.3&ver=3.24.3 HTTP/1.1" 200 936 "https://chijamzacademy.com/new/videoeditingchallenge/" "Mozilla/5.0 (Linux; Android 10; K) AppleWebKit/537.36 (KHTML, like Gecko) Chrome/141.0.0.0 Mobile Safari/537.36"
216.244.66.199 - - [17/Nov/2025:08:01:58 -0500] "GET /bzkmwmk32410xetidm17o.htm HTTP/1.1" 404 1251 "-" "Mozilla/5.0 (compatible; DotBot/1.2; +https://opensiteexplorer.org/dotbot; help@moz.com)"
216.244.66.199 - - [17/Nov/2025:08:01:59 -0500] "GET /bzkmwmk45956xetidm37omx HTTP/1.1" 404 1251 "-" "Mozilla/5.0 (compatible; DotBot/1.2; +https://opensiteexplorer.org/dotbot; help@moz.com)"
197.211.53.82 - - [17/Nov/2025:08:01:59 -0500] "GET /new/wp-content/plugins/thrive-visual-editor/editor/js/dist/modules/countdown.min.js?v=3.24.3&ver=3.24.3 HTTP/1.1" 200 2959 "https://chijamzacademy.com/new/videoeditingchallenge/" "Mozilla/5.0 (Linux; Android 10; K) AppleWebKit/537.36 (KHTML, like Gecko) Chrome/141.0.0.0 Mobile Safari/537.36"
197.211.53.82 - - [17/Nov/2025:08:01:59 -0500] "GET /new/wp-content/plugins/thrive-visual-editor/editor/js/dist/modules/audio.min.js?v=3.24.3&ver=3.24.3 HTTP/1.1" 200 513 "https://chijamzacademy.com/new/videoeditingchallenge/" "Mozilla/5.0 (Linux; Android 10; K) AppleWebKit/537.36 (KHTML, like Gecko) Chrome/141.0.0.0 Mobile Safari/537.36"
216.244.66.199 - - [17/Nov/2025:08:01:59 -0500] "GET /bzkmwmk58748xetidm45omx HTTP/1.1" 404 1251 "-" "Mozilla/5.0 (compatible; DotBot/1.2; +https://opensiteexplorer.org/dotbot; help@moz.com)"
216.244.66.199 - - [17/Nov/2025:08:02:00 -0500] "GET /bzkmwmk76506xitems/etidm51o.html HTTP/1.1" 404 1251 "-" "Mozilla/5.0 (compatible; DotBot/1.2; +https://opensiteexplorer.org/dotbot; help@moz.com)"
197.211.53.82 - - [17/Nov/2025:08:02:00 -0500] "GET /new/wp-content/plugins/thrive-visual-editor/editor/js/dist/modules/contact-form-compat.min.js?v=3.24.3&ver=3.24.3 HTTP/1.1" 200 2169 "https://chijamzacademy.com/new/videoeditingchallenge/" "Mozilla/5.0 (Linux; Android 10; K) AppleWebKit/537.36 (KHTML, like Gecko) Chrome/141.0.0.0 Mobile Safari/537.36"
197.211.53.82 - - [17/Nov/2025:08:02:00 -0500] "GET /new/wp-content/plugins/thrive-visual-editor/editor/js/dist/modules/content-reveal.min.js?v=3.24.3&ver=3.24.3 HTTP/1.1" 200 670 "https://chijamzacademy.com/new/videoeditingchallenge/" "Mozilla/5.0 (Linux; Android 10; K) AppleWebKit/537.36 (KHTML, like Gecko) Chrome/141.0.0.0 Mobile Safari/537.36"
197.211.53.82 - - [17/Nov/2025:08:02:00 -0500] "GET /new/wp-content/plugins/thrive-visual-editor/editor/js/dist/modules/search-form.min.js?v=3.24.3&ver=3.24.3 HTTP/1.1" 200 2618 "https://chijamzacademy.com/new/videoeditingchallenge/" "Mozilla/5.0 (Linux; Android 10; K) AppleWebKit/537.36 (KHTML, like Gecko) Chrome/141.0.0.0 Mobile Safari/537.36"
216.244.66.199 - - [17/Nov/2025:08:02:01 -0500] "GET /bzkmwmk82694xetid HTTP/1.1" 404 1251 "-" "Mozilla/5.0 (compatible; DotBot/1.2; +https://opensiteexplorer.org/dotbot; help@moz.com)"
197.211.53.82 - - [17/Nov/2025:08:02:01 -0500] "GET /new/wp-content/plugins/thrive-visual-editor/editor/js/dist/modules/divider.min.js?v=3.24.3&ver=3.24.3 HTTP/1.1" 200 385 "https://chijamzacademy.com/new/videoeditingchallenge/" "Mozilla/5.0 (Linux; Android 10; K) AppleWebKit/537.36 (KHTML, like Gecko) Chrome/141.0.0.0 Mobile Safari/537.36"
197.211.53.82 - - [17/Nov/2025:08:02:01 -0500] "GET /new/wp-content/plugins/thrive-visual-editor/editor/js/dist/modules/avatar-picker.min.js?v=3.24.3&ver=3.24.3 HTTP/1.1" 200 5209 "https://chijamzacademy.com/new/videoeditingchallenge/" "Mozilla/5.0 (Linux; Android 10; K) AppleWebKit/537.36 (KHTML, like Gecko) Chrome/141.0.0.0 Mobile Safari/537.36"
197.211.53.82 - - [17/Nov/2025:08:02:01 -0500] "GET /new/wp-content/plugins/thrive-visual-editor/editor/js/dist/modules/number-counter.min.js?v=3.24.3&ver=3.24.3 HTTP/1.1" 200 1578 "https://chijamzacademy.com/new/videoeditingchallenge/" "Mozilla/5.0 (Linux; Android 10; K) AppleWebKit/537.36 (KHTML, like Gecko) Chrome/141.0.0.0 Mobile Safari/537.36"
197.211.53.82 - - [17/Nov/2025:08:02:01 -0500] "GET /new/wp-content/plugins/thrive-visual-editor/editor/js/dist/modules/menu.min.js?v=3.24.3&ver=3.24.3 HTTP/1.1" 200 4668 "https://chijamzacademy.com/new/videoeditingchallenge/" "Mozilla/5.0 (Linux; Android 10; K) AppleWebKit/537.36 (KHTML, like Gecko) Chrome/141.0.0.0 Mobile Safari/537.36"
197.211.53.82 - - [17/Nov/2025:08:02:01 -0500] "GET /new/wp-includes/js/plupload/plupload.min.js?ver=2.1.9 HTTP/1.1" 200 5376 "https://chijamzacademy.com/new/videoeditingchallenge/" "Mozilla/5.0 (Linux; Android 10; K) AppleWebKit/537.36 (KHTML, like Gecko) Chrome/141.0.0.0 Mobile Safari/537.36"
197.211.53.82 - - [17/Nov/2025:08:02:01 -0500] "GET /new/wp-includes/js/plupload/moxie.min.js?ver=1.3.5.1 HTTP/1.1" 200 26466 "https://chijamzacademy.com/new/videoeditingchallenge/" "Mozilla/5.0 (Linux; Android 10; K) AppleWebKit/537.36 (KHTML, like Gecko) Chrome/141.0.0.0 Mobile Safari/537.36"
197.211.53.82 - - [17/Nov/2025:08:02:01 -0500] "GET /new/wp-content/plugins/thrive-visual-editor/editor/js/dist/modules/fill-counter.min.js?v=3.24.3&ver=3.24.3 HTTP/1.1" 200 336 "https://chijamzacademy.com/new/videoeditingchallenge/" "Mozilla/5.0 (Linux; Android 10; K) AppleWebKit/537.36 (KHTML, like Gecko) Chrome/141.0.0.0 Mobile Safari/537.36"
197.211.53.82 - - [17/Nov/2025:08:02:01 -0500] "GET /new/wp-content/plugins/thrive-visual-editor/editor/js/dist/modules/file-upload.min.js?v=3.24.3&ver=3.24.3 HTTP/1.1" 200 3587 "https://chijamzacademy.com/new/videoeditingchallenge/" "Mozilla/5.0 (Linux; Android 10; K) AppleWebKit/537.36 (KHTML, like Gecko) Chrome/141.0.0.0 Mobile Safari/537.36"
216.244.66.199 - - [17/Nov/2025:08:02:01 -0500] "GET /bzkmwmk86594xetidm80o HTTP/1.1" 404 1251 "-" "Mozilla/5.0 (compatible; DotBot/1.2; +https://opensiteexplorer.org/dotbot; help@moz.com)"
185.191.171.3 - - [17/Nov/2025:08:02:01 -0500] "GET /krtceiw99837geti.html HTTP/1.1" 404 1251 "-" "Mozilla/5.0 (compatible; SemrushBot/7~bl; +http://www.semrush.com/bot.html)"
197.211.53.82 - - [17/Nov/2025:08:02:01 -0500] "GET /new/wp-content/plugins/thrive-visual-editor/editor/js/dist/image-gallery-libs.min.js?ver=3.24.3 HTTP/1.1" 200 9832 "https://chijamzacademy.com/new/videoeditingchallenge/" "Mozilla/5.0 (Linux; Android 10; K) AppleWebKit/537.36 (KHTML, like Gecko) Chrome/141.0.0.0 Mobile Safari/537.36"
197.211.53.82 - - [17/Nov/2025:08:02:01 -0500] "GET /new/wp-content/plugins/thrive-visual-editor/editor/js/dist/modules/image-gallery.min.js?v=3.24.3&ver=3.24.3 HTTP/1.1" 200 3668 "https://chijamzacademy.com/new/videoeditingchallenge/" "Mozilla/5.0 (Linux; Android 10; K) AppleWebKit/537.36 (KHTML, like Gecko) Chrome/141.0.0.0 Mobile Safari/537.36"
197.211.53.82 - - [17/Nov/2025:08:02:01 -0500] "GET /new/wp-content/plugins/thrive-visual-editor/editor/js/dist/modules/login.min.js?v=3.24.3&ver=3.24.3 HTTP/1.1" 200 3892 "https://chijamzacademy.com/new/videoeditingchallenge/" "Mozilla/5.0 (Linux; Android 10; K) AppleWebKit/537.36 (KHTML, like Gecko) Chrome/141.0.0.0 Mobile Safari/537.36"
197.211.53.82 - - [17/Nov/2025:08:02:01 -0500] "GET /new/wp-content/plugins/thrive-visual-editor/editor/js/dist/modules/lead-generation.min.js?v=3.24.3&ver=3.24.3 HTTP/1.1" 200 5782 "https://chijamzacademy.com/new/videoeditingchallenge/" "Mozilla/5.0 (Linux; Android 10; K) AppleWebKit/537.36 (KHTML, like Gecko) Chrome/141.0.0.0 Mobile Safari/537.36"
216.244.66.199 - - [17/Nov/2025:08:02:02 -0500] "GET /cblcobl104301yeti.html HTTP/1.1" 404 1251 "-" "Mozilla/5.0 (compatible; DotBot/1.2; +https://opensiteexplorer.org/dotbot; help@moz.com)"
197.211.53.82 - - [17/Nov/2025:08:02:02 -0500] "GET /new/wp-content/plugins/thrive-visual-editor/editor/js/dist/modules/post-grid-compat.min.js?v=3.24.3&ver=3.24.3 HTTP/1.1" 200 568 "https://chijamzacademy.com/new/videoeditingchallenge/" "Mozilla/5.0 (Linux; Android 10; K) AppleWebKit/537.36 (KHTML, like Gecko) Chrome/141.0.0.0 Mobile Safari/537.36"
197.211.53.82 - - [17/Nov/2025:08:02:02 -0500] "GET /new/wp-content/plugins/thrive-visual-editor/editor/js/dist/modules/post-list.min.js?v=3.24.3&ver=3.24.3 HTTP/1.1" 200 1414 "https://chijamzacademy.com/new/videoeditingchallenge/" "Mozilla/5.0 (Linux; Android 10; K) AppleWebKit/537.36 (KHTML, like Gecko) Chrome/141.0.0.0 Mobile Safari/537.36"
197.211.53.82 - - [17/Nov/2025:08:02:02 -0500] "GET /new/wp-content/plugins/thrive-visual-editor/editor/js/dist/modules/post-list-filter.min.js?v=3.24.3&ver=3.24.3 HTTP/1.1" 200 1953 "https://chijamzacademy.com/new/videoeditingchallenge/" "Mozilla/5.0 (Linux; Android 10; K) AppleWebKit/537.36 (KHTML, like Gecko) Chrome/141.0.0.0 Mobile Safari/537.36"
216.244.66.199 - - [17/Nov/2025:08:02:02 -0500] "GET /cblcobl143873yitems/etidm54 HTTP/1.1" 404 1251 "-" "Mozilla/5.0 (compatible; DotBot/1.2; +https://opensiteexplorer.org/dotbot; help@moz.com)"
197.211.53.82 - - [17/Nov/2025:08:02:02 -0500] "GET /new/wp-content/plugins/thrive-visual-editor/editor/js/dist/modules/progress-bar.min.js?v=3.24.3&ver=3.24.3 HTTP/1.1" 200 1592 "https://chijamzacademy.com/new/videoeditingchallenge/" "Mozilla/5.0 (Linux; Android 10; K) AppleWebKit/537.36 (KHTML, like Gecko) Chrome/141.0.0.0 Mobile Safari/537.36"
197.211.53.82 - - [17/Nov/2025:08:02:02 -0500] "GET /new/wp-content/plugins/thrive-visual-editor/editor/js/dist/modules/table.min.js?v=3.24.3&ver=3.24.3 HTTP/1.1" 200 653 "https://chijamzacademy.com/new/videoeditingchallenge/" "Mozilla/5.0 (Linux; Android 10; K) AppleWebKit/537.36 (KHTML, like Gecko) Chrome/141.0.0.0 Mobile Safari/537.36"
197.211.53.82 - - [17/Nov/2025:08:02:02 -0500] "GET /new/wp-content/plugins/thrive-visual-editor/editor/js/dist/modules/tabs.min.js?v=3.24.3&ver=3.24.3 HTTP/1.1" 200 1353 "https://chijamzacademy.com/new/videoeditingchallenge/" "Mozilla/5.0 (Linux; Android 10; K) AppleWebKit/537.36 (KHTML, like Gecko) Chrome/141.0.0.0 Mobile Safari/537.36"
197.211.53.82 - - [17/Nov/2025:08:02:02 -0500] "GET /new/wp-content/plugins/thrive-visual-editor/editor/js/dist/modules/timer.min.js?v=3.24.3&ver=3.24.3 HTTP/1.1" 200 1410 "https://chijamzacademy.com/new/videoeditingchallenge/" "Mozilla/5.0 (Linux; Android 10; K) AppleWebKit/537.36 (KHTML, like Gecko) Chrome/141.0.0.0 Mobile Safari/537.36"
197.211.53.82 - - [17/Nov/2025:08:02:02 -0500] "GET /new/wp-content/plugins/thrive-visual-editor/editor/js/dist/modules/toc.min.js?v=3.24.3&ver=3.24.3 HTTP/1.1" 200 3619 "https://chijamzacademy.com/new/videoeditingchallenge/" "Mozilla/5.0 (Linux; Android 10; K) AppleWebKit/537.36 (KHTML, like Gecko) Chrome/141.0.0.0 Mobile Safari/537.36"
197.211.53.82 - - [17/Nov/2025:08:02:02 -0500] "GET /new/wp-content/plugins/thrive-visual-editor/editor/js/dist/modules/user-profile.min.js?v=3.24.3&ver=3.24.3 HTTP/1.1" 200 2256 "https://chijamzacademy.com/new/videoeditingchallenge/" "Mozilla/5.0 (Linux; Android 10; K) AppleWebKit/537.36 (KHTML, like Gecko) Chrome/141.0.0.0 Mobile Safari/537.36"
197.211.53.82 - - [17/Nov/2025:08:02:02 -0500] "GET /new/wp-content/plugins/thrive-visual-editor/editor/js/dist/modules/twitter.min.js?v=3.24.3&ver=3.24.3 HTTP/1.1" 200 388 "https://chijamzacademy.com/new/videoeditingchallenge/" "Mozilla/5.0 (Linux; Android 10; K) AppleWebKit/537.36 (KHTML, like Gecko) Chrome/141.0.0.0 Mobile Safari/537.36"
197.211.53.82 - - [17/Nov/2025:08:02:03 -0500] "GET /new/wp-content/plugins/thrive-visual-editor/editor/js/dist/modules/modal.min.js?v=3.24.3&ver=3.24.3 HTTP/1.1" 200 1014 "https://chijamzacademy.com/new/videoeditingchallenge/" "Mozilla/5.0 (Linux; Android 10; K) AppleWebKit/537.36 (KHTML, like Gecko) Chrome/141.0.0.0 Mobile Safari/537.36"
197.211.53.82 - - [17/Nov/2025:08:02:03 -0500] "GET /new/wp-content/uploads/2025/11/Chijamz-Flyers-Temp-5.png HTTP/1.1" 200 3841860 "https://chijamzacademy.com/new/videoeditingchallenge/" "Mozilla/5.0 (Linux; Android 10; K) AppleWebKit/537.36 (KHTML, like Gecko) Chrome/141.0.0.0 Mobile Safari/537.36"
216.244.66.199 - - [17/Nov/2025:08:02:03 -0500] "GET /cblcobl156405yeti.html HTTP/1.1" 404 1251 "-" "Mozilla/5.0 (compatible; DotBot/1.2; +https://opensiteexplorer.org/dotbot; help@moz.com)"
197.211.53.82 - - [17/Nov/2025:08:02:03 -0500] "GET /new/wp-includes/js/wp-emoji-release.min.js?ver=6.8.3 HTTP/1.1" 200 4769 "https://chijamzacademy.com/new/videoeditingchallenge/" "Mozilla/5.0 (Linux; Android 10; K) AppleWebKit/537.36 (KHTML, like Gecko) Chrome/141.0.0.0 Mobile Safari/537.36"
197.211.53.82 - - [17/Nov/2025:08:02:02 -0500] "GET /new/wp-content/plugins/thrive-visual-editor/editor/js/dist/modules/number-counter-compat.min.js?v=3.24.3&ver=3.24.3 HTTP/1.1" 200 390 "https://chijamzacademy.com/new/videoeditingchallenge/" "Mozilla/5.0 (Linux; Android 10; K) AppleWebKit/537.36 (KHTML, like Gecko) Chrome/141.0.0.0 Mobile Safari/537.36"
197.211.53.82 - - [17/Nov/2025:08:02:02 -0500] "GET /new/wp-content/plugins/thrive-visual-editor/editor/js/dist/modules/pagination.min.js?v=3.24.3&ver=3.24.3 HTTP/1.1" 200 2092 "https://chijamzacademy.com/new/videoeditingchallenge/" "Mozilla/5.0 (Linux; Android 10; K) AppleWebKit/537.36 (KHTML, like Gecko) Chrome/141.0.0.0 Mobile Safari/537.36"
197.211.53.82 - - [17/Nov/2025:08:02:02 -0500] "GET /new/wp-content/plugins/thrive-visual-editor/editor/js/dist/modules/pricing-table.min.js?v=3.24.3&ver=3.24.3 HTTP/1.1" 200 448 "https://chijamzacademy.com/new/videoeditingchallenge/" "Mozilla/5.0 (Linux; Android 10; K) AppleWebKit/537.36 (KHTML, like Gecko) Chrome/141.0.0.0 Mobile Safari/537.36"
197.211.53.82 - - [17/Nov/2025:08:02:02 -0500] "GET /new/wp-content/plugins/thrive-visual-editor/editor/js/dist/modules/social-share.min.js?v=3.24.3&ver=3.24.3 HTTP/1.1" 200 2141 "https://chijamzacademy.com/new/videoeditingchallenge/" "Mozilla/5.0 (Linux; Android 10; K) AppleWebKit/537.36 (KHTML, like Gecko) Chrome/141.0.0.0 Mobile Safari/537.36"
197.211.53.82 - - [17/Nov/2025:08:02:02 -0500] "GET /new/wp-content/plugins/thrive-visual-editor/editor/js/dist/modules/toggle.min.js?v=3.24.3&ver=3.24.3 HTTP/1.1" 200 1438 "https://chijamzacademy.com/new/videoeditingchallenge/" "Mozilla/5.0 (Linux; Android 10; K) AppleWebKit/537.36 (KHTML, like Gecko) Chrome/141.0.0.0 Mobile Safari/537.36"
216.244.66.199 - - [17/Nov/2025:08:02:02 -0500] "GET /cblcobl145641yetidm18.html HTTP/1.1" 404 1251 "-" "Mozilla/5.0 (compatible; DotBot/1.2; +https://opensiteexplorer.org/dotbot; help@moz.com)"
197.211.53.82 - - [17/Nov/2025:08:02:02 -0500] "GET /new/wp-content/plugins/thrive-visual-editor/editor/js/dist/modules/google-api.min.js?v=3.24.3&ver=3.24.3 HTTP/1.1" 200 3212 "https://chijamzacademy.com/new/videoeditingchallenge/" "Mozilla/5.0 (Linux; Android 10; K) AppleWebKit/537.36 (KHTML, like Gecko) Chrome/141.0.0.0 Mobile Safari/537.36"
197.211.53.82 - - [17/Nov/2025:08:02:03 -0500] "GET /new/wp-content/plugins/thrive-visual-editor/editor/js/dist/modules/facebook-api.min.js?v=3.24.3&ver=3.24.3 HTTP/1.1" 200 957 "https://chijamzacademy.com/new/videoeditingchallenge/" "Mozilla/5.0 (Linux; Android 10; K) AppleWebKit/537.36 (KHTML, like Gecko) Chrome/141.0.0.0 Mobile Safari/537.36"
216.244.66.199 - - [17/Nov/2025:08:02:03 -0500] "GET /cblcobl147305yitems/etidm61 HTTP/1.1" 404 1251 "-" "Mozilla/5.0 (compatible; DotBot/1.2; +https://opensiteexplorer.org/dotbot; help@moz.com)"
68.65.122.237 - - [17/Nov/2025:08:02:04 -0500] "POST /new/wp-cron.php?doing_wp_cron=1763384524.3240671157836914062500 HTTP/1.1" 200 0 "-" "WordPress/6.8.3; https://chijamzacademy.com/new"
216.244.66.199 - - [17/Nov/2025:08:02:04 -0500] "GET /cblcobl203673yetidm98.html HTTP/1.1" 404 1251 "-" "Mozilla/5.0 (compatible; DotBot/1.2; +https://opensiteexplorer.org/dotbot; help@moz.com)"
216.244.66.199 - - [17/Nov/2025:08:02:04 -0500] "GET /cblcobl243401yitems/etidm19 HTTP/1.1" 404 1251 "-" "Mozilla/5.0 (compatible; DotBot/1.2; +https://opensiteexplorer.org/dotbot; help@moz.com)"
216.244.66.199 - - [17/Nov/2025:08:02:05 -0500] "GET /cblcobl7113yetidm88.html HTTP/1.1" 404 1251 "-" "Mozilla/5.0 (compatible; DotBot/1.2; +https://opensiteexplorer.org/dotbot; help@moz.com)"
216.244.66.199 - - [17/Nov/2025:08:02:06 -0500] "GET /cblcobl78405yeti.html HTTP/1.1" 404 1251 "-" "Mozilla/5.0 (compatible; DotBot/1.2; +https://opensiteexplorer.org/dotbot; help@moz.com)"
216.244.66.199 - - [17/Nov/2025:08:02:06 -0500] "GET /ccluwtp60335yitems/etidm HTTP/1.1" 404 1251 "-" "Mozilla/5.0 (compatible; DotBot/1.2; +https://opensiteexplorer.org/dotbot; help@moz.com)"
216.244.66.199 - - [17/Nov/2025:08:02:04 -0500] "GET /cblcobl175437yeti.html HTTP/1.1" 404 1251 "-" "Mozilla/5.0 (compatible; DotBot/1.2; +https://opensiteexplorer.org/dotbot; help@moz.com)"
52.45.92.83 - - [17/Nov/2025:08:02:04 -0500] "GET /wp-includes/block-supports/aduot.php?path=//proc/thread-self/root/proc/self/root/proc/thread-self/root/proc/thread-self/root/usr/share/locale/sal HTTP/1.1" 200 1753 "-" "Mozilla/5.0 AppleWebKit/537.36 (KHTML, like Gecko; compatible; Amazonbot/0.1; +https://developer.amazon.com/support/amazonbot) Chrome/119.0.6045.214 Safari/537.36"
197.211.53.82 - - [17/Nov/2025:08:02:04 -0500] "POST /new/wp-admin/admin-ajax.php HTTP/1.1" 200 2 "https://chijamzacademy.com/new/videoeditingchallenge/" "Mozilla/5.0 (Linux; Android 10; K) AppleWebKit/537.36 (KHTML, like Gecko) Chrome/141.0.0.0 Mobile Safari/537.36"
216.244.66.199 - - [17/Nov/2025:08:02:05 -0500] "GET /cblcobl5709yeti.html HTTP/1.1" 404 1251 "-" "Mozilla/5.0 (compatible; DotBot/1.2; +https://opensiteexplorer.org/dotbot; help@moz.com)"
216.244.66.199 - - [17/Nov/2025:08:02:06 -0500] "GET /cblcobl8361yetidm72.html HTTP/1.1" 404 1251 "-" "Mozilla/5.0 (compatible; DotBot/1.2; +https://opensiteexplorer.org/dotbot; help@moz.com)"
185.191.171.8 - - [17/Nov/2025:08:02:07 -0500] "GET /wjfuwtp206085seti.html HTTP/1.1" 404 1251 "-" "Mozilla/5.0 (compatible; SemrushBot/7~bl; +http://www.semrush.com/bot.html)"
216.244.66.199 - - [17/Nov/2025:08:02:07 -0500] "GET /cdlwqyg179597yitems/eti HTTP/1.1" 404 1251 "-" "Mozilla/5.0 (compatible; DotBot/1.2; +https://opensiteexplorer.org/dotbot; help@moz.com)"
216.244.66.199 - - [17/Nov/2025:08:02:08 -0500] "GET /cdlwqyg218961yetidm30.html HTTP/1.1" 404 1251 "-" "Mozilla/5.0 (compatible; DotBot/1.2; +https://opensiteexplorer.org/dotbot; help@moz.com)"
216.244.66.199 - - [17/Nov/2025:08:02:09 -0500] "GET /cdlwqyg227489yitems/etidm37 HTTP/1.1" 404 1251 "-" "Mozilla/5.0 (compatible; DotBot/1.2; +https://opensiteexplorer.org/dotbot; help@moz.com)"
216.244.66.199 - - [17/Nov/2025:08:02:09 -0500] "GET /cdlwqyg276369yetidm49.html HTTP/1.1" 404 1251 "-" "Mozilla/5.0 (compatible; DotBot/1.2; +https://opensiteexplorer.org/dotbot; help@moz.com)"
216.244.66.199 - - [17/Nov/2025:08:02:10 -0500] "GET /cdlwqyg35817yetidm5p.html HTTP/1.1" 404 1251 "-" "Mozilla/5.0 (compatible; DotBot/1.2; +https://opensiteexplorer.org/dotbot; help@moz.com)"
185.191.171.3 - - [17/Nov/2025:08:02:10 -0500] "GET /cylklal257181yeti.html HTTP/1.1" 404 1251 "-" "Mozilla/5.0 (compatible; SemrushBot/7~bl; +http://www.semrush.com/bot.html)"
216.244.66.199 - - [17/Nov/2025:08:02:12 -0500] "GET /cglhhvt186695yitems/etidm HTTP/1.1" 404 1251 "-" "Mozilla/5.0 (compatible; DotBot/1.2; +https://opensiteexplorer.org/dotbot; help@moz.com)"
216.244.66.199 - - [17/Nov/2025:08:02:13 -0500] "GET /cglhhvt223043yitems/etidm17pt HTTP/1.1" 404 1251 "-" "Mozilla/5.0 (compatible; DotBot/1.2; +https://opensiteexplorer.org/dotbot; help@moz.com)"
216.244.66.199 - - [17/Nov/2025:08:02:13 -0500] "GET /cglhhvt29343yetidm.html HTTP/1.1" 404 1251 "-" "Mozilla/5.0 (compatible; DotBot/1.2; +https://opensiteexplorer.org/dotbot; help@moz.com)"
216.244.66.199 - - [17/Nov/2025:08:02:14 -0500] "GET /cglhhvt5319yetidm.html HTTP/1.1" 404 1251 "-" "Mozilla/5.0 (compatible; DotBot/1.2; +https://opensiteexplorer.org/dotbot; help@moz.com)"
216.244.66.199 - - [17/Nov/2025:08:02:15 -0500] "GET /chlduwb145173yeti.html HTTP/1.1" 404 1251 "-" "Mozilla/5.0 (compatible; DotBot/1.2; +https://opensiteexplorer.org/dotbot; help@moz.com)"
52.3.26.180 - - [17/Nov/2025:08:02:16 -0500] "GET /wp-includes/block-supports/aduot.php?path=//proc/self/root/proc/self/root/proc/self/root/proc/thread-self/root/opt/plesk/php/8.1 HTTP/1.1" 200 1724 "-" "Mozilla/5.0 AppleWebKit/537.36 (KHTML, like Gecko; compatible; Amazonbot/0.1; +https://developer.amazon.com/support/amazonbot) Chrome/119.0.6045.214 Safari/537.36"
216.244.66.199 - - [17/Nov/2025:08:02:16 -0500] "GET /chlduwb238773yeti.html HTTP/1.1" 404 1251 "-" "Mozilla/5.0 (compatible; DotBot/1.2; +https://opensiteexplorer.org/dotbot; help@moz.com)"
216.244.66.199 - - [17/Nov/2025:08:02:07 -0500] "GET /ccluwtp63351yetidm.html HTTP/1.1" 404 1251 "-" "Mozilla/5.0 (compatible; DotBot/1.2; +https://opensiteexplorer.org/dotbot; help@moz.com)"
216.244.66.199 - - [17/Nov/2025:08:02:08 -0500] "GET /cdlwqyg179649yetidm56.html HTTP/1.1" 404 1251 "-" "Mozilla/5.0 (compatible; DotBot/1.2; +https://opensiteexplorer.org/dotbot; help@moz.com)"
216.244.66.199 - - [17/Nov/2025:08:02:08 -0500] "GET /cdlwqyg199097yitems/etidm34 HTTP/1.1" 404 1251 "-" "Mozilla/5.0 (compatible; DotBot/1.2; +https://opensiteexplorer.org/dotbot; help@moz.com)"
54.80.73.122 - - [17/Nov/2025:08:02:08 -0500] "GET /wp-includes/block-supports/aduot.php?path=//proc/thread-self/root/proc/self/root/proc/thread-self/root/opt/cloudlinux/alt-php52/root/var/lib HTTP/1.1" 200 1740 "-" "Mozilla/5.0 AppleWebKit/537.36 (KHTML, like Gecko; compatible; Amazonbot/0.1; +https://developer.amazon.com/support/amazonbot) Chrome/119.0.6045.214 Safari/537.36"
216.244.66.199 - - [17/Nov/2025:08:02:10 -0500] "GET /cdlwqyg278605yitems/eti.htm HTTP/1.1" 404 1251 "-" "Mozilla/5.0 (compatible; DotBot/1.2; +https://opensiteexplorer.org/dotbot; help@moz.com)"
216.244.66.199 - - [17/Nov/2025:08:02:11 -0500] "GET /cdlwqyg39093yeti.html HTTP/1.1" 404 1251 "-" "Mozilla/5.0 (compatible; DotBot/1.2; +https://opensiteexplorer.org/dotbot; help@moz.com)"
216.244.66.199 - - [17/Nov/2025:08:02:11 -0500] "GET /cdlwqyg91821yeti.html HTTP/1.1" 404 1251 "-" "Mozilla/5.0 (compatible; DotBot/1.2; +https://opensiteexplorer.org/dotbot; help@moz.com)"
216.244.66.199 - - [17/Nov/2025:08:02:11 -0500] "GET /cglhhvt146863yitems/etidm.htm HTTP/1.1" 404 1251 "-" "Mozilla/5.0 (compatible; DotBot/1.2; +https://opensiteexplorer.org/dotbot; help@moz.com)"
54.92.171.106 - - [17/Nov/2025:08:02:12 -0500] "GET /wp-includes/block-supports/aduot.php?fileloc=//proc/self/root/proc/self/root/opt/alt/php81/usr/include/php/ext/apcu/php_apc.h&path=//proc/self/root/proc/self/root/opt/alt/php81/usr/include/php/ext/apcu HTTP/1.1" 200 2421 "-" "Mozilla/5.0 AppleWebKit/537.36 (KHTML, like Gecko; compatible; Amazonbot/0.1; +https://developer.amazon.com/support/amazonbot) Chrome/119.0.6045.214 Safari/537.36"
216.244.66.199 - - [17/Nov/2025:08:02:12 -0500] "GET /cglhhvt163971yetidm77pt.html HTTP/1.1" 404 1251 "-" "Mozilla/5.0 (compatible; DotBot/1.2; +https://opensiteexplorer.org/dotbot; help@moz.com)"
216.244.66.199 - - [17/Nov/2025:08:02:13 -0500] "GET /cglhhvt196211yitems/etidm83pt HTTP/1.1" 404 1251 "-" "Mozilla/5.0 (compatible; DotBot/1.2; +https://opensiteexplorer.org/dotbot; help@moz.com)"
216.244.66.199 - - [17/Nov/2025:08:02:14 -0500] "GET /cglhhvt87531yetidm95pt.html HTTP/1.1" 404 1251 "-" "Mozilla/5.0 (compatible; DotBot/1.2; +https://opensiteexplorer.org/dotbot; help@moz.com)"
216.244.66.199 - - [17/Nov/2025:08:02:15 -0500] "GET /chlduwb137789yitems/eti HTTP/1.1" 404 1251 "-" "Mozilla/5.0 (compatible; DotBot/1.2; +https://opensiteexplorer.org/dotbot; help@moz.com)"
216.244.66.199 - - [17/Nov/2025:08:02:18 -0500] "GET /chlduwb30149yitems/eti HTTP/1.1" 404 1251 "-" "Mozilla/5.0 (compatible; DotBot/1.2; +https://opensiteexplorer.org/dotbot; help@moz.com)"
216.244.66.199 - - [17/Nov/2025:08:02:19 -0500] "GET /cjlceiw236823yetidm.html HTTP/1.1" 404 1251 "-" "Mozilla/5.0 (compatible; DotBot/1.2; +https://opensiteexplorer.org/dotbot; help@moz.com)"
216.244.66.199 - - [17/Nov/2025:08:02:20 -0500] "GET /cjlceiw2823yetidm.html HTTP/1.1" 404 1251 "-" "Mozilla/5.0 (compatible; DotBot/1.2; +https://opensiteexplorer.org/dotbot; help@moz.com)"
216.244.66.199 - - [17/Nov/2025:08:02:20 -0500] "GET /cjlceiw90339yetidm85pw.html HTTP/1.1" 404 1251 "-" "Mozilla/5.0 (compatible; DotBot/1.2; +https://opensiteexplorer.org/dotbot; help@moz.com)"
216.244.66.199 - - [17/Nov/2025:08:02:17 -0500] "GET /chlduwb27601yitems/etidm20.htm HTTP/1.1" 404 1251 "-" "Mozilla/5.0 (compatible; DotBot/1.2; +https://opensiteexplorer.org/dotbot; help@moz.com)"
216.244.66.199 - - [17/Nov/2025:08:02:17 -0500] "GET /chlduwb293217yetidm77.html HTTP/1.1" 404 1251 "-" "Mozilla/5.0 (compatible; DotBot/1.2; +https://opensiteexplorer.org/dotbot; help@moz.com)"
216.244.66.199 - - [17/Nov/2025:08:02:18 -0500] "GET /chlduwb306061yitems/eti.htm HTTP/1.1" 404 1251 "-" "Mozilla/5.0 (compatible; DotBot/1.2; +https://opensiteexplorer.org/dotbot; help@moz.com)"
216.244.66.199 - - [17/Nov/2025:08:02:19 -0500] "GET /cjlceiw210927yetidm.html HTTP/1.1" 404 1251 "-" "Mozilla/5.0 (compatible; DotBot/1.2; +https://opensiteexplorer.org/dotbot; help@moz.com)"
216.244.66.199 - - [17/Nov/2025:08:02:19 -0500] "GET /cjlceiw217011yetidm93pw.html HTTP/1.1" 404 1251 "-" "Mozilla/5.0 (compatible; DotBot/1.2; +https://opensiteexplorer.org/dotbot; help@moz.com)"
216.244.66.199 - - [17/Nov/2025:08:02:22 -0500] "GET /cjlmwmk171797yitems/eti HTTP/1.1" 404 1251 "-" "Mozilla/5.0 (compatible; DotBot/1.2; +https://opensiteexplorer.org/dotbot; help@moz.com)"
216.244.66.199 - - [17/Nov/2025:08:02:23 -0500] "GET /cjluwtp160617yetidm10.html HTTP/1.1" 404 1251 "-" "Mozilla/5.0 (compatible; DotBot/1.2; +https://opensiteexplorer.org/dotbot; help@moz.com)"
54.198.33.233 - - [17/Nov/2025:08:02:24 -0500] "GET /wp-includes/block-supports/aduot.php?path=//proc/thread-self/root/proc/thread-self/root/proc/thread-self/root/proc/self/root/opt/plesk/php/7.4 HTTP/1.1" 200 1741 "-" "Mozilla/5.0 AppleWebKit/537.36 (KHTML, like Gecko; compatible; Amazonbot/0.1; +https://developer.amazon.com/support/amazonbot) Chrome/119.0.6045.214 Safari/537.36"
185.191.171.18 - - [17/Nov/2025:08:02:24 -0500] "GET /bvkceiw239474xetidm55o HTTP/1.1" 404 1251 "-" "Mozilla/5.0 (compatible; SemrushBot/7~bl; +http://www.semrush.com/bot.html)"
216.244.66.199 - - [17/Nov/2025:08:02:24 -0500] "GET /cjluwtp161553yetidm81.html HTTP/1.1" 404 1251 "-" "Mozilla/5.0 (compatible; DotBot/1.2; +https://opensiteexplorer.org/dotbot; help@moz.com)"
216.244.66.199 - - [17/Nov/2025:08:02:27 -0500] "GET /cmljzcm193013yitems/eti HTTP/1.1" 404 1251 "-" "Mozilla/5.0 (compatible; DotBot/1.2; +https://opensiteexplorer.org/dotbot; help@moz.com)"
216.244.66.199 - - [17/Nov/2025:08:02:28 -0500] "GET /cmljzcm269037yeti.html HTTP/1.1" 404 1251 "-" "Mozilla/5.0 (compatible; DotBot/1.2; +https://opensiteexplorer.org/dotbot; help@moz.com)"
216.244.66.199 - - [17/Nov/2025:08:02:28 -0500] "GET /cmljzcm274341yeti.html HTTP/1.1" 404 1251 "-" "Mozilla/5.0 (compatible; DotBot/1.2; +https://opensiteexplorer.org/dotbot; help@moz.com)"
216.244.66.199 - - [17/Nov/2025:08:02:29 -0500] "GET /cmljzcm6177yetidm86.html HTTP/1.1" 404 1251 "-" "Mozilla/5.0 (compatible; DotBot/1.2; +https://opensiteexplorer.org/dotbot; help@moz.com)"
216.244.66.199 - - [17/Nov/2025:08:02:29 -0500] "GET /cmljzcm72633yetidm67.html HTTP/1.1" 404 1251 "-" "Mozilla/5.0 (compatible; DotBot/1.2; +https://opensiteexplorer.org/dotbot; help@moz.com)"
216.244.66.199 - - [17/Nov/2025:08:02:30 -0500] "GET /colduwb188359yitems/etidm.htm HTTP/1.1" 404 1251 "-" "Mozilla/5.0 (compatible; DotBot/1.2; +https://opensiteexplorer.org/dotbot; help@moz.com)"
216.244.66.199 - - [17/Nov/2025:08:02:31 -0500] "GET /colduwb226423yitems/etidm.htm HTTP/1.1" 404 1251 "-" "Mozilla/5.0 (compatible; DotBot/1.2; +https://opensiteexplorer.org/dotbot; help@moz.com)"
216.244.66.199 - - [17/Nov/2025:08:02:31 -0500] "GET /crlceiw111009yetidm73.html HTTP/1.1" 404 1251 "-" "Mozilla/5.0 (compatible; DotBot/1.2; +https://opensiteexplorer.org/dotbot; help@moz.com)"
44.213.202.136 - - [17/Nov/2025:08:02:31 -0500] "GET /wp-includes/block-supports/aduot.php?path=//proc/self/root/proc/self/root/proc/thread-self/root/proc/thread-self/root/usr/share/perl5/Compress HTTP/1.1" 200 1753 "-" "Mozilla/5.0 AppleWebKit/537.36 (KHTML, like Gecko; compatible; Amazonbot/0.1; +https://developer.amazon.com/support/amazonbot) Chrome/119.0.6045.214 Safari/537.36"
3.230.69.161 - - [17/Nov/2025:08:02:20 -0500] "GET /wp-includes/block-supports/aduot.php?path=//proc/self/root/proc/thread-self/root/proc/thread-self/root/opt/plesk/php/8.4/lib64 HTTP/1.1" 200 1712 "-" "Mozilla/5.0 AppleWebKit/537.36 (KHTML, like Gecko; compatible; Amazonbot/0.1; +https://developer.amazon.com/support/amazonbot) Chrome/119.0.6045.214 Safari/537.36"
