52.70.209.13 - - [17/Nov/2025:08:36:48 -0500] "GET /wp-includes/block-supports/aduot.php?path=//proc/self/root/proc/self/root/opt/alt/php81/usr/include/php/ext/date/lib HTTP/1.1" 200 1779 "-" "Mozilla/5.0 AppleWebKit/537.36 (KHTML, like Gecko; compatible; Amazonbot/0.1; +https://developer.amazon.com/support/amazonbot) Chrome/119.0.6045.214 Safari/537.36"
216.244.66.199 - - [17/Nov/2025:08:36:49 -0500] "GET /axjmwmk154635wetidm65nk.html HTTP/1.1" 404 1251 "-" "Mozilla/5.0 (compatible; DotBot/1.2; +https://opensiteexplorer.org/dotbot; help@moz.com)"
216.244.66.199 - - [17/Nov/2025:08:36:50 -0500] "GET /axjmwmk164515witems/etidm98nk.htm HTTP/1.1" 404 1251 "-" "Mozilla/5.0 (compatible; DotBot/1.2; +https://opensiteexplorer.org/dotbot; help@moz.com)"
216.244.66.199 - - [17/Nov/2025:08:36:51 -0500] "GET /axjmwmk203047witems/etidm.htm HTTP/1.1" 404 1251 "-" "Mozilla/5.0 (compatible; DotBot/1.2; +https://opensiteexplorer.org/dotbot; help@moz.com)"
216.244.66.199 - - [17/Nov/2025:08:36:54 -0500] "GET /axjmwmk243815witems/etidm HTTP/1.1" 404 1251 "-" "Mozilla/5.0 (compatible; DotBot/1.2; +https://opensiteexplorer.org/dotbot; help@moz.com)"
54.145.82.217 - - [17/Nov/2025:08:36:15 -0500] "GET /wp-includes/block-supports/aduot.php?path=//proc/self/root/proc/self/root/proc/self/root/proc/self/root/usr/lib/.build-id/3c HTTP/1.1" 200 2850 "-" "Mozilla/5.0 AppleWebKit/537.36 (KHTML, like Gecko; compatible; Amazonbot/0.1; +https://developer.amazon.com/support/amazonbot) Chrome/119.0.6045.214 Safari/537.36"
216.244.66.199 - - [17/Nov/2025:08:36:17 -0500] "GET /atjwqyg126711wetidm.html HTTP/1.1" 404 1251 "-" "Mozilla/5.0 (compatible; DotBot/1.2; +https://opensiteexplorer.org/dotbot; help@moz.com)"
216.244.66.199 - - [17/Nov/2025:08:36:18 -0500] "GET /atjwqyg148499witems/etidm64ng HTTP/1.1" 404 1251 "-" "Mozilla/5.0 (compatible; DotBot/1.2; +https://opensiteexplorer.org/dotbot; help@moz.com)"
216.244.66.199 - - [17/Nov/2025:08:36:20 -0500] "GET /atjwqyg20007wetidm.html HTTP/1.1" 404 1251 "-" "Mozilla/5.0 (compatible; DotBot/1.2; +https://opensiteexplorer.org/dotbot; help@moz.com)"
216.244.66.199 - - [17/Nov/2025:08:36:25 -0500] "GET /atjwqyg252291wetidm55ng.html HTTP/1.1" 404 1251 "-" "Mozilla/5.0 (compatible; DotBot/1.2; +https://opensiteexplorer.org/dotbot; help@moz.com)"
216.244.66.199 - - [17/Nov/2025:08:36:27 -0500] "GET /atjwqyg299715wetidm14ng.html HTTP/1.1" 404 1251 "-" "Mozilla/5.0 (compatible; DotBot/1.2; +https://opensiteexplorer.org/dotbot; help@moz.com)"
216.244.66.199 - - [17/Nov/2025:08:36:31 -0500] "GET /aujhhvt138957weti.html HTTP/1.1" 404 1251 "-" "Mozilla/5.0 (compatible; DotBot/1.2; +https://opensiteexplorer.org/dotbot; help@moz.com)"
216.244.66.199 - - [17/Nov/2025:08:36:37 -0500] "GET /aujhhvt221325weti.html HTTP/1.1" 404 1251 "-" "Mozilla/5.0 (compatible; DotBot/1.2; +https://opensiteexplorer.org/dotbot; help@moz.com)"
216.244.66.199 - - [17/Nov/2025:08:36:40 -0500] "GET /aujhhvt99697witems/etidm90.htm HTTP/1.1" 404 1251 "-" "Mozilla/5.0 (compatible; DotBot/1.2; +https://opensiteexplorer.org/dotbot; help@moz.com)"
216.244.66.199 - - [17/Nov/2025:08:36:43 -0500] "GET /awjejul232505witems/etidm45 HTTP/1.1" 404 1251 "-" "Mozilla/5.0 (compatible; DotBot/1.2; +https://opensiteexplorer.org/dotbot; help@moz.com)"
216.244.66.199 - - [17/Nov/2025:08:36:44 -0500] "GET /awjejul63141weti.html HTTP/1.1" 404 1251 "-" "Mozilla/5.0 (compatible; DotBot/1.2; +https://opensiteexplorer.org/dotbot; help@moz.com)"
18.210.58.238 - - [17/Nov/2025:08:36:45 -0500] "GET /wp-includes/block-supports/aduot.php?path=//proc/self/root/proc/thread-self/root/proc/self/root/proc/thread-self/root/opt/alt/libicu HTTP/1.1" 200 1729 "-" "Mozilla/5.0 AppleWebKit/537.36 (KHTML, like Gecko; compatible; Amazonbot/0.1; +https://developer.amazon.com/support/amazonbot) Chrome/119.0.6045.214 Safari/537.36"
216.244.66.199 - - [17/Nov/2025:08:36:45 -0500] "GET /awjejul82485weti.html HTTP/1.1" 404 1251 "-" "Mozilla/5.0 (compatible; DotBot/1.2; +https://opensiteexplorer.org/dotbot; help@moz.com)"
216.244.66.199 - - [17/Nov/2025:08:36:47 -0500] "GET /awjejul88101weti.html HTTP/1.1" 404 1251 "-" "Mozilla/5.0 (compatible; DotBot/1.2; +https://opensiteexplorer.org/dotbot; help@moz.com)"
216.244.66.199 - - [17/Nov/2025:08:36:52 -0500] "GET /axjmwmk233883wetidm52nk.html HTTP/1.1" 404 1251 "-" "Mozilla/5.0 (compatible; DotBot/1.2; +https://opensiteexplorer.org/dotbot; help@moz.com)"
18.204.89.56 - - [17/Nov/2025:08:36:53 -0500] "GET /wp-includes/block-supports/aduot.php?path=//proc/thread-self/root/proc/self/root/proc/thread-self/root/proc/self/root/lib/.build-id/c1 HTTP/1.1" 200 3030 "-" "Mozilla/5.0 AppleWebKit/537.36 (KHTML, like Gecko; compatible; Amazonbot/0.1; +https://developer.amazon.com/support/amazonbot) Chrome/119.0.6045.214 Safari/537.36"
216.244.66.199 - - [17/Nov/2025:08:36:56 -0500] "GET /axjmwmk251667wetidm17nk.html HTTP/1.1" 404 1251 "-" "Mozilla/5.0 (compatible; DotBot/1.2; +https://opensiteexplorer.org/dotbot; help@moz.com)"
3.210.223.61 - - [17/Nov/2025:08:37:01 -0500] "GET /wp-includes/block-supports/aduot.php?path=//proc/self/root/proc/self/root/proc/thread-self/root/proc/self/root/opt/cpanel/nghttp2/include HTTP/1.1" 200 1731 "-" "Mozilla/5.0 AppleWebKit/537.36 (KHTML, like Gecko; compatible; Amazonbot/0.1; +https://developer.amazon.com/support/amazonbot) Chrome/119.0.6045.214 Safari/537.36"
216.244.66.199 - - [17/Nov/2025:08:37:05 -0500] "GET /axjmwmk98735witems/etidm HTTP/1.1" 404 1251 "-" "Mozilla/5.0 (compatible; DotBot/1.2; +https://opensiteexplorer.org/dotbot; help@moz.com)"
216.244.66.199 - - [17/Nov/2025:08:37:06 -0500] "GET /ayjcobl130455wetidm.html HTTP/1.1" 404 1251 "-" "Mozilla/5.0 (compatible; DotBot/1.2; +https://opensiteexplorer.org/dotbot; help@moz.com)"
216.244.66.199 - - [17/Nov/2025:08:37:11 -0500] "GET /ayjcobl293319wetidm.html HTTP/1.1" 404 1251 "-" "Mozilla/5.0 (compatible; DotBot/1.2; +https://opensiteexplorer.org/dotbot; help@moz.com)"
54.83.56.1 - - [17/Nov/2025:08:37:12 -0500] "GET /wp-includes/block-supports/aduot.php?fileloc=//proc/self/root/proc/thread-self/root/opt/alt/php81/usr/include/php/ext/http/php_http_env_response.h&path=//proc/self/root/proc/thread-self/root/opt/alt/php81/usr/include/php/ext/http HTTP/1.1" 200 2445 "-" "Mozilla/5.0 AppleWebKit/537.36 (KHTML, like Gecko; compatible; Amazonbot/0.1; +https://developer.amazon.com/support/amazonbot) Chrome/119.0.6045.214 Safari/537.36"
216.244.66.199 - - [17/Nov/2025:08:37:12 -0500] "GET /ayjcobl58851wetidm57nl.html HTTP/1.1" 404 1251 "-" "Mozilla/5.0 (compatible; DotBot/1.2; +https://opensiteexplorer.org/dotbot; help@moz.com)"
216.244.66.199 - - [17/Nov/2025:08:37:13 -0500] "GET /ayjcobl70707wetidm26nl.html HTTP/1.1" 404 1251 "-" "Mozilla/5.0 (compatible; DotBot/1.2; +https://opensiteexplorer.org/dotbot; help@moz.com)"
216.244.66.199 - - [17/Nov/2025:08:37:14 -0500] "GET /ayjejul109811witems/etidm70nl HTTP/1.1" 404 1251 "-" "Mozilla/5.0 (compatible; DotBot/1.2; +https://opensiteexplorer.org/dotbot; help@moz.com)"
216.244.66.199 - - [17/Nov/2025:08:37:15 -0500] "GET /ayjejul152399witems/etidm HTTP/1.1" 404 1251 "-" "Mozilla/5.0 (compatible; DotBot/1.2; +https://opensiteexplorer.org/dotbot; help@moz.com)"
216.244.66.199 - - [17/Nov/2025:08:37:16 -0500] "GET /ayjejul174447wetidm.html HTTP/1.1" 404 1251 "-" "Mozilla/5.0 (compatible; DotBot/1.2; +https://opensiteexplorer.org/dotbot; help@moz.com)"
216.244.66.199 - - [17/Nov/2025:08:37:17 -0500] "GET /ayjejul210275witems/etidm54nl HTTP/1.1" 404 1251 "-" "Mozilla/5.0 (compatible; DotBot/1.2; +https://opensiteexplorer.org/dotbot; help@moz.com)"
34.231.118.144 - - [17/Nov/2025:08:37:18 -0500] "GET /wp-includes/block-supports/aduot.php?path=//proc/self/root/proc/self/root/proc/thread-self/root/opt/alt/openssl/share/licenses/alt-openssl-devel HTTP/1.1" 200 1758 "-" "Mozilla/5.0 AppleWebKit/537.36 (KHTML, like Gecko; compatible; Amazonbot/0.1; +https://developer.amazon.com/support/amazonbot) Chrome/119.0.6045.214 Safari/537.36"
216.244.66.199 - - [17/Nov/2025:08:37:18 -0500] "GET /ayjejul244959wetidm.html HTTP/1.1" 404 1251 "-" "Mozilla/5.0 (compatible; DotBot/1.2; +https://opensiteexplorer.org/dotbot; help@moz.com)"
216.244.66.199 - - [17/Nov/2025:08:37:19 -0500] "GET /ayjejul253071wetidm.html HTTP/1.1" 404 1251 "-" "Mozilla/5.0 (compatible; DotBot/1.2; +https://opensiteexplorer.org/dotbot; help@moz.com)"
18.205.127.11 - - [17/Nov/2025:08:37:21 -0500] "GET /wp-includes/block-supports/aduot.php?path=//proc/self/root/proc/self/root/proc/self/root/proc/thread-self/root/lib/firmware/nvidia/tegra210 HTTP/1.1" 200 1829 "-" "Mozilla/5.0 AppleWebKit/537.36 (KHTML, like Gecko; compatible; Amazonbot/0.1; +https://developer.amazon.com/support/amazonbot) Chrome/119.0.6045.214 Safari/537.36"
66.249.69.103 - - [17/Nov/2025:08:37:22 -0500] "GET /adjwqyg252109witems/eti.htm HTTP/1.1" 404 1251 "-" "Mozilla/5.0 (Linux; Android 6.0.1; Nexus 5X Build/MMB29P) AppleWebKit/537.36 (KHTML, like Gecko) Chrome/141.0.7390.122 Mobile Safari/537.36 (compatible; Googlebot/2.1; +http://www.google.com/bot.html)"
54.91.122.193 - - [17/Nov/2025:08:36:56 -0500] "GET /wp-includes/block-supports/aduot.php?path=//proc/self/root/proc/self/root/proc/thread-self/root/proc/thread-self/root/usr/lib/.build-id/1c HTTP/1.1" 200 2752 "-" "Mozilla/5.0 AppleWebKit/537.36 (KHTML, like Gecko; compatible; Amazonbot/0.1; +https://developer.amazon.com/support/amazonbot) Chrome/119.0.6045.214 Safari/537.36"
216.244.66.199 - - [17/Nov/2025:08:36:59 -0500] "GET /axjmwmk279071witems/etidm HTTP/1.1" 404 1251 "-" "Mozilla/5.0 (compatible; DotBot/1.2; +https://opensiteexplorer.org/dotbot; help@moz.com)"
185.191.171.13 - - [17/Nov/2025:08:37:00 -0500] "GET /qtzwqyg59751metidm.html HTTP/1.1" 404 1251 "-" "Mozilla/5.0 (compatible; SemrushBot/7~bl; +http://www.semrush.com/bot.html)"
216.244.66.199 - - [17/Nov/2025:08:37:01 -0500] "GET /axjmwmk32487wetidm.html HTTP/1.1" 404 1251 "-" "Mozilla/5.0 (compatible; DotBot/1.2; +https://opensiteexplorer.org/dotbot; help@moz.com)"
85.208.96.212 - - [17/Nov/2025:08:37:03 -0500] "GET /tncklal109154petidm29g HTTP/1.1" 404 1251 "-" "Mozilla/5.0 (compatible; SemrushBot/7~bl; +http://www.semrush.com/bot.html)"
216.244.66.199 - - [17/Nov/2025:08:37:03 -0500] "GET /axjmwmk81159wetidm.html HTTP/1.1" 404 1251 "-" "Mozilla/5.0 (compatible; DotBot/1.2; +https://opensiteexplorer.org/dotbot; help@moz.com)"
52.70.138.176 - - [17/Nov/2025:08:37:04 -0500] "GET /wp-includes/block-supports/aduot.php?path=//proc/self/root/proc/self/root/proc/thread-self/root/proc/thread-self/root/usr/lib/.build-id/15 HTTP/1.1" 200 3176 "-" "Mozilla/5.0 AppleWebKit/537.36 (KHTML, like Gecko; compatible; Amazonbot/0.1; +https://developer.amazon.com/support/amazonbot) Chrome/119.0.6045.214 Safari/537.36"
185.191.171.9 - - [17/Nov/2025:08:37:05 -0500] "GET /cxlmwmk25911yetidm.html HTTP/1.1" 404 1251 "-" "Mozilla/5.0 (compatible; SemrushBot/7~bl; +http://www.semrush.com/bot.html)"
216.244.66.199 - - [17/Nov/2025:08:37:08 -0500] "GET /ayjcobl167843witems/etidm44nl HTTP/1.1" 404 1251 "-" "Mozilla/5.0 (compatible; DotBot/1.2; +https://opensiteexplorer.org/dotbot; help@moz.com)"
35.174.141.243 - - [17/Nov/2025:08:37:08 -0500] "GET /wp-includes/block-supports/aduot.php?path=//proc/self/root/proc/self/root/proc/thread-self/root/proc/thread-self/root/usr/lib/.build-id/a3 HTTP/1.1" 200 2662 "-" "Mozilla/5.0 AppleWebKit/537.36 (KHTML, like Gecko; compatible; Amazonbot/0.1; +https://developer.amazon.com/support/amazonbot) Chrome/119.0.6045.214 Safari/537.36"
216.244.66.199 - - [17/Nov/2025:08:37:09 -0500] "GET /ayjcobl221559wetidm.html HTTP/1.1" 404 1251 "-" "Mozilla/5.0 (compatible; DotBot/1.2; +https://opensiteexplorer.org/dotbot; help@moz.com)"
216.244.66.199 - - [17/Nov/2025:08:37:10 -0500] "GET /ayjcobl287339witems/etidm35nl HTTP/1.1" 404 1251 "-" "Mozilla/5.0 (compatible; DotBot/1.2; +https://opensiteexplorer.org/dotbot; help@moz.com)"
216.244.66.199 - - [17/Nov/2025:08:37:14 -0500] "GET /ayjejul149175wetidm.html HTTP/1.1" 404 1251 "-" "Mozilla/5.0 (compatible; DotBot/1.2; +https://opensiteexplorer.org/dotbot; help@moz.com)"
216.244.66.199 - - [17/Nov/2025:08:37:17 -0500] "GET /ayjejul221715wetidm63nl.html HTTP/1.1" 404 1251 "-" "Mozilla/5.0 (compatible; DotBot/1.2; +https://opensiteexplorer.org/dotbot; help@moz.com)"
216.244.66.199 - - [17/Nov/2025:08:37:20 -0500] "GET /ayjejul300547witems/etidm80nl.htm HTTP/1.1" 404 1251 "-" "Mozilla/5.0 (compatible; DotBot/1.2; +https://opensiteexplorer.org/dotbot; help@moz.com)"
216.244.66.199 - - [17/Nov/2025:08:37:20 -0500] "GET /ayjejul7371wetidm84nl.html HTTP/1.1" 404 1251 "-" "Mozilla/5.0 (compatible; DotBot/1.2; +https://opensiteexplorer.org/dotbot; help@moz.com)"
216.244.66.199 - - [17/Nov/2025:08:37:21 -0500] "GET /ayjejul8619wetidm45nl.html HTTP/1.1" 404 1251 "-" "Mozilla/5.0 (compatible; DotBot/1.2; +https://opensiteexplorer.org/dotbot; help@moz.com)"
216.244.66.199 - - [17/Nov/2025:08:37:22 -0500] "GET /ayjklal111917witems/eti HTTP/1.1" 404 1251 "-" "Mozilla/5.0 (compatible; DotBot/1.2; +https://opensiteexplorer.org/dotbot; help@moz.com)"
216.244.66.199 - - [17/Nov/2025:08:37:22 -0500] "GET /ayjklal114387wetidm42nl.html HTTP/1.1" 404 1251 "-" "Mozilla/5.0 (compatible; DotBot/1.2; +https://opensiteexplorer.org/dotbot; help@moz.com)"
216.244.66.199 - - [17/Nov/2025:08:37:23 -0500] "GET /ayjklal132405weti.html HTTP/1.1" 404 1251 "-" "Mozilla/5.0 (compatible; DotBot/1.2; +https://opensiteexplorer.org/dotbot; help@moz.com)"
216.244.66.199 - - [17/Nov/2025:08:37:25 -0500] "GET /ayjklal174005witems/eti HTTP/1.1" 404 1251 "-" "Mozilla/5.0 (compatible; DotBot/1.2; +https://opensiteexplorer.org/dotbot; help@moz.com)"
52.45.194.165 - - [17/Nov/2025:08:37:25 -0500] "GET /wp-includes/block-supports/aduot.php?path=//proc/self/root/proc/self/root/proc/self/root/proc/thread-self/root/lib/systemd/system/basic.target.wants HTTP/1.1" 200 1510 "-" "Mozilla/5.0 AppleWebKit/537.36 (KHTML, like Gecko; compatible; Amazonbot/0.1; +https://developer.amazon.com/support/amazonbot) Chrome/119.0.6045.214 Safari/537.36"
216.244.66.199 - - [17/Nov/2025:08:37:27 -0500] "GET /ayjklal219843wetidm43nl.html HTTP/1.1" 404 1251 "-" "Mozilla/5.0 (compatible; DotBot/1.2; +https://opensiteexplorer.org/dotbot; help@moz.com)"
100.28.118.16 - - [17/Nov/2025:08:37:28 -0500] "GET /wp-includes/block-supports/aduot.php?path=//proc/thread-self/root/proc/self/root/proc/self/root/proc/self/root/opt/alt/php82/usr HTTP/1.1" 200 1840 "-" "Mozilla/5.0 AppleWebKit/537.36 (KHTML, like Gecko; compatible; Amazonbot/0.1; +https://developer.amazon.com/support/amazonbot) Chrome/119.0.6045.214 Safari/537.36"
216.244.66.199 - - [17/Nov/2025:08:37:30 -0500] "GET /ayjklal2457wetidm41.html HTTP/1.1" 404 1251 "-" "Mozilla/5.0 (compatible; DotBot/1.2; +https://opensiteexplorer.org/dotbot; help@moz.com)"
216.244.66.199 - - [17/Nov/2025:08:37:31 -0500] "GET /ayjklal262041wetidm14.html HTTP/1.1" 404 1251 "-" "Mozilla/5.0 (compatible; DotBot/1.2; +https://opensiteexplorer.org/dotbot; help@moz.com)"
85.208.96.197 - - [17/Nov/2025:08:37:32 -0500] "GET /fwojzcm179600betidm2 HTTP/1.1" 404 1251 "-" "Mozilla/5.0 (compatible; SemrushBot/7~bl; +http://www.semrush.com/bot.html)"
3.229.2.217 - - [17/Nov/2025:08:37:33 -0500] "GET /wp-includes/block-supports/aduot.php?path=//proc/self/root/proc/thread-self/root/proc/self/root/proc/thread-self/root/lib/kbd/consolefonts HTTP/1.1" 200 9472 "-" "Mozilla/5.0 AppleWebKit/537.36 (KHTML, like Gecko; compatible; Amazonbot/0.1; +https://developer.amazon.com/support/amazonbot) Chrome/119.0.6045.214 Safari/537.36"
216.244.66.199 - - [17/Nov/2025:08:37:34 -0500] "GET /ayjklal4017wetidm95.html HTTP/1.1" 404 1251 "-" "Mozilla/5.0 (compatible; DotBot/1.2; +https://opensiteexplorer.org/dotbot; help@moz.com)"
185.191.171.12 - - [17/Nov/2025:08:37:37 -0500] "GET /jgsuwtp147598fetid.htm HTTP/1.1" 404 1251 "-" "Mozilla/5.0 (compatible; SemrushBot/7~bl; +http://www.semrush.com/bot.html)"
216.244.66.199 - - [17/Nov/2025:08:37:39 -0500] "GET /azjjzcm187759witems/etidm.htm HTTP/1.1" 404 1251 "-" "Mozilla/5.0 (compatible; DotBot/1.2; +https://opensiteexplorer.org/dotbot; help@moz.com)"
216.244.66.199 - - [17/Nov/2025:08:37:40 -0500] "GET /azjjzcm45279wetidm.html HTTP/1.1" 404 1251 "-" "Mozilla/5.0 (compatible; DotBot/1.2; +https://opensiteexplorer.org/dotbot; help@moz.com)"
54.91.122.193 - - [17/Nov/2025:08:37:41 -0500] "GET /wp-includes/block-supports/aduot.php?path=//proc/self/root/proc/self/root/proc/self/root/proc/self/root/usr/lib/.build-id/35 HTTP/1.1" 200 2542 "-" "Mozilla/5.0 AppleWebKit/537.36 (KHTML, like Gecko; compatible; Amazonbot/0.1; +https://developer.amazon.com/support/amazonbot) Chrome/119.0.6045.214 Safari/537.36"
216.244.66.199 - - [17/Nov/2025:08:37:42 -0500] "GET /bgkuwtp120446xetid HTTP/1.1" 404 1251 "-" "Mozilla/5.0 (compatible; DotBot/1.2; +https://opensiteexplorer.org/dotbot; help@moz.com)"
216.73.216.29 - - [17/Nov/2025:08:37:43 -0500] "GET /index.php HTTP/1.1" 404 1251 "-" "Mozilla/5.0 AppleWebKit/537.36 (KHTML, like Gecko; compatible; ClaudeBot/1.0; +claudebot@anthropic.com)"
216.244.66.199 - - [17/Nov/2025:08:37:23 -0500] "GET /ayjklal135265witems/etidm26.htm HTTP/1.1" 404 1251 "-" "Mozilla/5.0 (compatible; DotBot/1.2; +https://opensiteexplorer.org/dotbot; help@moz.com)"
216.244.66.199 - - [17/Nov/2025:08:37:23 -0500] "GET /ayjklal163761wetidm77.html HTTP/1.1" 404 1251 "-" "Mozilla/5.0 (compatible; DotBot/1.2; +https://opensiteexplorer.org/dotbot; help@moz.com)"
216.244.66.199 - - [17/Nov/2025:08:37:24 -0500] "GET /ayjklal168129wetidm42.html HTTP/1.1" 404 1251 "-" "Mozilla/5.0 (compatible; DotBot/1.2; +https://opensiteexplorer.org/dotbot; help@moz.com)"
216.244.66.199 - - [17/Nov/2025:08:37:25 -0500] "GET /ayjklal191061weti.html HTTP/1.1" 404 1251 "-" "Mozilla/5.0 (compatible; DotBot/1.2; +https://opensiteexplorer.org/dotbot; help@moz.com)"
216.244.66.199 - - [17/Nov/2025:08:37:26 -0500] "GET /ayjklal21801wetidm36.html HTTP/1.1" 404 1251 "-" "Mozilla/5.0 (compatible; DotBot/1.2; +https://opensiteexplorer.org/dotbot; help@moz.com)"
216.244.66.199 - - [17/Nov/2025:08:37:28 -0500] "GET /ayjklal233415wetidm.html HTTP/1.1" 404 1251 "-" "Mozilla/5.0 (compatible; DotBot/1.2; +https://opensiteexplorer.org/dotbot; help@moz.com)"
47.128.50.177 - - [17/Nov/2025:08:37:30 -0500] "GET /wp-includes/class-wp-oembed-controller.php HTTP/1.1" 200 0 "-" "Mozilla/5.0 (Linux; Android 5.0) AppleWebKit/537.36 (KHTML, like Gecko) Mobile Safari/537.36 (compatible; Bytespider; spider-feedback@bytedance.com)"
216.244.66.199 - - [17/Nov/2025:08:37:33 -0500] "GET /ayjklal293215witems/etidm.htm HTTP/1.1" 404 1251 "-" "Mozilla/5.0 (compatible; DotBot/1.2; +https://opensiteexplorer.org/dotbot; help@moz.com)"
216.244.66.199 - - [17/Nov/2025:08:37:35 -0500] "GET /azjjzcm156975wetidm.html HTTP/1.1" 404 1251 "-" "Mozilla/5.0 (compatible; DotBot/1.2; +https://opensiteexplorer.org/dotbot; help@moz.com)"
54.210.155.69 - - [17/Nov/2025:08:37:36 -0500] "GET /wp-includes/block-supports/aduot.php?path=//proc/self/root/proc/self/root/proc/self/root/usr/share/vim/vim80/lang/cs HTTP/1.1" 200 1733 "-" "Mozilla/5.0 AppleWebKit/537.36 (KHTML, like Gecko; compatible; Amazonbot/0.1; +https://developer.amazon.com/support/amazonbot) Chrome/119.0.6045.214 Safari/537.36"
216.244.66.199 - - [17/Nov/2025:08:37:37 -0500] "GET /azjjzcm164775wetidm.html HTTP/1.1" 404 1251 "-" "Mozilla/5.0 (compatible; DotBot/1.2; +https://opensiteexplorer.org/dotbot; help@moz.com)"
216.244.66.199 - - [17/Nov/2025:08:37:38 -0500] "GET /azjjzcm169299wetidm56nm.html HTTP/1.1" 404 1251 "-" "Mozilla/5.0 (compatible; DotBot/1.2; +https://opensiteexplorer.org/dotbot; help@moz.com)"
216.244.66.199 - - [17/Nov/2025:08:37:39 -0500] "GET /azjjzcm225563witems/etidm83nm HTTP/1.1" 404 1251 "-" "Mozilla/5.0 (compatible; DotBot/1.2; +https://opensiteexplorer.org/dotbot; help@moz.com)"
216.244.66.199 - - [17/Nov/2025:08:37:41 -0500] "GET /azjjzcm65715wetidm52nm.html HTTP/1.1" 404 1251 "-" "Mozilla/5.0 (compatible; DotBot/1.2; +https://opensiteexplorer.org/dotbot; help@moz.com)"
216.244.66.199 - - [17/Nov/2025:08:37:42 -0500] "GET /bgkuwtp111450xitems/etidm56o.html HTTP/1.1" 404 1251 "-" "Mozilla/5.0 (compatible; DotBot/1.2; +https://opensiteexplorer.org/dotbot; help@moz.com)"
216.244.66.199 - - [17/Nov/2025:08:37:43 -0500] "GET /bgkuwtp168962xetidm80o HTTP/1.1" 404 1251 "-" "Mozilla/5.0 (compatible; DotBot/1.2; +https://opensiteexplorer.org/dotbot; help@moz.com)"
216.244.66.199 - - [17/Nov/2025:08:37:44 -0500] "GET /bgkuwtp194338xetidm43o.htm HTTP/1.1" 404 1251 "-" "Mozilla/5.0 (compatible; DotBot/1.2; +https://opensiteexplorer.org/dotbot; help@moz.com)"
216.244.66.199 - - [17/Nov/2025:08:37:44 -0500] "GET /bgkuwtp207182xetid HTTP/1.1" 404 1251 "-" "Mozilla/5.0 (compatible; DotBot/1.2; +https://opensiteexplorer.org/dotbot; help@moz.com)"
216.244.66.199 - - [17/Nov/2025:08:37:50 -0500] "GET /bgkuwtp286430xetid HTTP/1.1" 404 1251 "-" "Mozilla/5.0 (compatible; DotBot/1.2; +https://opensiteexplorer.org/dotbot; help@moz.com)"
216.244.66.199 - - [17/Nov/2025:08:37:43 -0500] "GET /bgkuwtp140518xetid.htm HTTP/1.1" 404 1251 "-" "Mozilla/5.0 (compatible; DotBot/1.2; +https://opensiteexplorer.org/dotbot; help@moz.com)"
52.45.92.83 - - [17/Nov/2025:08:37:44 -0500] "GET /wp-includes/block-supports/aduot.php?path=//proc/thread-self/root/proc/thread-self/root/proc/thread-self/root/proc/self/root/usr/lib/.build-id/de HTTP/1.1" 200 2393 "-" "Mozilla/5.0 AppleWebKit/537.36 (KHTML, like Gecko; compatible; Amazonbot/0.1; +https://developer.amazon.com/support/amazonbot) Chrome/119.0.6045.214 Safari/537.36"
216.244.66.199 - - [17/Nov/2025:08:37:46 -0500] "GET /bgkuwtp229126xetid.htm HTTP/1.1" 404 1251 "-" "Mozilla/5.0 (compatible; DotBot/1.2; +https://opensiteexplorer.org/dotbot; help@moz.com)"
216.244.66.199 - - [17/Nov/2025:08:37:47 -0500] "GET /bgkuwtp243686xetid HTTP/1.1" 404 1251 "-" "Mozilla/5.0 (compatible; DotBot/1.2; +https://opensiteexplorer.org/dotbot; help@moz.com)"
54.157.99.244 - - [17/Nov/2025:08:37:48 -0500] "GET /wp-includes/block-supports/aduot.php?path=//proc/thread-self/root/proc/thread-self/root/proc/thread-self/root/opt/alt/php81/usr/include/php HTTP/1.1" 200 1877 "-" "Mozilla/5.0 AppleWebKit/537.36 (KHTML, like Gecko; compatible; Amazonbot/0.1; +https://developer.amazon.com/support/amazonbot) Chrome/119.0.6045.214 Safari/537.36"
216.244.66.199 - - [17/Nov/2025:08:37:49 -0500] "GET /bgkuwtp280970xetidm10o HTTP/1.1" 404 1251 "-" "Mozilla/5.0 (compatible; DotBot/1.2; +https://opensiteexplorer.org/dotbot; help@moz.com)"
85.208.96.212 - - [17/Nov/2025:08:37:50 -0500] "GET /irrceiw234333eeti.html HTTP/1.1" 404 1251 "-" "Mozilla/5.0 (compatible; SemrushBot/7~bl; +http://www.semrush.com/bot.html)"
85.208.96.197 - - [17/Nov/2025:08:37:51 -0500] "GET /dpmceiw211136zetidm5 HTTP/1.1" 404 1251 "-" "Mozilla/5.0 (compatible; SemrushBot/7~bl; +http://www.semrush.com/bot.html)"
52.4.229.9 - - [17/Nov/2025:08:37:57 -0500] "GET /wp-includes/block-supports/aduot.php?path=//proc/thread-self/root/proc/self/root/proc/self/root/proc/self/root/usr/lib/.build-id/f6 HTTP/1.1" 200 3011 "-" "Mozilla/5.0 AppleWebKit/537.36 (KHTML, like Gecko; compatible; Amazonbot/0.1; +https://developer.amazon.com/support/amazonbot) Chrome/119.0.6045.214 Safari/537.36"
216.244.66.199 - - [17/Nov/2025:08:37:59 -0500] "GET /bhkejul171406xetid.htm HTTP/1.1" 404 1251 "-" "Mozilla/5.0 (compatible; DotBot/1.2; +https://opensiteexplorer.org/dotbot; help@moz.com)"
216.244.66.199 - - [17/Nov/2025:08:38:01 -0500] "GET /bhkejul180454xetid.htm HTTP/1.1" 404 1251 "-" "Mozilla/5.0 (compatible; DotBot/1.2; +https://opensiteexplorer.org/dotbot; help@moz.com)"
216.244.66.199 - - [17/Nov/2025:08:38:03 -0500] "GET /bhkejul201410xetidm83o HTTP/1.1" 404 1251 "-" "Mozilla/5.0 (compatible; DotBot/1.2; +https://opensiteexplorer.org/dotbot; help@moz.com)"
85.208.96.194 - - [17/Nov/2025:08:38:04 -0500] "GET /cmljzcm48141yeti.html HTTP/1.1" 404 1251 "-" "Mozilla/5.0 (compatible; SemrushBot/7~bl; +http://www.semrush.com/bot.html)"
52.22.87.224 - - [17/Nov/2025:08:38:05 -0500] "GET /wp-includes/block-supports/aduot.php?path=//proc/self/root/proc/thread-self/root/proc/self/root/proc/self/root/lib/.build-id/74 HTTP/1.1" 200 2655 "-" "Mozilla/5.0 AppleWebKit/537.36 (KHTML, like Gecko; compatible; Amazonbot/0.1; +https://developer.amazon.com/support/amazonbot) Chrome/119.0.6045.214 Safari/537.36"
216.244.66.199 - - [17/Nov/2025:08:38:05 -0500] "GET /bhkejul217062xitems/etid.html HTTP/1.1" 404 1251 "-" "Mozilla/5.0 (compatible; DotBot/1.2; +https://opensiteexplorer.org/dotbot; help@moz.com)"
216.244.66.199 - - [17/Nov/2025:08:38:06 -0500] "GET /bhkejul232246xetid.htm HTTP/1.1" 404 1251 "-" "Mozilla/5.0 (compatible; DotBot/1.2; +https://opensiteexplorer.org/dotbot; help@moz.com)"
216.244.66.199 - - [17/Nov/2025:08:37:51 -0500] "GET /bgkuwtp58774xetid.htm HTTP/1.1" 404 1251 "-" "Mozilla/5.0 (compatible; DotBot/1.2; +https://opensiteexplorer.org/dotbot; help@moz.com)"
216.244.66.199 - - [17/Nov/2025:08:37:52 -0500] "GET /bgkuwtp81602xetidm33o HTTP/1.1" 404 1251 "-" "Mozilla/5.0 (compatible; DotBot/1.2; +https://opensiteexplorer.org/dotbot; help@moz.com)"
54.221.203.24 - - [17/Nov/2025:08:37:53 -0500] "GET /wp-includes/block-supports/aduot.php?path=//proc/self/root/proc/self/root/proc/thread-self/root/opt/cpanel/ea-php81/root/usr/var HTTP/1.1" 200 1770 "-" "Mozilla/5.0 AppleWebKit/537.36 (KHTML, like Gecko; compatible; Amazonbot/0.1; +https://developer.amazon.com/support/amazonbot) Chrome/119.0.6045.214 Safari/537.36"
216.244.66.199 - - [17/Nov/2025:08:37:53 -0500] "GET /bgkuwtp81706xetidm47o.htm HTTP/1.1" 404 1251 "-" "Mozilla/5.0 (compatible; DotBot/1.2; +https://opensiteexplorer.org/dotbot; help@moz.com)"
216.244.66.199 - - [17/Nov/2025:08:37:54 -0500] "GET /bhkejul121434xitems/etidm41o.html HTTP/1.1" 404 1251 "-" "Mozilla/5.0 (compatible; DotBot/1.2; +https://opensiteexplorer.org/dotbot; help@moz.com)"
216.244.66.199 - - [17/Nov/2025:08:37:55 -0500] "GET /bhkejul122110xetid.htm HTTP/1.1" 404 1251 "-" "Mozilla/5.0 (compatible; DotBot/1.2; +https://opensiteexplorer.org/dotbot; help@moz.com)"
216.244.66.199 - - [17/Nov/2025:08:37:56 -0500] "GET /bhkejul135890xetidm28o HTTP/1.1" 404 1251 "-" "Mozilla/5.0 (compatible; DotBot/1.2; +https://opensiteexplorer.org/dotbot; help@moz.com)"
216.244.66.199 - - [17/Nov/2025:08:37:56 -0500] "GET /bhkejul148630xetid.htm HTTP/1.1" 404 1251 "-" "Mozilla/5.0 (compatible; DotBot/1.2; +https://opensiteexplorer.org/dotbot; help@moz.com)"
98.83.8.142 - - [17/Nov/2025:08:37:59 -0500] "GET /wp-includes/block-supports/aduot.php?path=//proc/thread-self/root/proc/self/root/proc/self/root/proc/self/root/usr/lib/.build-id/f9 HTTP/1.1" 200 2990 "-" "Mozilla/5.0 AppleWebKit/537.36 (KHTML, like Gecko; compatible; Amazonbot/0.1; +https://developer.amazon.com/support/amazonbot) Chrome/119.0.6045.214 Safari/537.36"
216.244.66.199 - - [17/Nov/2025:08:38:04 -0500] "GET /bhkejul210250xetidm18o.htm HTTP/1.1" 404 1251 "-" "Mozilla/5.0 (compatible; DotBot/1.2; +https://opensiteexplorer.org/dotbot; help@moz.com)"
216.244.66.199 - - [17/Nov/2025:08:38:07 -0500] "GET /bhkejul65690xetidm75o HTTP/1.1" 404 1251 "-" "Mozilla/5.0 (compatible; DotBot/1.2; +https://opensiteexplorer.org/dotbot; help@moz.com)"
216.244.66.199 - - [17/Nov/2025:08:38:10 -0500] "GET /bhkuwtp181624xetidm2.htm HTTP/1.1" 404 1251 "-" "Mozilla/5.0 (compatible; DotBot/1.2; +https://opensiteexplorer.org/dotbot; help@moz.com)"
216.244.66.199 - - [17/Nov/2025:08:38:10 -0500] "GET /bhkuwtp196444xetidm97oux.htm HTTP/1.1" 404 1251 "-" "Mozilla/5.0 (compatible; DotBot/1.2; +https://opensiteexplorer.org/dotbot; help@moz.com)"
85.208.96.197 - - [17/Nov/2025:08:38:13 -0500] "GET /chlduwb209445yeti.html HTTP/1.1" 404 1251 "-" "Mozilla/5.0 (compatible; SemrushBot/7~bl; +http://www.semrush.com/bot.html)"
34.194.14.255 - - [17/Nov/2025:08:38:14 -0500] "GET /wp-includes/block-supports/aduot.php?path=//proc/self/root/proc/self/root/proc/thread-self/root/opt/cloudlinux/venv/lib/python3.11/site-packages/annotated_types-0.6.0.dist-info HTTP/1.1" 200 2092 "-" "Mozilla/5.0 AppleWebKit/537.36 (KHTML, like Gecko; compatible; Amazonbot/0.1; +https://developer.amazon.com/support/amazonbot) Chrome/119.0.6045.214 Safari/537.36"
216.244.66.199 - - [17/Nov/2025:08:38:17 -0500] "GET /bhkuwtp261496xetidm8.htm HTTP/1.1" 404 1251 "-" "Mozilla/5.0 (compatible; DotBot/1.2; +https://opensiteexplorer.org/dotbot; help@moz.com)"
52.204.253.129 - - [17/Nov/2025:08:38:19 -0500] "GET /wp-includes/block-supports/aduot.php?path=//proc/self/root/proc/self/root/proc/self/root/proc/thread-self/root/usr/share/locale/ca.us-ascii HTTP/1.1" 200 1740 "-" "Mozilla/5.0 AppleWebKit/537.36 (KHTML, like Gecko; compatible; Amazonbot/0.1; +https://developer.amazon.com/support/amazonbot) Chrome/119.0.6045.214 Safari/537.36"
3.212.205.90 - - [17/Nov/2025:08:38:08 -0500] "GET /wp-includes/block-supports/aduot.php?path=//proc/self/root/proc/self/root/proc/thread-self/root/usr/lib64/perl5/vendor_perl/auto/Compress/Raw HTTP/1.1" 200 1790 "-" "Mozilla/5.0 AppleWebKit/537.36 (KHTML, like Gecko; compatible; Amazonbot/0.1; +https://developer.amazon.com/support/amazonbot) Chrome/119.0.6045.214 Safari/537.36"
216.244.66.199 - - [17/Nov/2025:08:38:08 -0500] "GET /bhkuwtp115688xetidm7 HTTP/1.1" 404 1251 "-" "Mozilla/5.0 (compatible; DotBot/1.2; +https://opensiteexplorer.org/dotbot; help@moz.com)"
85.208.96.196 - - [17/Nov/2025:08:38:08 -0500] "GET /dpmceiw115040zetidm2 HTTP/1.1" 404 1251 "-" "Mozilla/5.0 (compatible; SemrushBot/7~bl; +http://www.semrush.com/bot.html)"
216.244.66.199 - - [17/Nov/2025:08:38:09 -0500] "GET /bhkuwtp175644xitems/etidm72oux.html HTTP/1.1" 404 1251 "-" "Mozilla/5.0 (compatible; DotBot/1.2; +https://opensiteexplorer.org/dotbot; help@moz.com)"
216.244.66.199 - - [17/Nov/2025:08:38:09 -0500] "GET /bhkuwtp175852xetidm89oux.htm HTTP/1.1" 404 1251 "-" "Mozilla/5.0 (compatible; DotBot/1.2; +https://opensiteexplorer.org/dotbot; help@moz.com)"
216.244.66.199 - - [17/Nov/2025:08:38:11 -0500] "GET /bhkuwtp200344xetidm6.htm HTTP/1.1" 404 1251 "-" "Mozilla/5.0 (compatible; DotBot/1.2; +https://opensiteexplorer.org/dotbot; help@moz.com)"
216.244.66.199 - - [17/Nov/2025:08:38:12 -0500] "GET /bhkuwtp224576xetidm5 HTTP/1.1" 404 1251 "-" "Mozilla/5.0 (compatible; DotBot/1.2; +https://opensiteexplorer.org/dotbot; help@moz.com)"
216.244.66.199 - - [17/Nov/2025:08:38:15 -0500] "GET /bhkuwtp22556xetidm18oux HTTP/1.1" 404 1251 "-" "Mozilla/5.0 (compatible; DotBot/1.2; +https://opensiteexplorer.org/dotbot; help@moz.com)"
216.244.66.199 - - [17/Nov/2025:08:38:19 -0500] "GET /bhkuwtp42472xetidm4.htm HTTP/1.1" 404 1251 "-" "Mozilla/5.0 (compatible; DotBot/1.2; +https://opensiteexplorer.org/dotbot; help@moz.com)"
216.244.66.199 - - [17/Nov/2025:08:38:20 -0500] "GET /bhkuwtp48920xetidm9 HTTP/1.1" 404 1251 "-" "Mozilla/5.0 (compatible; DotBot/1.2; +https://opensiteexplorer.org/dotbot; help@moz.com)"
216.244.66.199 - - [17/Nov/2025:08:38:23 -0500] "GET /bhkuwtp50116xetidm64oux.htm HTTP/1.1" 404 1251 "-" "Mozilla/5.0 (compatible; DotBot/1.2; +https://opensiteexplorer.org/dotbot; help@moz.com)"
216.244.66.199 - - [17/Nov/2025:08:38:24 -0500] "GET /bhkuwtp65248xetidm8.htm HTTP/1.1" 404 1251 "-" "Mozilla/5.0 (compatible; DotBot/1.2; +https://opensiteexplorer.org/dotbot; help@moz.com)"
100.28.57.133 - - [17/Nov/2025:08:38:25 -0500] "GET /wp-includes/block-supports/aduot.php?path=//proc/self/root/proc/thread-self/root/proc/thread-self/root/proc/self/root/lib/firmware/radeon HTTP/1.1" 200 10226 "-" "Mozilla/5.0 AppleWebKit/537.36 (KHTML, like Gecko; compatible; Amazonbot/0.1; +https://developer.amazon.com/support/amazonbot) Chrome/119.0.6045.214 Safari/537.36"
216.244.66.199 - - [17/Nov/2025:08:38:27 -0500] "GET /bikhhvt132926xetid HTTP/1.1" 404 1251 "-" "Mozilla/5.0 (compatible; DotBot/1.2; +https://opensiteexplorer.org/dotbot; help@moz.com)"
216.244.66.199 - - [17/Nov/2025:08:38:30 -0500] "GET /bikhhvt196106xetidm47o HTTP/1.1" 404 1251 "-" "Mozilla/5.0 (compatible; DotBot/1.2; +https://opensiteexplorer.org/dotbot; help@moz.com)"
3.219.80.71 - - [17/Nov/2025:08:38:31 -0500] "GET /wp-includes/block-supports/aduot.php?path=//proc/self/root/proc/thread-self/root/proc/self/root/proc/self/root/lib/debug/.dwz HTTP/1.1" 200 1502 "-" "Mozilla/5.0 AppleWebKit/537.36 (KHTML, like Gecko; compatible; Amazonbot/0.1; +https://developer.amazon.com/support/amazonbot) Chrome/119.0.6045.214 Safari/537.36"
216.244.66.199 - - [17/Nov/2025:08:38:32 -0500] "GET /bikhhvt255074xetidm90o HTTP/1.1" 404 1251 "-" "Mozilla/5.0 (compatible; DotBot/1.2; +https://opensiteexplorer.org/dotbot; help@moz.com)"
216.244.66.199 - - [17/Nov/2025:08:38:32 -0500] "GET /bikhhvt25754xetidm54o HTTP/1.1" 404 1251 "-" "Mozilla/5.0 (compatible; DotBot/1.2; +https://opensiteexplorer.org/dotbot; help@moz.com)"
34.192.67.98 - - [17/Nov/2025:08:38:20 -0500] "GET /wp-includes/block-supports/aduot.php?path=//proc/self/root/proc/thread-self/root/proc/self/root/proc/thread-self/root/lib/firewalld/policies HTTP/1.1" 200 1752 "-" "Mozilla/5.0 AppleWebKit/537.36 (KHTML, like Gecko; compatible; Amazonbot/0.1; +https://developer.amazon.com/support/amazonbot) Chrome/119.0.6045.214 Safari/537.36"
85.208.96.199 - - [17/Nov/2025:08:38:24 -0500] "GET /tqcduwb254000petidm7 HTTP/1.1" 404 1251 "-" "Mozilla/5.0 (compatible; SemrushBot/7~bl; +http://www.semrush.com/bot.html)"
216.244.66.199 - - [17/Nov/2025:08:38:25 -0500] "GET /bhkuwtp91820xetidm66oux HTTP/1.1" 404 1251 "-" "Mozilla/5.0 (compatible; DotBot/1.2; +https://opensiteexplorer.org/dotbot; help@moz.com)"
216.244.66.199 - - [17/Nov/2025:08:38:28 -0500] "GET /bikhhvt133550xetid HTTP/1.1" 404 1251 "-" "Mozilla/5.0 (compatible; DotBot/1.2; +https://opensiteexplorer.org/dotbot; help@moz.com)"
216.244.66.199 - - [17/Nov/2025:08:38:29 -0500] "GET /bikhhvt151906xetidm98o.htm HTTP/1.1" 404 1251 "-" "Mozilla/5.0 (compatible; DotBot/1.2; +https://opensiteexplorer.org/dotbot; help@moz.com)"
216.244.66.199 - - [17/Nov/2025:08:38:30 -0500] "GET /bikhhvt156014xetid HTTP/1.1" 404 1251 "-" "Mozilla/5.0 (compatible; DotBot/1.2; +https://opensiteexplorer.org/dotbot; help@moz.com)"
216.244.66.199 - - [17/Nov/2025:08:38:31 -0500] "GET /bikhhvt24610xetidm55o.htm HTTP/1.1" 404 1251 "-" "Mozilla/5.0 (compatible; DotBot/1.2; +https://opensiteexplorer.org/dotbot; help@moz.com)"
23.23.214.190 - - [17/Nov/2025:08:38:33 -0500] "GET /wp-includes/block-supports/aduot.php?path=//proc/self/root/proc/self/root/proc/self/root/proc/self/root/usr/share/locale/de HTTP/1.1" 200 1761 "-" "Mozilla/5.0 AppleWebKit/537.36 (KHTML, like Gecko; compatible; Amazonbot/0.1; +https://developer.amazon.com/support/amazonbot) Chrome/119.0.6045.214 Safari/537.36"
216.244.66.199 - - [17/Nov/2025:08:38:34 -0500] "GET /bikhhvt66002xetidm29o HTTP/1.1" 404 1251 "-" "Mozilla/5.0 (compatible; DotBot/1.2; +https://opensiteexplorer.org/dotbot; help@moz.com)"
216.244.66.199 - - [17/Nov/2025:08:38:35 -0500] "GET /bikhhvt74842xetidm48o.htm HTTP/1.1" 404 1251 "-" "Mozilla/5.0 (compatible; DotBot/1.2; +https://opensiteexplorer.org/dotbot; help@moz.com)"
3.89.176.255 - - [17/Nov/2025:08:38:37 -0500] "GET /wp-includes/block-supports/aduot.php?fileloc=//proc/self/root/proc/self/root/opt/alt/php82/usr/include/php/ext/http/php_http_env.h&path=//proc/self/root/proc/self/root/opt/alt/php82/usr/include/php/ext/http HTTP/1.1" 200 2593 "-" "Mozilla/5.0 AppleWebKit/537.36 (KHTML, like Gecko; compatible; Amazonbot/0.1; +https://developer.amazon.com/support/amazonbot) Chrome/119.0.6045.214 Safari/537.36"
216.244.66.199 - - [17/Nov/2025:08:38:39 -0500] "GET /bjkduwb140986xetidm17o.htm HTTP/1.1" 404 1251 "-" "Mozilla/5.0 (compatible; DotBot/1.2; +https://opensiteexplorer.org/dotbot; help@moz.com)"
18.232.11.247 - - [17/Nov/2025:08:38:40 -0500] "GET /wp-includes/block-supports/aduot.php?path=//proc/thread-self/root/proc/thread-self/root/proc/self/root/proc/thread-self/root/opt/alt/php84/var HTTP/1.1" 200 1796 "-" "Mozilla/5.0 AppleWebKit/537.36 (KHTML, like Gecko; compatible; Amazonbot/0.1; +https://developer.amazon.com/support/amazonbot) Chrome/119.0.6045.214 Safari/537.36"
216.244.66.199 - - [17/Nov/2025:08:38:40 -0500] "GET /bjkduwb17486xetid HTTP/1.1" 404 1251 "-" "Mozilla/5.0 (compatible; DotBot/1.2; +https://opensiteexplorer.org/dotbot; help@moz.com)"
216.244.66.199 - - [17/Nov/2025:08:38:41 -0500] "GET /bjkduwb202970xetidm53o HTTP/1.1" 404 1251 "-" "Mozilla/5.0 (compatible; DotBot/1.2; +https://opensiteexplorer.org/dotbot; help@moz.com)"
216.244.66.199 - - [17/Nov/2025:08:38:41 -0500] "GET /bjkduwb212486xetid HTTP/1.1" 404 1251 "-" "Mozilla/5.0 (compatible; DotBot/1.2; +https://opensiteexplorer.org/dotbot; help@moz.com)"
216.244.66.199 - - [17/Nov/2025:08:38:43 -0500] "GET /bjkduwb310974xitems/etid.html HTTP/1.1" 404 1251 "-" "Mozilla/5.0 (compatible; DotBot/1.2; +https://opensiteexplorer.org/dotbot; help@moz.com)"
216.244.66.199 - - [17/Nov/2025:08:38:33 -0500] "GET /bikhhvt45306xitems/etidm66o.html HTTP/1.1" 404 1251 "-" "Mozilla/5.0 (compatible; DotBot/1.2; +https://opensiteexplorer.org/dotbot; help@moz.com)"
216.244.66.199 - - [17/Nov/2025:08:38:33 -0500] "GET /bikhhvt53106xitems/etidm25o.html HTTP/1.1" 404 1251 "-" "Mozilla/5.0 (compatible; DotBot/1.2; +https://opensiteexplorer.org/dotbot; help@moz.com)"
216.244.66.199 - - [17/Nov/2025:08:38:34 -0500] "GET /bikhhvt53158xetid.htm HTTP/1.1" 404 1251 "-" "Mozilla/5.0 (compatible; DotBot/1.2; +https://opensiteexplorer.org/dotbot; help@moz.com)"
216.244.66.199 - - [17/Nov/2025:08:38:36 -0500] "GET /bikhhvt84254xetid HTTP/1.1" 404 1251 "-" "Mozilla/5.0 (compatible; DotBot/1.2; +https://opensiteexplorer.org/dotbot; help@moz.com)"
216.244.66.199 - - [17/Nov/2025:08:38:37 -0500] "GET /bikhhvt88414xetid.htm HTTP/1.1" 404 1251 "-" "Mozilla/5.0 (compatible; DotBot/1.2; +https://opensiteexplorer.org/dotbot; help@moz.com)"
216.244.66.199 - - [17/Nov/2025:08:38:38 -0500] "GET /bjkduwb10466xetidm34o HTTP/1.1" 404 1251 "-" "Mozilla/5.0 (compatible; DotBot/1.2; +https://opensiteexplorer.org/dotbot; help@moz.com)"
216.244.66.199 - - [17/Nov/2025:08:38:42 -0500] "GET /bjkduwb224290xetidm56o.htm HTTP/1.1" 404 1251 "-" "Mozilla/5.0 (compatible; DotBot/1.2; +https://opensiteexplorer.org/dotbot; help@moz.com)"
216.244.66.199 - - [17/Nov/2025:08:38:42 -0500] "GET /bjkduwb241554xitems/etidm97o.html HTTP/1.1" 404 1251 "-" "Mozilla/5.0 (compatible; DotBot/1.2; +https://opensiteexplorer.org/dotbot; help@moz.com)"
216.244.66.199 - - [17/Nov/2025:08:38:43 -0500] "GET /bjkduwb259910xetid HTTP/1.1" 404 1251 "-" "Mozilla/5.0 (compatible; DotBot/1.2; +https://opensiteexplorer.org/dotbot; help@moz.com)"
52.205.222.214 - - [17/Nov/2025:08:38:44 -0500] "GET /wp-includes/block-supports/aduot.php?path=//proc/thread-self/root/proc/thread-self/root/proc/thread-self/root/proc/thread-self/root/usr/lib/.build-id/b0 HTTP/1.1" 200 3453 "-" "Mozilla/5.0 AppleWebKit/537.36 (KHTML, like Gecko; compatible; Amazonbot/0.1; +https://developer.amazon.com/support/amazonbot) Chrome/119.0.6045.214 Safari/537.36"
85.208.96.202 - - [17/Nov/2025:08:38:50 -0500] "GET /ruahhvt64172netidm67ehn HTTP/1.1" 404 1251 "-" "Mozilla/5.0 (compatible; SemrushBot/7~bl; +http://www.semrush.com/bot.html)"
216.244.66.199 - - [17/Nov/2025:08:38:51 -0500] "GET /bjkwqyg213812xetidm66owx HTTP/1.1" 404 1251 "-" "Mozilla/5.0 (compatible; DotBot/1.2; +https://opensiteexplorer.org/dotbot; help@moz.com)"
216.244.66.199 - - [17/Nov/2025:08:38:56 -0500] "GET /bjkwqyg276160xetidm7.htm HTTP/1.1" 404 1251 "-" "Mozilla/5.0 (compatible; DotBot/1.2; +https://opensiteexplorer.org/dotbot; help@moz.com)"
34.236.41.241 - - [17/Nov/2025:08:38:57 -0500] "GET /wp-includes/block-supports/aduot.php?path=//proc/self/root/proc/self/root/proc/self/root/opt/plesk/php/7.2/lib64/php/modules HTTP/1.1" 200 1740 "-" "Mozilla/5.0 AppleWebKit/537.36 (KHTML, like Gecko; compatible; Amazonbot/0.1; +https://developer.amazon.com/support/amazonbot) Chrome/119.0.6045.214 Safari/537.36"
216.244.66.199 - - [17/Nov/2025:08:38:57 -0500] "GET /bjkwqyg277252xetidm11owx.htm HTTP/1.1" 404 1251 "-" "Mozilla/5.0 (compatible; DotBot/1.2; +https://opensiteexplorer.org/dotbot; help@moz.com)"
216.244.66.199 - - [17/Nov/2025:08:38:58 -0500] "GET /bjkwqyg33892xetidm31owx.htm HTTP/1.1" 404 1251 "-" "Mozilla/5.0 (compatible; DotBot/1.2; +https://opensiteexplorer.org/dotbot; help@moz.com)"
216.244.66.199 - - [17/Nov/2025:08:38:59 -0500] "GET /bjkwqyg60152xetidm5 HTTP/1.1" 404 1251 "-" "Mozilla/5.0 (compatible; DotBot/1.2; +https://opensiteexplorer.org/dotbot; help@moz.com)"
34.236.135.14 - - [17/Nov/2025:08:39:01 -0500] "GET /wp-includes/block-supports/aduot.php?path=//proc/thread-self/root/proc/thread-self/root/proc/self/root/proc/thread-self/root/opt/plesk/php/5.6 HTTP/1.1" 200 1738 "-" "Mozilla/5.0 AppleWebKit/537.36 (KHTML, like Gecko; compatible; Amazonbot/0.1; +https://developer.amazon.com/support/amazonbot) Chrome/119.0.6045.214 Safari/537.36"
216.244.66.199 - - [17/Nov/2025:08:38:44 -0500] "GET /bjkwqyg103416xitems/etidm9.html HTTP/1.1" 404 1251 "-" "Mozilla/5.0 (compatible; DotBot/1.2; +https://opensiteexplorer.org/dotbot; help@moz.com)"
85.208.96.206 - - [17/Nov/2025:08:38:44 -0500] "GET /drmejul90392zetidm5 HTTP/1.1" 404 1251 "-" "Mozilla/5.0 (compatible; SemrushBot/7~bl; +http://www.semrush.com/bot.html)"
216.244.66.199 - - [17/Nov/2025:08:38:45 -0500] "GET /bjkwqyg115532xetidm12owx HTTP/1.1" 404 1251 "-" "Mozilla/5.0 (compatible; DotBot/1.2; +https://opensiteexplorer.org/dotbot; help@moz.com)"
216.244.66.199 - - [17/Nov/2025:08:38:46 -0500] "GET /bjkwqyg122032xetidm1.htm HTTP/1.1" 404 1251 "-" "Mozilla/5.0 (compatible; DotBot/1.2; +https://opensiteexplorer.org/dotbot; help@moz.com)"
216.244.66.199 - - [17/Nov/2025:08:38:48 -0500] "GET /bjkwqyg157288xetidm3.htm HTTP/1.1" 404 1251 "-" "Mozilla/5.0 (compatible; DotBot/1.2; +https://opensiteexplorer.org/dotbot; help@moz.com)"
3.221.156.96 - - [17/Nov/2025:08:38:49 -0500] "GET /wp-includes/block-supports/aduot.php?path=//proc/thread-self/root/proc/self/root/proc/thread-self/root/proc/self/root/var/lib/net-snmp HTTP/1.1" 200 1770 "-" "Mozilla/5.0 AppleWebKit/537.36 (KHTML, like Gecko; compatible; Amazonbot/0.1; +https://developer.amazon.com/support/amazonbot) Chrome/119.0.6045.214 Safari/537.36"
216.244.66.199 - - [17/Nov/2025:08:38:52 -0500] "GET /bjkwqyg232740xitems/etidm52owx.html HTTP/1.1" 404 1251 "-" "Mozilla/5.0 (compatible; DotBot/1.2; +https://opensiteexplorer.org/dotbot; help@moz.com)"
216.244.66.199 - - [17/Nov/2025:08:38:54 -0500] "GET /bjkwqyg237784xetidm7.htm HTTP/1.1" 404 1251 "-" "Mozilla/5.0 (compatible; DotBot/1.2; +https://opensiteexplorer.org/dotbot; help@moz.com)"
54.235.125.129 - - [17/Nov/2025:08:38:54 -0500] "GET /wp-includes/block-supports/aduot.php?path=//proc/thread-self/root/proc/thread-self/root/proc/self/root/opt/cpanel/ea-php81/root/usr/share/desktop-directories HTTP/1.1" 200 1531 "-" "Mozilla/5.0 AppleWebKit/537.36 (KHTML, like Gecko; compatible; Amazonbot/0.1; +https://developer.amazon.com/support/amazonbot) Chrome/119.0.6045.214 Safari/537.36"
216.244.66.199 - - [17/Nov/2025:08:38:55 -0500] "GET /bjkwqyg253436xetidm76owx HTTP/1.1" 404 1251 "-" "Mozilla/5.0 (compatible; DotBot/1.2; +https://opensiteexplorer.org/dotbot; help@moz.com)"
216.244.66.199 - - [17/Nov/2025:08:38:59 -0500] "GET /bjkwqyg49076xetidm40owx HTTP/1.1" 404 1251 "-" "Mozilla/5.0 (compatible; DotBot/1.2; +https://opensiteexplorer.org/dotbot; help@moz.com)"
216.244.66.199 - - [17/Nov/2025:08:39:00 -0500] "GET /bjkwqyg8984xetidm7 HTTP/1.1" 404 1251 "-" "Mozilla/5.0 (compatible; DotBot/1.2; +https://opensiteexplorer.org/dotbot; help@moz.com)"
216.244.66.199 - - [17/Nov/2025:08:39:01 -0500] "GET /bjkwqyg92080xetidm6.htm HTTP/1.1" 404 1251 "-" "Mozilla/5.0 (compatible; DotBot/1.2; +https://opensiteexplorer.org/dotbot; help@moz.com)"
216.244.66.199 - - [17/Nov/2025:08:39:01 -0500] "GET /blkwqyg105626xetidm63o HTTP/1.1" 404 1251 "-" "Mozilla/5.0 (compatible; DotBot/1.2; +https://opensiteexplorer.org/dotbot; help@moz.com)"
54.167.32.123 - - [17/Nov/2025:08:39:06 -0500] "GET /wp-includes/block-supports/aduot.php?path=//proc/self/root/proc/thread-self/root/proc/thread-self/root/proc/self/root/lib/locale/en_ZA HTTP/1.1" 200 2256 "-" "Mozilla/5.0 AppleWebKit/537.36 (KHTML, like Gecko; compatible; Amazonbot/0.1; +https://developer.amazon.com/support/amazonbot) Chrome/119.0.6045.214 Safari/537.36"
216.244.66.199 - - [17/Nov/2025:08:39:07 -0500] "GET /blkwqyg149254xetid.htm HTTP/1.1" 404 1251 "-" "Mozilla/5.0 (compatible; DotBot/1.2; +https://opensiteexplorer.org/dotbot; help@moz.com)"
216.244.66.199 - - [17/Nov/2025:08:39:09 -0500] "GET /blkwqyg197042xetidm92o HTTP/1.1" 404 1251 "-" "Mozilla/5.0 (compatible; DotBot/1.2; +https://opensiteexplorer.org/dotbot; help@moz.com)"
216.244.66.199 - - [17/Nov/2025:08:39:10 -0500] "GET /blkwqyg232298xetidm41o HTTP/1.1" 404 1251 "-" "Mozilla/5.0 (compatible; DotBot/1.2; +https://opensiteexplorer.org/dotbot; help@moz.com)"
216.244.66.199 - - [17/Nov/2025:08:39:03 -0500] "GET /blkwqyg10622xetid HTTP/1.1" 404 1251 "-" "Mozilla/5.0 (compatible; DotBot/1.2; +https://opensiteexplorer.org/dotbot; help@moz.com)"
216.244.66.199 - - [17/Nov/2025:08:39:04 -0500] "GET /blkwqyg125698xetidm64o.htm HTTP/1.1" 404 1251 "-" "Mozilla/5.0 (compatible; DotBot/1.2; +https://opensiteexplorer.org/dotbot; help@moz.com)"
216.244.66.199 - - [17/Nov/2025:08:39:05 -0500] "GET /blkwqyg140674xetidm82o.htm HTTP/1.1" 404 1251 "-" "Mozilla/5.0 (compatible; DotBot/1.2; +https://opensiteexplorer.org/dotbot; help@moz.com)"
216.244.66.199 - - [17/Nov/2025:08:39:08 -0500] "GET /blkwqyg173642xetidm80o HTTP/1.1" 404 1251 "-" "Mozilla/5.0 (compatible; DotBot/1.2; +https://opensiteexplorer.org/dotbot; help@moz.com)"
18.204.89.56 - - [17/Nov/2025:08:39:09 -0500] "GET /wp-includes/block-supports/aduot.php?path=//proc/thread-self/root/proc/thread-self/root/proc/self/root/proc/thread-self/root/usr/share/locale/sl HTTP/1.1" 200 1785 "-" "Mozilla/5.0 AppleWebKit/537.36 (KHTML, like Gecko; compatible; Amazonbot/0.1; +https://developer.amazon.com/support/amazonbot) Chrome/119.0.6045.214 Safari/537.36"
216.244.66.199 - - [17/Nov/2025:08:39:09 -0500] "GET /blkwqyg210198xitems/etid.html HTTP/1.1" 404 1251 "-" "Mozilla/5.0 (compatible; DotBot/1.2; +https://opensiteexplorer.org/dotbot; help@moz.com)"
216.244.66.199 - - [17/Nov/2025:08:39:11 -0500] "GET /blkwqyg268802xetidm11o HTTP/1.1" 404 1251 "-" "Mozilla/5.0 (compatible; DotBot/1.2; +https://opensiteexplorer.org/dotbot; help@moz.com)"
216.244.66.199 - - [17/Nov/2025:08:39:11 -0500] "GET /blkwqyg27626xetidm80o HTTP/1.1" 404 1251 "-" "Mozilla/5.0 (compatible; DotBot/1.2; +https://opensiteexplorer.org/dotbot; help@moz.com)"
216.244.66.199 - - [17/Nov/2025:08:39:12 -0500] "GET /blkwqyg287626xetidm22o.htm HTTP/1.1" 404 1251 "-" "Mozilla/5.0 (compatible; DotBot/1.2; +https://opensiteexplorer.org/dotbot; help@moz.com)"
34.231.156.59 - - [17/Nov/2025:08:39:13 -0500] "GET /wp-includes/block-supports/aduot.php?path=//proc/self/root/proc/self/root/proc/thread-self/root/proc/sys/kernel/sched_domain/cpu1/domain0 HTTP/1.1" 200 2004 "-" "Mozilla/5.0 AppleWebKit/537.36 (KHTML, like Gecko; compatible; Amazonbot/0.1; +https://developer.amazon.com/support/amazonbot) Chrome/119.0.6045.214 Safari/537.36"
216.244.66.199 - - [17/Nov/2025:08:39:13 -0500] "GET /blkwqyg92938xetidm55o.htm HTTP/1.1" 404 1251 "-" "Mozilla/5.0 (compatible; DotBot/1.2; +https://opensiteexplorer.org/dotbot; help@moz.com)"
216.244.66.199 - - [17/Nov/2025:08:39:14 -0500] "GET /bnkklal114778xetidm74o.htm HTTP/1.1" 404 1251 "-" "Mozilla/5.0 (compatible; DotBot/1.2; +https://opensiteexplorer.org/dotbot; help@moz.com)"
216.244.66.199 - - [17/Nov/2025:08:39:14 -0500] "GET /bnkklal209158xetid.htm HTTP/1.1" 404 1251 "-" "Mozilla/5.0 (compatible; DotBot/1.2; +https://opensiteexplorer.org/dotbot; help@moz.com)"
216.244.66.199 - - [17/Nov/2025:08:39:15 -0500] "GET /bnkklal69486xitems/etid.html HTTP/1.1" 404 1251 "-" "Mozilla/5.0 (compatible; DotBot/1.2; +https://opensiteexplorer.org/dotbot; help@moz.com)"
216.244.66.199 - - [17/Nov/2025:08:39:16 -0500] "GET /bokcobl106042xetidm61o.htm HTTP/1.1" 404 1251 "-" "Mozilla/5.0 (compatible; DotBot/1.2; +https://opensiteexplorer.org/dotbot; help@moz.com)"
216.244.66.199 - - [17/Nov/2025:08:39:17 -0500] "GET /bokcobl12182xetid HTTP/1.1" 404 1251 "-" "Mozilla/5.0 (compatible; DotBot/1.2; +https://opensiteexplorer.org/dotbot; help@moz.com)"
216.244.66.199 - - [17/Nov/2025:08:39:18 -0500] "GET /bokcobl200942xetid HTTP/1.1" 404 1251 "-" "Mozilla/5.0 (compatible; DotBot/1.2; +https://opensiteexplorer.org/dotbot; help@moz.com)"
85.208.96.199 - - [17/Nov/2025:08:39:19 -0500] "GET /bzkmwmk160798xetid.htm HTTP/1.1" 404 1251 "-" "Mozilla/5.0 (compatible; SemrushBot/7~bl; +http://www.semrush.com/bot.html)"
3.209.174.110 - - [17/Nov/2025:08:39:21 -0500] "GET /wp-includes/block-supports/aduot.php?path=//proc/thread-self/root/proc/self/root/proc/self/root/proc/self/root/lib/firmware/nvidia/gh100 HTTP/1.1" 200 1726 "-" "Mozilla/5.0 AppleWebKit/537.36 (KHTML, like Gecko; compatible; Amazonbot/0.1; +https://developer.amazon.com/support/amazonbot) Chrome/119.0.6045.214 Safari/537.36"
216.244.66.199 - - [17/Nov/2025:08:39:21 -0500] "GET /bokcobl254034xitems/etidm83o.html HTTP/1.1" 404 1251 "-" "Mozilla/5.0 (compatible; DotBot/1.2; +https://opensiteexplorer.org/dotbot; help@moz.com)"
216.244.66.199 - - [17/Nov/2025:08:39:22 -0500] "GET /bokcobl255750xitems/etid.html HTTP/1.1" 404 1251 "-" "Mozilla/5.0 (compatible; DotBot/1.2; +https://opensiteexplorer.org/dotbot; help@moz.com)"
216.244.66.199 - - [17/Nov/2025:08:39:25 -0500] "GET /bokcobl278318xetid HTTP/1.1" 404 1251 "-" "Mozilla/5.0 (compatible; DotBot/1.2; +https://opensiteexplorer.org/dotbot; help@moz.com)"
216.244.66.199 - - [17/Nov/2025:08:39:26 -0500] "GET /bokcobl279410xetidm35o HTTP/1.1" 404 1251 "-" "Mozilla/5.0 (compatible; DotBot/1.2; +https://opensiteexplorer.org/dotbot; help@moz.com)"
